{"id":28224,"date":"2023-01-10T15:00:32","date_gmt":"2023-01-10T21:00:32","guid":{"rendered":"https:\/\/www.gesmujer.org\/sitio\/?page_id=28224"},"modified":"2023-01-10T15:59:09","modified_gmt":"2023-01-10T21:59:09","slug":"enlaces-de-interes","status":"publish","type":"page","link":"https:\/\/www.gesmujer.org\/sitio\/?page_id=28224","title":{"rendered":"Enlaces de inter\u00e9s"},"content":{"rendered":"\n<p><strong>Aqu\u00ed encontrar\u00e1s enlaces a espacios interesantes, que hablan sobre los Derechos de las Mujeres y aquellos donde aparecemos nosotras como publicaciones externas. Agradecemos a quienes se toman el tiempo de escribir sobre nosotras o quienes hacen aportes por una vida donde las mujeres puedan vivir libres de todas las formas de violencia de g\u00e9nero. <\/strong><\/p>\n\n\n\n<figure class=\"wp-block-pullquote has-white-background-color has-background\"><blockquote><p>La feminizaci\u00f3n de la pobreza es un hecho. La falta de oportunidades de empleo acordes con la formaci\u00f3n, otro. El acoso y, cuando cabe, la violencia, otro m\u00e1s. Todo ello para un colectivo cuyo \u00fanico defecto visible parece ser el no haber tenido la previsi\u00f3n de nacer con otro sexo.<\/p><cite>Amelia Valc\u00e1rcel, fil\u00f3sofa espa\u00f1ola.<\/cite><\/blockquote><\/figure>\n\n\n\n<figure class=\"wp-block-table\"><table><thead><tr><th class=\"has-text-align-left\" data-align=\"left\"><\/th><th><\/th><th><\/th><th><\/th><\/tr><\/thead><tbody><tr><td class=\"has-text-align-left\" data-align=\"left\"><strong>Descripci\u00f3n<\/strong><\/td><td><strong>Autores<\/strong><\/td><td><\/td><td><strong>Link para lectura y\/o descarga<\/strong><\/td><\/tr><tr><td class=\"has-text-align-left\" data-align=\"left\">Gu\u00eda de la serie en SVCA de primeros auxilios: Primeros auxilios en mujeres embarazadas<br>\u00daltima actualizaci\u00f3n: 21 de septiembre de 2022. Por <a href=\"https:\/\/svca.mx\/bio-es-elizabeth\">Elizabeth Gonz\u00e1lez Cueto<\/a>.<br>Art\u00edculo que fue espec\u00edficamente elaborado por personal de salud capacitado para contribuir en la prevenci\u00f3n de situaciones que podr\u00edan poner en riesgo a las futuras mam\u00e1s y sus beb\u00e9s.<\/td><td><a href=\"https:\/\/svca.mx\/bio-es-elizabeth\">Elizabeth Gonz\u00e1lez Cueto<\/a><br><br>Claire Hockey<br>Editorial Staff<br>Pacific Medical Training<\/td><td><\/td><td><a href=\"https:\/\/svca.mx\/primeros-auxilios-para-mujeres-embarazadas\" target=\"_blank\" rel=\"noreferrer noopener\">https:\/\/svca.mx\/primeros-auxilios-para-mujeres-embarazadas<\/a><\/td><\/tr><\/tbody><\/table><figcaption class=\"wp-element-caption\"><em>Si gustas aparecer en este espacio, m\u00e1ndanos un correo a contacto@gesmujer.org.<\/em><\/figcaption><\/figure>\n\n\n\n<figure class=\"wp-block-image size-large is-resized\"><a href=\"https:\/\/www.gesmujer.org\/sitio\/wp-content\/uploads\/2023\/01\/Banner_Economia_Feminista.png\"><img fetchpriority=\"high\" decoding=\"async\" src=\"https:\/\/www.gesmujer.org\/sitio\/wp-content\/uploads\/2023\/01\/Banner_Economia_Feminista-1024x512.png\" alt=\"\" class=\"wp-image-28230\" width=\"1300\" height=\"650\" srcset=\"https:\/\/www.gesmujer.org\/sitio\/wp-content\/uploads\/2023\/01\/Banner_Economia_Feminista-1024x512.png 1024w, https:\/\/www.gesmujer.org\/sitio\/wp-content\/uploads\/2023\/01\/Banner_Economia_Feminista-1080x540.png 1080w, https:\/\/www.gesmujer.org\/sitio\/wp-content\/uploads\/2023\/01\/Banner_Economia_Feminista-300x150.png 300w, https:\/\/www.gesmujer.org\/sitio\/wp-content\/uploads\/2023\/01\/Banner_Economia_Feminista-768x384.png 768w, https:\/\/www.gesmujer.org\/sitio\/wp-content\/uploads\/2023\/01\/Banner_Economia_Feminista-1000x500.png 1000w, https:\/\/www.gesmujer.org\/sitio\/wp-content\/uploads\/2023\/01\/Banner_Economia_Feminista-1300x650.png 1300w, https:\/\/www.gesmujer.org\/sitio\/wp-content\/uploads\/2023\/01\/Banner_Economia_Feminista.png 1400w\" sizes=\"(max-width: 1300px) 100vw, 1300px\" \/><\/a><\/figure>\n","protected":false},"excerpt":{"rendered":"<p>Aqu\u00ed encontrar\u00e1s enlaces a espacios interesantes, que hablan sobre los Derechos de las Mujeres y aquellos donde aparecemos nosotras como publicaciones externas. Agradecemos a quienes se toman el tiempo de escribir sobre nosotras o quienes hacen aportes por una vida donde las mujeres puedan vivir libres de todas las formas de violencia de g\u00e9nero. La [&hellip;]<\/p>\n","protected":false},"author":4,"featured_media":28230,"parent":0,"menu_order":0,"comment_status":"closed","ping_status":"closed","template":"","meta":{"give_campaign_id":0,"rs_blank_template":"","rs_page_bg_color":"","slide_template_v7":"","footnotes":""},"class_list":["post-28224","page","type-page","status-publish","has-post-thumbnail","hentry"],"campaignId":"","_links":{"self":[{"href":"https:\/\/www.gesmujer.org\/sitio\/index.php?rest_route=\/wp\/v2\/pages\/28224","targetHints":{"allow":["GET"]}}],"collection":[{"href":"https:\/\/www.gesmujer.org\/sitio\/index.php?rest_route=\/wp\/v2\/pages"}],"about":[{"href":"https:\/\/www.gesmujer.org\/sitio\/index.php?rest_route=\/wp\/v2\/types\/page"}],"author":[{"embeddable":true,"href":"https:\/\/www.gesmujer.org\/sitio\/index.php?rest_route=\/wp\/v2\/users\/4"}],"replies":[{"embeddable":true,"href":"https:\/\/www.gesmujer.org\/sitio\/index.php?rest_route=%2Fwp%2Fv2%2Fcomments&post=28224"}],"version-history":[{"count":7,"href":"https:\/\/www.gesmujer.org\/sitio\/index.php?rest_route=\/wp\/v2\/pages\/28224\/revisions"}],"predecessor-version":[{"id":28242,"href":"https:\/\/www.gesmujer.org\/sitio\/index.php?rest_route=\/wp\/v2\/pages\/28224\/revisions\/28242"}],"wp:featuredmedia":[{"embeddable":true,"href":"https:\/\/www.gesmujer.org\/sitio\/index.php?rest_route=\/wp\/v2\/media\/28230"}],"wp:attachment":[{"href":"https:\/\/www.gesmujer.org\/sitio\/index.php?rest_route=%2Fwp%2Fv2%2Fmedia&parent=28224"}],"curies":[{"name":"wp","href":"https:\/\/api.w.org\/{rel}","templated":true}]}}

Enlaces de interés

<p><strong>Aquí encontrarás enlaces a espacios interesantes, que hablan sobre los Derechos de las Mujeres y aquellos donde aparecemos nosotras como publicaciones externas. Agradecemos a quienes se toman el tiempo de escribir sobre nosotras o quienes hacen aportes por una vida donde las mujeres puedan vivir libres de todas las formas de violencia de género. </strong></p>



<figure class="wp-block-pullquote has-white-background-color has-background"><blockquote><p>La feminización de la pobreza es un hecho. La falta de oportunidades de empleo acordes con la formación, otro. El acoso y, cuando cabe, la violencia, otro más. Todo ello para un colectivo cuyo único defecto visible parece ser el no haber tenido la previsión de nacer con otro sexo.</p><cite>Amelia Valcárcel, filósofa española.</cite></blockquote></figure>



<figure class="wp-block-table"><table><thead><tr><th class="has-text-align-left" data-align="left"></th><th></th><th></th><th></th></tr></thead><tbody><tr><td class="has-text-align-left" data-align="left"><strong>Descripción</strong></td><td><strong>Autores</strong></td><td></td><td><strong>Link para lectura y/o descarga</strong></td></tr><tr><td class="has-text-align-left" data-align="left">Guía de la serie en SVCA de primeros auxilios: Primeros auxilios en mujeres embarazadas<br>Última actualización: 21 de septiembre de 2022. Por <a href="https://svca.mx/bio-es-elizabeth">Elizabeth González Cueto</a>.<br>Artículo que fue específicamente elaborado por personal de salud capacitado para contribuir en la prevención de situaciones que podrían poner en riesgo a las futuras mamás y sus bebés.</td><td><a href="https://svca.mx/bio-es-elizabeth">Elizabeth González Cueto</a><br><br>Claire Hockey<br>Editorial Staff<br>Pacific Medical Training</td><td></td><td><a href="https://svca.mx/primeros-auxilios-para-mujeres-embarazadas" target="_blank" rel="noreferrer noopener">https://svca.mx/primeros-auxilios-para-mujeres-embarazadas</a></td></tr></tbody></table><figcaption class="wp-element-caption"><em>Si gustas aparecer en este espacio, mándanos un correo a contacto@gesmujer.org.</em></figcaption></figure>



<figure class="wp-block-image size-large is-resized"><a href="https://www.gesmujer.org/sitio/wp-content/uploads/2023/01/Banner_Economia_Feminista.png"><img fetchpriority="high" decoding="async" src="https://www.gesmujer.org/sitio/wp-content/uploads/2023/01/Banner_Economia_Feminista-1024x512.png" alt="" class="wp-image-28230" width="1300" height="650" srcset="https://www.gesmujer.org/sitio/wp-content/uploads/2023/01/Banner_Economia_Feminista-1024x512.png 1024w, https://www.gesmujer.org/sitio/wp-content/uploads/2023/01/Banner_Economia_Feminista-1080x540.png 1080w, https://www.gesmujer.org/sitio/wp-content/uploads/2023/01/Banner_Economia_Feminista-300x150.png 300w, https://www.gesmujer.org/sitio/wp-content/uploads/2023/01/Banner_Economia_Feminista-768x384.png 768w, https://www.gesmujer.org/sitio/wp-content/uploads/2023/01/Banner_Economia_Feminista-1000x500.png 1000w, https://www.gesmujer.org/sitio/wp-content/uploads/2023/01/Banner_Economia_Feminista-1300x650.png 1300w, https://www.gesmujer.org/sitio/wp-content/uploads/2023/01/Banner_Economia_Feminista.png 1400w" sizes="(max-width: 1300px) 100vw, 1300px" /></a></figure>

<p>Aquí encontrarás enlaces a espacios interesantes, que hablan sobre los Derechos de las Mujeres y aquellos donde aparecemos nosotras como publicaciones externas. Agradecemos a quienes se toman el tiempo de escribir sobre nosotras o quienes hacen aportes por una vida donde las mujeres puedan vivir libres de todas las formas de violencia de género. La [&hellip;]</p>
