{"id":28977,"date":"2023-02-22T01:20:00","date_gmt":"2023-02-22T07:20:00","guid":{"rendered":"https:\/\/www.gesmujer.org\/sitio\/?page_id=28977"},"modified":"2024-08-28T16:42:19","modified_gmt":"2024-08-28T22:42:19","slug":"corazon-violeta","status":"publish","type":"page","link":"https:\/\/www.gesmujer.org\/sitio\/?page_id=28977","title":{"rendered":"Coraz\u00f3n Violeta"},"content":{"rendered":"\t\t<div data-elementor-type=\"wp-page\" data-elementor-id=\"28977\" class=\"elementor elementor-28977\">\n\t\t\t\t\t\t<section class=\"elementor-section elementor-top-section elementor-element elementor-element-f33b579 elementor-section-boxed elementor-section-height-default elementor-section-height-default\" data-id=\"f33b579\" data-element_type=\"section\" data-e-type=\"section\">\n\t\t\t\t\t\t<div class=\"elementor-container elementor-column-gap-default\">\n\t\t\t\t\t<div class=\"elementor-column elementor-col-100 elementor-top-column elementor-element elementor-element-0962fba\" data-id=\"0962fba\" data-element_type=\"column\" data-e-type=\"column\">\n\t\t\t<div class=\"elementor-widget-wrap elementor-element-populated\">\n\t\t\t\t\t\t<div class=\"elementor-element elementor-element-0976a5f elementor-widget elementor-widget-video\" data-id=\"0976a5f\" data-element_type=\"widget\" data-e-type=\"widget\" data-settings=\"{&quot;youtube_url&quot;:&quot;https:\\\/\\\/youtu.be\\\/gJuViaDQefE?si=NnXa_kAZ1Ed9BuZd&quot;,&quot;video_type&quot;:&quot;youtube&quot;,&quot;controls&quot;:&quot;yes&quot;}\" data-widget_type=\"video.default\">\n\t\t\t\t<div class=\"elementor-widget-container\">\n\t\t\t\t\t\t\t<div class=\"elementor-wrapper elementor-open-inline\">\n\t\t\t<div class=\"elementor-video\"><\/div>\t\t<\/div>\n\t\t\t\t\t\t<\/div>\n\t\t\t\t<\/div>\n\t\t\t\t\t<\/div>\n\t\t<\/div>\n\t\t\t\t\t<\/div>\n\t\t<\/section>\n\t\t\t\t<section class=\"elementor-section elementor-top-section elementor-element elementor-element-5e4879d elementor-section-boxed elementor-section-height-default elementor-section-height-default\" data-id=\"5e4879d\" data-element_type=\"section\" data-e-type=\"section\">\n\t\t\t\t\t\t<div class=\"elementor-container elementor-column-gap-default\">\n\t\t\t\t\t<div class=\"elementor-column elementor-col-100 elementor-top-column elementor-element elementor-element-e1c3625\" data-id=\"e1c3625\" data-element_type=\"column\" data-e-type=\"column\">\n\t\t\t<div class=\"elementor-widget-wrap elementor-element-populated\">\n\t\t\t\t\t\t<div class=\"elementor-element elementor-element-276f38d elementor-widget-divider--view-line elementor-widget elementor-widget-divider\" data-id=\"276f38d\" data-element_type=\"widget\" data-e-type=\"widget\" data-widget_type=\"divider.default\">\n\t\t\t\t<div class=\"elementor-widget-container\">\n\t\t\t\t\t\t\t<div class=\"elementor-divider\">\n\t\t\t<span class=\"elementor-divider-separator\">\n\t\t\t\t\t\t<\/span>\n\t\t<\/div>\n\t\t\t\t\t\t<\/div>\n\t\t\t\t<\/div>\n\t\t\t\t\t<\/div>\n\t\t<\/div>\n\t\t\t\t\t<\/div>\n\t\t<\/section>\n\t\t\t\t<section class=\"elementor-section elementor-top-section elementor-element elementor-element-fa7fc7d elementor-section-boxed elementor-section-height-default elementor-section-height-default\" data-id=\"fa7fc7d\" data-element_type=\"section\" data-e-type=\"section\">\n\t\t\t\t\t\t<div class=\"elementor-container elementor-column-gap-default\">\n\t\t\t\t\t<div class=\"elementor-column elementor-col-100 elementor-top-column elementor-element elementor-element-537acff\" data-id=\"537acff\" data-element_type=\"column\" data-e-type=\"column\">\n\t\t\t<div class=\"elementor-widget-wrap elementor-element-populated\">\n\t\t\t\t\t\t<div class=\"elementor-element elementor-element-3eaf90d elementor-widget elementor-widget-text-editor\" data-id=\"3eaf90d\" data-element_type=\"widget\" data-e-type=\"widget\" data-widget_type=\"text-editor.default\">\n\t\t\t\t<div class=\"elementor-widget-container\">\n\t\t\t\t\t\t\t\t\t<p><strong><em>&#8220;Darnos cuenta de c\u00f3mo ha impactado la violencia en nuestro cuerpo, m\u00e1s all\u00e1 de situarnos en una posici\u00f3n de v\u00edctimas, nos sit\u00faa en una posici\u00f3n sab\u00eda, consciente, empoderada y cuidadosa hacia nosotras mismas y las compa\u00f1eras, amigas, familiares con las que compartimos nuestro d\u00eda a d\u00eda.&#8221;<\/em><\/strong><\/p>\t\t\t\t\t\t\t\t<\/div>\n\t\t\t\t<\/div>\n\t\t\t\t\t<\/div>\n\t\t<\/div>\n\t\t\t\t\t<\/div>\n\t\t<\/section>\n\t\t\t\t<section class=\"elementor-section elementor-top-section elementor-element elementor-element-e915fe1 elementor-section-boxed elementor-section-height-default elementor-section-height-default\" data-id=\"e915fe1\" data-element_type=\"section\" data-e-type=\"section\">\n\t\t\t\t\t\t<div class=\"elementor-container elementor-column-gap-default\">\n\t\t\t\t\t<div class=\"elementor-column elementor-col-100 elementor-top-column elementor-element elementor-element-1f5af52\" data-id=\"1f5af52\" data-element_type=\"column\" data-e-type=\"column\">\n\t\t\t<div class=\"elementor-widget-wrap elementor-element-populated\">\n\t\t\t\t\t\t<div class=\"elementor-element elementor-element-09de413 elementor-widget-divider--view-line elementor-widget elementor-widget-divider\" data-id=\"09de413\" data-element_type=\"widget\" data-e-type=\"widget\" data-widget_type=\"divider.default\">\n\t\t\t\t<div class=\"elementor-widget-container\">\n\t\t\t\t\t\t\t<div class=\"elementor-divider\">\n\t\t\t<span class=\"elementor-divider-separator\">\n\t\t\t\t\t\t<\/span>\n\t\t<\/div>\n\t\t\t\t\t\t<\/div>\n\t\t\t\t<\/div>\n\t\t\t\t\t<\/div>\n\t\t<\/div>\n\t\t\t\t\t<\/div>\n\t\t<\/section>\n\t\t\t\t<section class=\"elementor-section elementor-top-section elementor-element elementor-element-601993a elementor-section-boxed elementor-section-height-default elementor-section-height-default\" data-id=\"601993a\" data-element_type=\"section\" data-e-type=\"section\">\n\t\t\t\t\t\t<div class=\"elementor-container elementor-column-gap-default\">\n\t\t\t\t\t<div class=\"elementor-column elementor-col-33 elementor-top-column elementor-element elementor-element-0c3db80\" data-id=\"0c3db80\" data-element_type=\"column\" data-e-type=\"column\">\n\t\t\t<div class=\"elementor-widget-wrap elementor-element-populated\">\n\t\t\t\t\t\t<div class=\"elementor-element elementor-element-a44099a elementor-widget elementor-widget-heading\" data-id=\"a44099a\" data-element_type=\"widget\" data-e-type=\"widget\" data-widget_type=\"heading.default\">\n\t\t\t\t<div class=\"elementor-widget-container\">\n\t\t\t\t\t<h4 class=\"elementor-heading-title elementor-size-default\">Mujeres coraz\u00f3n violeta<\/h4>\t\t\t\t<\/div>\n\t\t\t\t<\/div>\n\t\t\t\t<div class=\"elementor-element elementor-element-ed9c467 elementor-widget elementor-widget-text-editor\" data-id=\"ed9c467\" data-element_type=\"widget\" data-e-type=\"widget\" data-widget_type=\"text-editor.default\">\n\t\t\t\t<div class=\"elementor-widget-container\">\n\t\t\t\t\t\t\t\t\t<p>&#8220;Mujeres de coraz\u00f3n violeta&#8221; es una Gu\u00eda de empoderamiento para mujeres y ni\u00f1as y puedan vivir libres de violencias, es una propuesta feminista de acompa\u00f1amiento que nos motiva, de inicio, a desnaturalizar las violencias que nos provocan malestar en el cuerpo y en el coraz\u00f3n. Adem\u00e1s, nos brinda herramientas para empezar a sanar las heridas emocionales con amor y respeto, pues elegir la sanaci\u00f3n de nuestra historia nos honra y da fortaleza para continuar el viaje.<\/p>\n<p><b><i>\u00a1Juntas somos una gran de red de ayuda para todas!<\/i><\/b><\/p>\t\t\t\t\t\t\t\t<\/div>\n\t\t\t\t<\/div>\n\t\t\t\t<div class=\"elementor-element elementor-element-804d21e elementor-widget elementor-widget-image\" data-id=\"804d21e\" data-element_type=\"widget\" data-e-type=\"widget\" data-widget_type=\"image.default\">\n\t\t\t\t<div class=\"elementor-widget-container\">\n\t\t\t\t\t\t\t\t\t\t\t\t\t\t\t<img fetchpriority=\"high\" decoding=\"async\" width=\"255\" height=\"300\" src=\"https:\/\/www.gesmujer.org\/sitio\/wp-content\/uploads\/2024\/02\/Corazon-255x300.png\" class=\"attachment-medium size-medium wp-image-57041\" alt=\"\" srcset=\"https:\/\/www.gesmujer.org\/sitio\/wp-content\/uploads\/2024\/02\/Corazon-255x300.png 255w, https:\/\/www.gesmujer.org\/sitio\/wp-content\/uploads\/2024\/02\/Corazon.png 350w\" sizes=\"(max-width: 255px) 100vw, 255px\" \/>\t\t\t\t\t\t\t\t\t\t\t\t\t\t\t<\/div>\n\t\t\t\t<\/div>\n\t\t\t\t\t<\/div>\n\t\t<\/div>\n\t\t\t\t<div class=\"elementor-column elementor-col-33 elementor-top-column elementor-element elementor-element-6a5652d\" data-id=\"6a5652d\" data-element_type=\"column\" data-e-type=\"column\">\n\t\t\t<div class=\"elementor-widget-wrap elementor-element-populated\">\n\t\t\t\t\t\t<div class=\"elementor-element elementor-element-9ac4253 elementor-widget elementor-widget-heading\" data-id=\"9ac4253\" data-element_type=\"widget\" data-e-type=\"widget\" data-widget_type=\"heading.default\">\n\t\t\t\t<div class=\"elementor-widget-container\">\n\t\t\t\t\t<h4 class=\"elementor-heading-title elementor-size-default\">La caja de herramientas, para el fortalecimiento<\/h4>\t\t\t\t<\/div>\n\t\t\t\t<\/div>\n\t\t\t\t<div class=\"elementor-element elementor-element-d08e972 elementor-widget elementor-widget-text-editor\" data-id=\"d08e972\" data-element_type=\"widget\" data-e-type=\"widget\" data-widget_type=\"text-editor.default\">\n\t\t\t\t<div class=\"elementor-widget-container\">\n\t\t\t\t\t\t\t\t\t<p>*<a href=\"https:\/\/tinyurl.com\/2nlcxqyf\" target=\"_blank\" rel=\"noreferrer noopener\">Gu\u00eda de empoderamiento para vivir libre de violencia<\/a><a href=\"https:\/\/tinyurl.com\/2nlcxqyf\" target=\"_blank\" rel=\"noreferrer noopener\">.<\/a><\/p>\n<p><span style=\"font-size: 20px;\">* <\/span><a href=\"https:\/\/tinyurl.com\/2lme5zwz\" target=\"_blank\" rel=\"noreferrer noopener\" style=\"font-size: 20px;\">Instrucciones de &#8220;viaje imaginario&#8221;. P\u00e1gina 7.<\/a><\/p>\n<p><!-- \/wp:paragraph --><!-- wp:paragraph --><\/p>\n<p>* <a href=\"https:\/\/tinyurl.com\/2jzow9p3\" target=\"_blank\" rel=\"noreferrer noopener\">Violent\u00f3metro. P\u00e1gina 14.<\/a><\/p>\n<p><!-- \/wp:paragraph --><!-- wp:paragraph --><\/p>\n<p>* <a href=\"https:\/\/tinyurl.com\/2lhvgr2g\" target=\"_blank\" rel=\"noreferrer noopener\">TikTok sobre &#8220;Red Flags&#8221; (se\u00f1ales de peligro), p\u00e1gina 16.<\/a><\/p>\n<p><!-- \/wp:paragraph --><!-- wp:paragraph --><\/p>\n<p><a href=\"&quot;Mitos y realidades de la violencia&quot;. P\u00e1gina 16.\" target=\"_blank\" rel=\"noreferrer noopener\">Charla: &#8220;Mitos y realidades de la violencia&#8221;. P\u00e1gina 16.<\/a><\/p>\n<p><!-- \/wp:paragraph --><!-- wp:paragraph --><\/p>\n<p><a href=\"http:\/\/tinyurl.com\/2dqvd87w\" target=\"_blank\" rel=\"noreferrer noopener\">* Charla sobre &#8220;mitos del amor rom\u00e1ntico&#8221;. P\u00e1gina. 17.<\/a><\/p>\n<p><!-- \/wp:paragraph --><\/p>\n<p><!-- \/wp:quote --><\/p>\t\t\t\t\t\t\t\t<\/div>\n\t\t\t\t<\/div>\n\t\t\t\t\t<\/div>\n\t\t<\/div>\n\t\t\t\t<div class=\"elementor-column elementor-col-33 elementor-top-column elementor-element elementor-element-92314d4\" data-id=\"92314d4\" data-element_type=\"column\" data-e-type=\"column\">\n\t\t\t<div class=\"elementor-widget-wrap elementor-element-populated\">\n\t\t\t\t\t\t<div class=\"elementor-element elementor-element-657aefd9 elementor-widget elementor-widget-text-editor\" data-id=\"657aefd9\" data-element_type=\"widget\" data-e-type=\"widget\" data-widget_type=\"text-editor.default\">\n\t\t\t\t<div class=\"elementor-widget-container\">\n\t\t\t\t\t\t\t\t\t<p>\u00a0<\/p>\n<p>* <a href=\"https:\/\/tinyurl.com\/2fregou4\" target=\"_blank\" rel=\"noreferrer noopener\">Lectura &#8220;Quererse bien, amor y autoestima&#8221;. P\u00e1gina 20.<\/a><\/p>\n<p><!-- \/wp:paragraph --><!-- wp:paragraph --><\/p>\n<p>* <a href=\"https:\/\/www.youtube.com\/watch?v=bhDQJn7FtCA\" target=\"_blank\" rel=\"noreferrer noopener\">T\u00e9cnica de Switching (T\u00e9cnicas que ayudan a mejorar las condiciones f\u00edsicas y emocionales). P\u00e1gina 22.<\/a><\/p>\n<p><!-- \/wp:paragraph --><!-- wp:paragraph --><\/p>\n<p>* <a href=\"https:\/\/www.asociacionag.org.ar\/pdfaportes\/25\/09.pdf\" target=\"_blank\" rel=\"noreferrer noopener\">Ponencia de Marcela Lagarde &#8220;Pacto de sororidad&#8221;. P\u00e1gina 25.<\/a><\/p>\n<p><!-- \/wp:paragraph --><!-- wp:paragraph --><\/p>\n<p>* <a href=\"https:\/\/www.youtube.com\/watch?v=85fqNwDKXfA&amp;t=55s\" target=\"_blank\" rel=\"noreferrer noopener\">Charla: &#8220;Todas deber\u00edamos ser feministas&#8221;. P\u00e1gina 26.<\/a><\/p>\n<p><!-- \/wp:paragraph --><!-- wp:paragraph --><\/p>\n<p>* <a href=\"https:\/\/www.diputados.gob.mx\/LeyesBiblio\/pdf\/LGAMVLV.pdf\" target=\"_blank\" rel=\"noreferrer noopener\">Ley General de Acceso a las Mujeres a Una vida Libre de Violencia (LGAMVLV). P\u00e1gina 30.<\/a><\/p>\n<p><!-- \/wp:paragraph --><!-- wp:paragraph --><\/p>\n<p><a href=\"https:\/\/tinyurl.com\/2g2tz6o3\" target=\"_blank\" rel=\"noreferrer noopener\">* Directorio de organizaciones feministas en todo M\u00e9xico. P\u00e1gina 32.<\/a><\/p>\n<p><!-- \/wp:paragraph --><\/p>\n<p><!-- \/wp:quote --><\/p>\t\t\t\t\t\t\t\t<\/div>\n\t\t\t\t<\/div>\n\t\t\t\t\t<\/div>\n\t\t<\/div>\n\t\t\t\t\t<\/div>\n\t\t<\/section>\n\t\t\t\t<section class=\"elementor-section elementor-top-section elementor-element elementor-element-7f4f971 elementor-section-boxed elementor-section-height-default elementor-section-height-default\" data-id=\"7f4f971\" data-element_type=\"section\" data-e-type=\"section\">\n\t\t\t\t\t\t\t<div class=\"elementor-background-overlay\"><\/div>\n\t\t\t\t\t\t\t<div class=\"elementor-container elementor-column-gap-default\">\n\t\t\t\t\t<div class=\"elementor-column elementor-col-50 elementor-top-column elementor-element elementor-element-b284fe1\" data-id=\"b284fe1\" data-element_type=\"column\" data-e-type=\"column\">\n\t\t\t<div class=\"elementor-widget-wrap elementor-element-populated\">\n\t\t\t\t\t\t<div class=\"elementor-element elementor-element-8bb6ec9 elementor-widget elementor-widget-heading\" data-id=\"8bb6ec9\" data-element_type=\"widget\" data-e-type=\"widget\" data-widget_type=\"heading.default\">\n\t\t\t\t<div class=\"elementor-widget-container\">\n\t\t\t\t\t<h5 class=\"elementor-heading-title elementor-size-default\">Link de descarga de la gu\u00eda<\/h5>\t\t\t\t<\/div>\n\t\t\t\t<\/div>\n\t\t\t\t<div class=\"elementor-element elementor-element-6790437 elementor-widget elementor-widget-image\" data-id=\"6790437\" data-element_type=\"widget\" data-e-type=\"widget\" data-widget_type=\"image.default\">\n\t\t\t\t<div class=\"elementor-widget-container\">\n\t\t\t\t\t\t\t\t\t\t\t\t\t\t\t\t<a href=\"https:\/\/www.gesmujer.org\/sitio\/wp-content\/uploads\/2023\/03\/Guia-de-empoderamiento-MUJERES-DE-CORAZON-VIOLETA.pdf\">\n\t\t\t\t\t\t\t<img decoding=\"async\" width=\"602\" height=\"186\" src=\"https:\/\/www.gesmujer.org\/sitio\/wp-content\/uploads\/2024\/08\/Guia-corazon-violeta-2.png\" class=\"attachment-large size-large wp-image-59297\" alt=\"\" srcset=\"https:\/\/www.gesmujer.org\/sitio\/wp-content\/uploads\/2024\/08\/Guia-corazon-violeta-2.png 602w, https:\/\/www.gesmujer.org\/sitio\/wp-content\/uploads\/2024\/08\/Guia-corazon-violeta-2-300x93.png 300w\" sizes=\"(max-width: 602px) 100vw, 602px\" \/>\t\t\t\t\t\t\t\t<\/a>\n\t\t\t\t\t\t\t\t\t\t\t\t\t\t\t<\/div>\n\t\t\t\t<\/div>\n\t\t\t\t\t<\/div>\n\t\t<\/div>\n\t\t\t\t<div class=\"elementor-column elementor-col-50 elementor-top-column elementor-element elementor-element-a5d29d3\" data-id=\"a5d29d3\" data-element_type=\"column\" data-e-type=\"column\">\n\t\t\t<div class=\"elementor-widget-wrap elementor-element-populated\">\n\t\t\t\t\t\t<div class=\"elementor-element elementor-element-5a35969 elementor-widget elementor-widget-heading\" data-id=\"5a35969\" data-element_type=\"widget\" data-e-type=\"widget\" data-widget_type=\"heading.default\">\n\t\t\t\t<div class=\"elementor-widget-container\">\n\t\t\t\t\t<h5 class=\"elementor-heading-title elementor-size-default\">\u00danete a la red de mujeres coraz\u00f3n violeta<\/h5>\t\t\t\t<\/div>\n\t\t\t\t<\/div>\n\t\t\t\t<div class=\"elementor-element elementor-element-dbf90e9 elementor-widget elementor-widget-image\" data-id=\"dbf90e9\" data-element_type=\"widget\" data-e-type=\"widget\" data-widget_type=\"image.default\">\n\t\t\t\t<div class=\"elementor-widget-container\">\n\t\t\t\t\t\t\t\t\t\t\t\t\t\t\t<img decoding=\"async\" width=\"612\" height=\"155\" src=\"https:\/\/www.gesmujer.org\/sitio\/wp-content\/uploads\/2024\/08\/Red-de-mujeres-Corazon-violeta.png\" class=\"attachment-large size-large wp-image-59299\" alt=\"\" srcset=\"https:\/\/www.gesmujer.org\/sitio\/wp-content\/uploads\/2024\/08\/Red-de-mujeres-Corazon-violeta.png 612w, https:\/\/www.gesmujer.org\/sitio\/wp-content\/uploads\/2024\/08\/Red-de-mujeres-Corazon-violeta-300x76.png 300w\" sizes=\"(max-width: 612px) 100vw, 612px\" \/>\t\t\t\t\t\t\t\t\t\t\t\t\t\t\t<\/div>\n\t\t\t\t<\/div>\n\t\t\t\t<div class=\"elementor-element elementor-element-4c7dcc7 elementor-shape-rounded elementor-grid-0 e-grid-align-center elementor-widget elementor-widget-social-icons\" data-id=\"4c7dcc7\" data-element_type=\"widget\" data-e-type=\"widget\" data-widget_type=\"social-icons.default\">\n\t\t\t\t<div class=\"elementor-widget-container\">\n\t\t\t\t\t\t\t<div class=\"elementor-social-icons-wrapper elementor-grid\" role=\"list\">\n\t\t\t\t\t\t\t<span class=\"elementor-grid-item\" role=\"listitem\">\n\t\t\t\t\t<a class=\"elementor-icon elementor-social-icon elementor-social-icon-facebook elementor-repeater-item-ab6ceeb\" target=\"_blank\">\n\t\t\t\t\t\t<span class=\"elementor-screen-only\">Facebook<\/span>\n\t\t\t\t\t\t<i aria-hidden=\"true\" class=\"fab fa-facebook\"><\/i>\t\t\t\t\t<\/a>\n\t\t\t\t<\/span>\n\t\t\t\t\t\t\t<span class=\"elementor-grid-item\" role=\"listitem\">\n\t\t\t\t\t<a class=\"elementor-icon elementor-social-icon elementor-social-icon-twitter elementor-repeater-item-607b490\" target=\"_blank\">\n\t\t\t\t\t\t<span class=\"elementor-screen-only\">Twitter<\/span>\n\t\t\t\t\t\t<i aria-hidden=\"true\" class=\"fab fa-twitter\"><\/i>\t\t\t\t\t<\/a>\n\t\t\t\t<\/span>\n\t\t\t\t\t\t\t<span class=\"elementor-grid-item\" role=\"listitem\">\n\t\t\t\t\t<a class=\"elementor-icon elementor-social-icon elementor-social-icon-youtube elementor-repeater-item-337a23f\" target=\"_blank\">\n\t\t\t\t\t\t<span class=\"elementor-screen-only\">Youtube<\/span>\n\t\t\t\t\t\t<i aria-hidden=\"true\" class=\"fab fa-youtube\"><\/i>\t\t\t\t\t<\/a>\n\t\t\t\t<\/span>\n\t\t\t\t\t<\/div>\n\t\t\t\t\t\t<\/div>\n\t\t\t\t<\/div>\n\t\t\t\t\t<\/div>\n\t\t<\/div>\n\t\t\t\t\t<\/div>\n\t\t<\/section>\n\t\t\t\t<section class=\"elementor-section elementor-top-section elementor-element elementor-element-2797184 elementor-section-boxed elementor-section-height-default elementor-section-height-default\" data-id=\"2797184\" data-element_type=\"section\" data-e-type=\"section\">\n\t\t\t\t\t\t<div class=\"elementor-container elementor-column-gap-default\">\n\t\t\t\t\t<div class=\"elementor-column elementor-col-100 elementor-top-column elementor-element elementor-element-466edbf\" data-id=\"466edbf\" data-element_type=\"column\" data-e-type=\"column\">\n\t\t\t<div class=\"elementor-widget-wrap\">\n\t\t\t\t\t\t\t<\/div>\n\t\t<\/div>\n\t\t\t\t\t<\/div>\n\t\t<\/section>\n\t\t\t\t<\/div>\n\t\t","protected":false},"excerpt":{"rendered":"<p>&#8220;Darnos cuenta de c\u00f3mo ha impactado la violencia en nuestro cuerpo, m\u00e1s all\u00e1 de situarnos en una posici\u00f3n de v\u00edctimas, nos sit\u00faa en una posici\u00f3n sab\u00eda, consciente, empoderada y cuidadosa hacia nosotras mismas y las compa\u00f1eras, amigas, familiares con las que compartimos nuestro d\u00eda a d\u00eda.&#8221; Mujeres coraz\u00f3n violeta &#8220;Mujeres de coraz\u00f3n violeta&#8221; es una [&hellip;]<\/p>\n","protected":false},"author":4,"featured_media":28979,"parent":0,"menu_order":0,"comment_status":"closed","ping_status":"closed","template":"","meta":{"give_campaign_id":0,"rs_blank_template":"","rs_page_bg_color":"","slide_template_v7":"","footnotes":""},"class_list":["post-28977","page","type-page","status-publish","has-post-thumbnail","hentry"],"campaignId":"","_links":{"self":[{"href":"https:\/\/www.gesmujer.org\/sitio\/index.php?rest_route=\/wp\/v2\/pages\/28977","targetHints":{"allow":["GET"]}}],"collection":[{"href":"https:\/\/www.gesmujer.org\/sitio\/index.php?rest_route=\/wp\/v2\/pages"}],"about":[{"href":"https:\/\/www.gesmujer.org\/sitio\/index.php?rest_route=\/wp\/v2\/types\/page"}],"author":[{"embeddable":true,"href":"https:\/\/www.gesmujer.org\/sitio\/index.php?rest_route=\/wp\/v2\/users\/4"}],"replies":[{"embeddable":true,"href":"https:\/\/www.gesmujer.org\/sitio\/index.php?rest_route=%2Fwp%2Fv2%2Fcomments&post=28977"}],"version-history":[{"count":92,"href":"https:\/\/www.gesmujer.org\/sitio\/index.php?rest_route=\/wp\/v2\/pages\/28977\/revisions"}],"predecessor-version":[{"id":59308,"href":"https:\/\/www.gesmujer.org\/sitio\/index.php?rest_route=\/wp\/v2\/pages\/28977\/revisions\/59308"}],"wp:featuredmedia":[{"embeddable":true,"href":"https:\/\/www.gesmujer.org\/sitio\/index.php?rest_route=\/wp\/v2\/media\/28979"}],"wp:attachment":[{"href":"https:\/\/www.gesmujer.org\/sitio\/index.php?rest_route=%2Fwp%2Fv2%2Fmedia&parent=28977"}],"curies":[{"name":"wp","href":"https:\/\/api.w.org\/{rel}","templated":true}]}}