{"id":24839,"date":"2022-03-06T08:12:41","date_gmt":"2022-03-06T14:12:41","guid":{"rendered":"https:\/\/www.gesmujer.org\/sitio\/?post_type=product&#038;p=24839"},"modified":"2022-03-06T08:13:29","modified_gmt":"2022-03-06T14:13:29","slug":"cafe-arabica-caldo-negro-bolsa-con-1kg","status":"publish","type":"product","link":"https:\/\/www.gesmujer.org\/sitio\/?product=cafe-arabica-caldo-negro-bolsa-con-1kg","title":{"rendered":"Caf\u00e9 Ar\u00e1bica &#8220;Caldo Negro&#8221; Bolsa con 1KG"},"content":{"rendered":"<p>Ofrecemos dos variedades de caf\u00e9; t\u00edpica y bourbon amarillo, pertenecientes a la familia ar\u00e1bica, una de las especies mas importantes y valoradas cultural y gen\u00e9ticamente en el mundo, conocido por su excelente calidad en la bebida ya que su sabor es m\u00e1s marcado a medida que aumenta la altura en la que es cultivado. Es un caf\u00e9 100% oaxaque\u00f1o, cultivado en la regi\u00f3n Mixteca, ofrecemos un tipo de caf\u00e9 lavado con un puntaje de 89 puntos, con notas a chocolate, caramelo, frutos secos, florales similares al jazm\u00edn, cuerpo con una acidez medio baja.<\/p>\n<p><strong>Empaque<\/strong><\/p>\n<p>\u2022 Bolsa tipo kraft laminada al interior<\/p>\n<p>\u2022 Impresi\u00f3n de la marca &#8220;Caldo Negro&#8221; caracter\u00edsticas del producto y una breve rese\u00f1a de la marca<\/p>\n<p>\u2022 V\u00e1lvula de oxigeno, que permite la oxigenaci\u00f3n del caf\u00e9 para conservarlo fresco por mas tiempo y evita la perdida de aroma y sabor<\/p>\n<p>\u2022 Contenido neto: 1 kg.<\/p>\n","protected":false},"excerpt":{"rendered":"<p class=\"p1\"><b>\u00abCALDO NEGRO\u00bb <\/b>es una cooperativa Oaxaque\u00f1a de mujeres caficultoras y emprendedoras expertas en la industria del caf\u00e9 de especialidad, que busca fortalecer a todos y cada uno de los eslabones cafetaleros, desde la finca hasta la taza. Con el compromiso social de poner al alcance de todos un producto justo y de alta calidad, amable con el medio ambiente y autosustentable.<\/p>\n","protected":false},"featured_media":24829,"comment_status":"closed","ping_status":"closed","template":"","meta":{"give_campaign_id":0,"rs_blank_template":"","rs_page_bg_color":"","slide_template_v7":""},"product_brand":[],"product_cat":[574,551,554],"product_tag":[],"class_list":{"0":"post-24839","1":"product","2":"type-product","3":"status-publish","4":"has-post-thumbnail","6":"product_cat-cafe","7":"product_cat-productos-con-causa","8":"product_cat-productos-varios","10":"first","11":"instock","12":"taxable","13":"shipping-taxable","14":"purchasable","15":"product-type-simple"},"_links":{"self":[{"href":"https:\/\/www.gesmujer.org\/sitio\/index.php?rest_route=\/wp\/v2\/product\/24839","targetHints":{"allow":["GET"]}}],"collection":[{"href":"https:\/\/www.gesmujer.org\/sitio\/index.php?rest_route=\/wp\/v2\/product"}],"about":[{"href":"https:\/\/www.gesmujer.org\/sitio\/index.php?rest_route=\/wp\/v2\/types\/product"}],"replies":[{"embeddable":true,"href":"https:\/\/www.gesmujer.org\/sitio\/index.php?rest_route=%2Fwp%2Fv2%2Fcomments&post=24839"}],"version-history":[{"count":0,"href":"https:\/\/www.gesmujer.org\/sitio\/index.php?rest_route=\/wp\/v2\/product\/24839\/revisions"}],"wp:featuredmedia":[{"embeddable":true,"href":"https:\/\/www.gesmujer.org\/sitio\/index.php?rest_route=\/wp\/v2\/media\/24829"}],"wp:attachment":[{"href":"https:\/\/www.gesmujer.org\/sitio\/index.php?rest_route=%2Fwp%2Fv2%2Fmedia&parent=24839"}],"wp:term":[{"taxonomy":"product_brand","embeddable":true,"href":"https:\/\/www.gesmujer.org\/sitio\/index.php?rest_route=%2Fwp%2Fv2%2Fproduct_brand&post=24839"},{"taxonomy":"product_cat","embeddable":true,"href":"https:\/\/www.gesmujer.org\/sitio\/index.php?rest_route=%2Fwp%2Fv2%2Fproduct_cat&post=24839"},{"taxonomy":"product_tag","embeddable":true,"href":"https:\/\/www.gesmujer.org\/sitio\/index.php?rest_route=%2Fwp%2Fv2%2Fproduct_tag&post=24839"}],"curies":[{"name":"wp","href":"https:\/\/api.w.org\/{rel}","templated":true}]}}