{"id":59658,"date":"2024-10-31T23:37:46","date_gmt":"2024-11-01T05:37:46","guid":{"rendered":"https:\/\/www.gesmujer.org\/sitio\/?post_type=product&#038;p=59658"},"modified":"2024-10-31T23:45:14","modified_gmt":"2024-11-01T05:45:14","slug":"panoleta-feminista","status":"publish","type":"product","link":"https:\/\/www.gesmujer.org\/sitio\/?product=panoleta-feminista","title":{"rendered":"\ud83d\udc9c\u2728 Pa\u00f1oleta Feminista \u2013 Lleva contigo el poder de la igualdad \ud83d\udcaa\u2728"},"content":{"rendered":"<p>\ud83d\udc9c\u2728 <strong>Pa\u00f1oleta Feminista<\/strong> \u2013 Lleva contigo el poder de la igualdad \ud83d\udcaa\u2728<\/p>\n<p>Haz una declaraci\u00f3n en cada paso que das con nuestra <strong>Pa\u00f1oleta Feminista<\/strong>. Esta pa\u00f1oleta en color morado, s\u00edmbolo de la lucha y la solidaridad, est\u00e1 grabada con mensajes poderosos para acompa\u00f1arte en tu camino de empoderamiento. Perfecta para expresar tu compromiso por un mundo igualitario y de respeto.<\/p>\n<h3>Caracter\u00edsticas:<\/h3>\n<ul>\n<li><strong>Material resistente<\/strong>: Poliester duradero, ideal para un uso continuo.<\/li>\n<li><strong>Detalles cuidados<\/strong>: Costura en las orillas, \u00a1hecha para resistir cada paso de tu activismo!<\/li>\n<li><strong>Dise\u00f1o inspirador<\/strong>: Mensajes grabados que alientan y empoderan en todo momento.<\/li>\n<\/ul>\n<p>\ud83d\udce3 \u00a1Ll\u00e9vala contigo, expr\u00e9sate y \u00fanete al movimiento por la igualdad! Compra hoy y viste el cambio. \ud83d\udc9c #Pa\u00f1oletaFeminista #EmpoderamientoFemenino<\/p>\n<p>&nbsp;<\/p>\n","protected":false},"excerpt":{"rendered":"<p>\ud83d\udc9c\u2728 <strong>Pa\u00f1oleta Feminista<\/strong> \u2013 Lleva contigo el poder de la igualdad \ud83d\udcaa\u2728<\/p>\n<p>Haz una declaraci\u00f3n en cada paso que das con nuestra <strong>Pa\u00f1oleta Feminista<\/strong>. Esta pa\u00f1oleta en color morado, s\u00edmbolo de la lucha y la solidaridad, est\u00e1 grabada con mensajes poderosos para acompa\u00f1arte en tu camino de empoderamiento. Perfecta para expresar tu compromiso por un mundo igualitario y de respeto.<\/p>\n<h3>Caracter\u00edsticas:<\/h3>\n<ul>\n<li><strong>Material resistente<\/strong>: Poliester duradero, ideal para un uso continuo.<\/li>\n<li><strong>Detalles cuidados<\/strong>: Costura en las orillas, \u00a1hecha para resistir cada paso de tu activismo!<\/li>\n<li><strong>Dise\u00f1o inspirador<\/strong>: Mensajes grabados que alientan y empoderan en todo momento.<\/li>\n<\/ul>\n<p>\ud83d\udce3 \u00a1Ll\u00e9vala contigo, expr\u00e9sate y \u00fanete al movimiento por la igualdad! Compra hoy y viste el cambio. \ud83d\udc9c #Pa\u00f1oletaFeminista #EmpoderamientoFemenino<\/p>\n<p><a href=\"https:\/\/www.gesmujer.org\/sitio\/wp-content\/uploads\/2024\/09\/PHOTO-2024-03-07-22-02-11.jpg\"><img fetchpriority=\"high\" decoding=\"async\" class=\"alignnone size-medium wp-image-59470\" src=\"https:\/\/www.gesmujer.org\/sitio\/wp-content\/uploads\/2024\/09\/PHOTO-2024-03-07-22-02-11-300x225.jpg\" alt=\"\" width=\"300\" height=\"225\" srcset=\"https:\/\/www.gesmujer.org\/sitio\/wp-content\/uploads\/2024\/09\/PHOTO-2024-03-07-22-02-11-300x225.jpg 300w, https:\/\/www.gesmujer.org\/sitio\/wp-content\/uploads\/2024\/09\/PHOTO-2024-03-07-22-02-11-1024x768.jpg 1024w, https:\/\/www.gesmujer.org\/sitio\/wp-content\/uploads\/2024\/09\/PHOTO-2024-03-07-22-02-11-768x576.jpg 768w, https:\/\/www.gesmujer.org\/sitio\/wp-content\/uploads\/2024\/09\/PHOTO-2024-03-07-22-02-11-1536x1152.jpg 1536w, https:\/\/www.gesmujer.org\/sitio\/wp-content\/uploads\/2024\/09\/PHOTO-2024-03-07-22-02-11-1080x810.jpg 1080w, https:\/\/www.gesmujer.org\/sitio\/wp-content\/uploads\/2024\/09\/PHOTO-2024-03-07-22-02-11.jpg 1600w\" sizes=\"(max-width: 300px) 100vw, 300px\" \/><\/a><\/p>\n","protected":false},"featured_media":59470,"comment_status":"closed","ping_status":"closed","template":"","meta":{"give_campaign_id":0,"rs_blank_template":"","rs_page_bg_color":"","slide_template_v7":""},"product_brand":[],"product_cat":[553,552,712,556],"product_tag":[715,563],"class_list":{"0":"post-59658","1":"product","2":"type-product","3":"status-publish","4":"has-post-thumbnail","6":"product_cat-disenos-gesmujer","7":"product_cat-hecho-a-mano","8":"product_cat-red-de-mujeres-cooperativistas-gesmujer","9":"product_cat-textiles","10":"product_tag-panoletas","11":"product_tag-textil","13":"first","14":"instock","15":"taxable","16":"shipping-taxable","17":"purchasable","18":"product-type-simple"},"_links":{"self":[{"href":"https:\/\/www.gesmujer.org\/sitio\/index.php?rest_route=\/wp\/v2\/product\/59658","targetHints":{"allow":["GET"]}}],"collection":[{"href":"https:\/\/www.gesmujer.org\/sitio\/index.php?rest_route=\/wp\/v2\/product"}],"about":[{"href":"https:\/\/www.gesmujer.org\/sitio\/index.php?rest_route=\/wp\/v2\/types\/product"}],"replies":[{"embeddable":true,"href":"https:\/\/www.gesmujer.org\/sitio\/index.php?rest_route=%2Fwp%2Fv2%2Fcomments&post=59658"}],"version-history":[{"count":3,"href":"https:\/\/www.gesmujer.org\/sitio\/index.php?rest_route=\/wp\/v2\/product\/59658\/revisions"}],"predecessor-version":[{"id":59661,"href":"https:\/\/www.gesmujer.org\/sitio\/index.php?rest_route=\/wp\/v2\/product\/59658\/revisions\/59661"}],"wp:featuredmedia":[{"embeddable":true,"href":"https:\/\/www.gesmujer.org\/sitio\/index.php?rest_route=\/wp\/v2\/media\/59470"}],"wp:attachment":[{"href":"https:\/\/www.gesmujer.org\/sitio\/index.php?rest_route=%2Fwp%2Fv2%2Fmedia&parent=59658"}],"wp:term":[{"taxonomy":"product_brand","embeddable":true,"href":"https:\/\/www.gesmujer.org\/sitio\/index.php?rest_route=%2Fwp%2Fv2%2Fproduct_brand&post=59658"},{"taxonomy":"product_cat","embeddable":true,"href":"https:\/\/www.gesmujer.org\/sitio\/index.php?rest_route=%2Fwp%2Fv2%2Fproduct_cat&post=59658"},{"taxonomy":"product_tag","embeddable":true,"href":"https:\/\/www.gesmujer.org\/sitio\/index.php?rest_route=%2Fwp%2Fv2%2Fproduct_tag&post=59658"}],"curies":[{"name":"wp","href":"https:\/\/api.w.org\/{rel}","templated":true}]}}