{"version":"1.0","provider_name":"GESMujer &quot;Rosario Castellanos&quot;","provider_url":"https:\/\/www.gesmujer.org\/sitio","author_name":"cendoc","author_url":"https:\/\/www.gesmujer.org\/sitio\/author\/cendoc\/","title":"Lamentan falta de acercamiento de fiscal de Oaxaca - GESMujer &quot;Rosario Castellanos&quot;","type":"rich","width":600,"height":338,"html":"<blockquote class=\"wp-embedded-content\" data-secret=\"IBpABf9eGY\"><a href=\"https:\/\/www.gesmujer.org\/sitio\/lamentan-falta-de-acercamiento-de-fiscal-de-oaxaca\/\">Lamentan falta de acercamiento de fiscal de Oaxaca<\/a><\/blockquote><iframe sandbox=\"allow-scripts\" security=\"restricted\" src=\"https:\/\/www.gesmujer.org\/sitio\/lamentan-falta-de-acercamiento-de-fiscal-de-oaxaca\/embed\/#?secret=IBpABf9eGY\" width=\"600\" height=\"338\" title=\"&#8220;Lamentan falta de acercamiento de fiscal de Oaxaca&#8221; &#8212; GESMujer &quot;Rosario Castellanos&quot;\" data-secret=\"IBpABf9eGY\" frameborder=\"0\" marginwidth=\"0\" marginheight=\"0\" scrolling=\"no\" class=\"wp-embedded-content\"><\/iframe><script type=\"text\/javascript\">\n\/* <![CDATA[ *\/\n\/*! This file is auto-generated *\/\n!function(d,l){\"use strict\";l.querySelector&&d.addEventListener&&\"undefined\"!=typeof URL&&(d.wp=d.wp||{},d.wp.receiveEmbedMessage||(d.wp.receiveEmbedMessage=function(e){var t=e.data;if((t||t.secret||t.message||t.value)&&!\/[^a-zA-Z0-9]\/.test(t.secret)){for(var s,r,n,a=l.querySelectorAll('iframe[data-secret=\"'+t.secret+'\"]'),o=l.querySelectorAll('blockquote[data-secret=\"'+t.secret+'\"]'),c=new RegExp(\"^https?:$\",\"i\"),i=0;i<o.length;i++)o[i].style.display=\"none\";for(i=0;i<a.length;i++)s=a[i],e.source===s.contentWindow&&(s.removeAttribute(\"style\"),\"height\"===t.message?(1e3<(r=parseInt(t.value,10))?r=1e3:~~r<200&&(r=200),s.height=r):\"link\"===t.message&&(r=new URL(s.getAttribute(\"src\")),n=new URL(t.value),c.test(n.protocol))&&n.host===r.host&&l.activeElement===s&&(d.top.location.href=t.value))}},d.addEventListener(\"message\",d.wp.receiveEmbedMessage,!1),l.addEventListener(\"DOMContentLoaded\",function(){for(var e,t,s=l.querySelectorAll(\"iframe.wp-embedded-content\"),r=0;r<s.length;r++)(t=(e=s[r]).getAttribute(\"data-secret\"))||(t=Math.random().toString(36).substring(2,12),e.src+=\"#?secret=\"+t,e.setAttribute(\"data-secret\",t)),e.contentWindow.postMessage({message:\"ready\",secret:t},\"*\")},!1)))}(window,document);\n\/\/# sourceURL=https:\/\/www.gesmujer.org\/sitio\/wp-includes\/js\/wp-embed.min.js\n\/* ]]> *\/\n<\/script>\n","thumbnail_url":"https:\/\/www.gesmujer.org\/sitio\/wp-content\/uploads\/2018\/02\/fiscalia.jpg","thumbnail_width":651,"thumbnail_height":400,"description":"&nbsp; A 15 d\u00edas de su designaci\u00f3n en el cargo, la nueva titular de la Fiscal\u00eda Especializada para la Atenci\u00f3n de Delitos contra la Mujer por Raz\u00f3n de G\u00e9nero, Edna Liliana S\u00e1nchez Cort\u00e9s, no ha tenido acercamiento con organizaciones sociales que han demandado mayor atenci\u00f3n a la violencia contra la mujer y la uni\u00f3n de [&hellip;]"}

&nbsp; A 15 días de su designación en el cargo, la nueva titular de la Fiscalía Especializada para la Atención de Delitos contra la Mujer por Razón de Género, Edna Liliana Sánchez Cortés, no ha tenido acercamiento con organizaciones sociales que han demandado mayor atención a la violencia contra la mujer y la unión de [&hellip;]
