{"id":13079,"date":"2017-03-28T07:10:02","date_gmt":"2017-03-28T07:10:02","guid":{"rendered":"https:\/\/goodwish.qodeinteractive.com\/?page_id=13079"},"modified":"2017-03-28T07:10:02","modified_gmt":"2017-03-28T07:10:02","slug":"fundraising-home-2","status":"publish","type":"page","link":"https:\/\/www.gesmujer.org\/sitio\/fundraising-home-2\/","title":{"rendered":"Fundraising Home"},"content":{"rendered":"[vc_row content_width=&#8221;grid&#8221;][vc_column][rev_slider_vc alias=&#8221;home-2&#8243;][\/vc_column][\/vc_row][vc_row css=&#8221;.vc_custom_1491562463358{padding-top: 80px !important;padding-bottom: 70px !important;}&#8221;][vc_column][vc_column_text]\n<h2 style=\"text-align: center;\">Latest causes<\/h2>\n[\/vc_column_text][edgtf_separator position=&#8221;center&#8221; color=&#8221;#ffb422&#8243; width=&#8221;55px&#8221; thickness=&#8221;3&#8243; top_margin=&#8221;25px&#8221;][\/vc_column][\/vc_row][vc_row content_width=&#8221;grid&#8221;][vc_column][edgtf_cause_list order=&#8221;ASC&#8221; number=&#8221;&#8221; columns=&#8221;3&#8243; category=&#8221;education&#8221;][\/vc_column][\/vc_row][vc_row content_width=&#8221;grid&#8221; css=&#8221;.vc_custom_1492087133860{padding-top: 110px !important;}&#8221;][vc_column width=&#8221;1\/2&#8243; css=&#8221;.vc_custom_1490792015890{padding-left: 10% !important;}&#8221; offset=&#8221;vc_col-lg-3&#8243;][edgtf_elements_holder][edgtf_elements_holder_item target=&#8221;_self&#8221; item_padding_480=&#8221;0px 5% 0px 0%&#8221;][edgtf_pie_chart type_of_central_text=&#8221;percent&#8221; percent=&#8221;90&#8243; title=&#8221;Raised So Far&#8221; title_color=&#8221;#888888&#8243;][\/edgtf_elements_holder_item][\/edgtf_elements_holder][vc_empty_space height=&#8221;80px&#8221;][\/vc_column][vc_column width=&#8221;1\/2&#8243; css=&#8221;.vc_custom_1490792022007{padding-right: 10% !important;}&#8221; offset=&#8221;vc_col-lg-3&#8243;][edgtf_elements_holder][edgtf_elements_holder_item target=&#8221;_self&#8221; item_padding_480=&#8221;0px 0% 0px 8%&#8221;][edgtf_pie_chart type_of_central_text=&#8221;percent&#8221; percent=&#8221;78&#8243; title=&#8221;We Know Why&#8221; title_color=&#8221;#888888&#8243;][\/edgtf_elements_holder_item][\/edgtf_elements_holder][vc_empty_space height=&#8221;80px&#8221;][\/vc_column][vc_column offset=&#8221;vc_col-lg-6&#8243;][edgtf_elements_holder][edgtf_elements_holder_item item_padding=&#8221;17px 10% 0px 0%&#8221; target=&#8221;_self&#8221; item_padding_768_1024=&#8221;0px 0% 0px 0%&#8221;][vc_column_text]\n<h3 style=\"text-align: left;\">Foundation And Events<\/h3>\n[\/vc_column_text][edgtf_separator position=&#8221;left&#8221; color=&#8221;#ffb422&#8243; width=&#8221;55px&#8221; thickness=&#8221;3&#8243; top_margin=&#8221;25px&#8221; bottom_margin=&#8221;25px&#8221;][vc_column_text]Alienum phaedrum torquatos nec eu, vis detraxit periculis ex, nihil expetendis in mei. Mei an pericula euripidis, hinc partem ei est. Eos ei nisl graecis, vix aperiri consequat an. Eius lorem tincidunt vix at, vel pertinax sensibus id, error epicurei mea et. Mea facilisis urbanitas moderatius id.[\/vc_column_text][\/edgtf_elements_holder_item][\/edgtf_elements_holder][vc_empty_space height=&#8221;80px&#8221;][\/vc_column][\/vc_row][vc_row content_width=&#8221;grid&#8221;][vc_column][edgtf_event_list type=&#8221;carousel&#8221; image_size=&#8221;original&#8221; order_by=&#8221;date&#8221; number=&#8221;3&#8243; category=&#8221;kids&#8221;][\/vc_column][\/vc_row][vc_row content_width=&#8221;grid&#8221; css=&#8221;.vc_custom_1490792237000{padding-top: 80px !important;}&#8221;][vc_column offset=&#8221;vc_col-lg-6&#8243;][edgtf_elements_holder][edgtf_elements_holder_item item_padding=&#8221;0px 7% 0px 5%&#8221; target=&#8221;_self&#8221; item_padding_768_1024=&#8221;0px 7% 33px 3% &#8221; item_padding_480=&#8221;0px 7% 0px 0%&#8221;][vc_column_text]\n<h3 style=\"text-align: left;\">Become a VOLUNTEER<\/h3>\n[\/vc_column_text][edgtf_separator position=&#8221;left&#8221; color=&#8221;#ffb422&#8243; width=&#8221;55px&#8221; thickness=&#8221;3&#8243; top_margin=&#8221;25px&#8221; bottom_margin=&#8221;25px&#8221;][vc_column_text]Alienum phaedrum torquatos nec eu, vis detraxit periculis ex, nihil expetendis in mei. Mei an pericula euripidis,partem ei est. Eos ei nisl graecis, vix aperiri consequat an. Eius lorem tincidunt vix at, vel pertinax sensibus id, error epicurei mea et.[\/vc_column_text][\/edgtf_elements_holder_item][\/edgtf_elements_holder][vc_empty_space height=&#8221;24px&#8221;]<p class=\"wpcf7-contact-form-not-found\"><strong>Error:<\/strong> No se encontr\u00f3 ning\u00fan formulario de contacto.<\/p>[vc_empty_space height=&#8221;110px&#8221;][\/vc_column][vc_column offset=&#8221;vc_col-lg-6&#8243;][edgtf_elements_holder][edgtf_elements_holder_item item_padding=&#8221;0px 9% 0px 0%&#8221; target=&#8221;_self&#8221; item_padding_768_1024=&#8221;0px 3% 0px 3%&#8221; item_padding_600_768=&#8221;0px 3% 0px 3%&#8221;][edgtf_tabs style=&#8221;horizontal_tab&#8221; title_layout=&#8221;without_icon&#8221;][edgtf_tab icon_pack=&#8221;font_awesome&#8221; fa_icon=&#8221;&#8221; title=&#8221;Mision&#8221; tab_title=&#8221;Mision&#8221;][vc_column_text]Alienum phaedrum torquatos nec eu, vis detraxit periculis ex, nihil expetendis in mei. Mei an pericula euripidis, hinc partem ei est. Eos ei nisl graecis, vix aperiri consequat an. Eius lorem tincidunt vix at vel.[\/vc_column_text][vc_empty_space height=&#8221;14px&#8221;][edgtf_icon_list_item icon_pack=&#8221;font_awesome&#8221; fa_icon=&#8221;fa-check&#8221; font_weight=&#8221;&#8221; icon_color=&#8221;#ffb422&#8243; title=&#8221;Alienum phaedrum torquatos. &#8220;][edgtf_icon_list_item icon_pack=&#8221;font_awesome&#8221; fa_icon=&#8221;fa-check&#8221; font_weight=&#8221;&#8221; icon_color=&#8221;#ffb422&#8243; title=&#8221;Eos ei nisl graecis, vix aperiri consequat. &#8220;][edgtf_icon_list_item icon_pack=&#8221;font_awesome&#8221; fa_icon=&#8221;fa-check&#8221; font_weight=&#8221;&#8221; icon_color=&#8221;#ffb422&#8243; title=&#8221;Eius lorem tincidunt vixat.&#8221;][\/edgtf_tab][edgtf_tab icon_pack=&#8221;font_awesome&#8221; fa_icon=&#8221;&#8221; title=&#8221;Vision&#8221; tab_title=&#8221;Vision&#8221;][vc_row_inner][vc_column_inner width=&#8221;1\/2&#8243; css=&#8221;.vc_custom_1492603902558{padding-top: 10px !important;}&#8221;][vc_single_image image=&#8221;15788&#8243; img_size=&#8221;full&#8221;][\/vc_column_inner][vc_column_inner width=&#8221;1\/2&#8243; css=&#8221;.vc_custom_1492603971974{margin-left: -24% !important;padding-top: 17px !important;}&#8221;][edgtf_icon_list_item icon_pack=&#8221;font_awesome&#8221; fa_icon=&#8221;fa-check&#8221; font_weight=&#8221;&#8221; icon_color=&#8221;#ffb422&#8243; title=&#8221;Alienum phaedrum. &#8220;][edgtf_icon_list_item icon_pack=&#8221;font_awesome&#8221; fa_icon=&#8221;fa-check&#8221; font_weight=&#8221;&#8221; icon_color=&#8221;#ffb422&#8243; title=&#8221;Eos ei nisl graecis, vix aperiri. &#8220;][edgtf_icon_list_item icon_pack=&#8221;font_awesome&#8221; fa_icon=&#8221;fa-check&#8221; font_weight=&#8221;&#8221; icon_color=&#8221;#ffb422&#8243; title=&#8221;Eius lorem tincidunt vixat.&#8221;][edgtf_icon_list_item icon_pack=&#8221;font_awesome&#8221; fa_icon=&#8221;fa-check&#8221; font_weight=&#8221;&#8221; icon_color=&#8221;#ffb422&#8243; title=&#8221;Facilisis urbanitas.&#8221;][edgtf_icon_list_item icon_pack=&#8221;font_awesome&#8221; fa_icon=&#8221;fa-check&#8221; font_weight=&#8221;&#8221; icon_color=&#8221;#ffb422&#8243; title=&#8221;Graecis vix aperiri conseq.&#8221;][\/vc_column_inner][\/vc_row_inner][\/edgtf_tab][edgtf_tab icon_pack=&#8221;font_awesome&#8221; fa_icon=&#8221;&#8221; title=&#8221;Vision&#8221; tab_title=&#8221;Projects&#8221;][vc_column_text]Mei an pericula euripidis. Alienum phaedrum torquatos nec eu, vis detraxit periculis nihil expetendis in mei. Hinc partem eiest.[\/vc_column_text][vc_empty_space height=&#8221;14px&#8221;][edgtf_icon_list_item icon_pack=&#8221;font_awesome&#8221; fa_icon=&#8221;fa-square&#8221; font_weight=&#8221;&#8221; icon_color=&#8221;#ffb422&#8243; title=&#8221;Alienum phaedrum torquatos. &#8221; icon_size=&#8221;6&#8243;][edgtf_icon_list_item icon_pack=&#8221;font_awesome&#8221; fa_icon=&#8221;fa-square&#8221; font_weight=&#8221;&#8221; icon_color=&#8221;#ffb422&#8243; title=&#8221;Eos ei nisl graecis, vix aperiri consequat. &#8221; icon_size=&#8221;6&#8243;][edgtf_icon_list_item icon_pack=&#8221;font_awesome&#8221; fa_icon=&#8221;fa-square&#8221; font_weight=&#8221;&#8221; icon_color=&#8221;#ffb422&#8243; title=&#8221;Eius lorem tincidunt vixat.&#8221; icon_size=&#8221;6&#8243;][edgtf_icon_list_item icon_pack=&#8221;font_awesome&#8221; fa_icon=&#8221;fa-square&#8221; font_weight=&#8221;&#8221; icon_color=&#8221;#ffb422&#8243; title=&#8221;Facilisis urbanitas moderatius.&#8221; icon_size=&#8221;6&#8243;][\/edgtf_tab][\/edgtf_tabs][\/edgtf_elements_holder_item][\/edgtf_elements_holder][vc_empty_space height=&#8221;110px&#8221;][\/vc_column][\/vc_row][vc_row content_width=&#8221;grid&#8221; css=&#8221;.vc_custom_1490790747805{background-color: #f6f4ee !important;}&#8221;][vc_column css=&#8221;.vc_custom_1490791271965{padding-top: 42px !important;padding-bottom: 23px !important;}&#8221;][edgtf_carousel carousel=&#8221;home-2&#8243; number_of_items=&#8221;5&#8243; image_animation=&#8221;image-change&#8221; show_arrows_navigation=&#8221;no&#8221; show_dots_navigation=&#8221;no&#8221;][\/vc_column][\/vc_row]\n","protected":false},"excerpt":{"rendered":"<p>[vc_row content_width=&#8221;grid&#8221;][vc_column][rev_slider_vc alias=&#8221;home-2&#8243;][\/vc_column][\/vc_row][vc_row css=&#8221;.vc_custom_1491562463358{padding-top: 80px !important;padding-bottom: 70px !important;}&#8221;][vc_column][vc_column_text] Latest causes [\/vc_column_text][edgtf_separator position=&#8221;center&#8221; color=&#8221;#ffb422&#8243; width=&#8221;55px&#8221; thickness=&#8221;3&#8243; top_margin=&#8221;25px&#8221;][\/vc_column][\/vc_row][vc_row content_width=&#8221;grid&#8221;][vc_column][edgtf_cause_list order=&#8221;ASC&#8221; number=&#8221;&#8221; columns=&#8221;3&#8243; category=&#8221;education&#8221;][\/vc_column][\/vc_row][vc_row content_width=&#8221;grid&#8221; css=&#8221;.vc_custom_1492087133860{padding-top: 110px !important;}&#8221;][vc_column width=&#8221;1\/2&#8243; css=&#8221;.vc_custom_1490792015890{padding-left: 10% !important;}&#8221; offset=&#8221;vc_col-lg-3&#8243;][edgtf_elements_holder][edgtf_elements_holder_item target=&#8221;_self&#8221; item_padding_480=&#8221;0px 5% 0px 0%&#8221;][edgtf_pie_chart type_of_central_text=&#8221;percent&#8221; percent=&#8221;90&#8243; title=&#8221;Raised So Far&#8221; title_color=&#8221;#888888&#8243;][\/edgtf_elements_holder_item][\/edgtf_elements_holder][vc_empty_space height=&#8221;80px&#8221;][\/vc_column][vc_column width=&#8221;1\/2&#8243; css=&#8221;.vc_custom_1490792022007{padding-right: 10% !important;}&#8221; offset=&#8221;vc_col-lg-3&#8243;][edgtf_elements_holder][edgtf_elements_holder_item target=&#8221;_self&#8221; item_padding_480=&#8221;0px 0% 0px 8%&#8221;][edgtf_pie_chart type_of_central_text=&#8221;percent&#8221; percent=&#8221;78&#8243; title=&#8221;We [&hellip;]<\/p>\n","protected":false},"author":4,"featured_media":0,"parent":0,"menu_order":0,"comment_status":"closed","ping_status":"closed","template":"full-width.php","meta":{"give_campaign_id":0,"footnotes":""},"class_list":["post-13079","page","type-page","status-publish","hentry"],"yoast_head":"<!-- This site is optimized with the Yoast SEO plugin v27.4 - https:\/\/yoast.com\/product\/yoast-seo-wordpress\/ -->\n<title>Fundraising Home - GESMujer &quot;Rosario Castellanos&quot;<\/title>\n<meta name=\"robots\" content=\"index, follow, max-snippet:-1, max-image-preview:large, max-video-preview:-1\" \/>\n<link rel=\"canonical\" href=\"https:\/\/www.gesmujer.org\/sitio\/fundraising-home-2\/\" \/>\n<meta property=\"og:locale\" content=\"es_MX\" \/>\n<meta property=\"og:type\" content=\"article\" \/>\n<meta property=\"og:title\" content=\"Fundraising Home - GESMujer &quot;Rosario Castellanos&quot;\" \/>\n<meta property=\"og:description\" content=\"[vc_row content_width=&#8221;grid&#8221;][vc_column][rev_slider_vc alias=&#8221;home-2&#8243;][\/vc_column][\/vc_row][vc_row css=&#8221;.vc_custom_1491562463358{padding-top: 80px !important;padding-bottom: 70px !important;}&#8221;][vc_column][vc_column_text] Latest causes [\/vc_column_text][edgtf_separator position=&#8221;center&#8221; color=&#8221;#ffb422&#8243; width=&#8221;55px&#8221; thickness=&#8221;3&#8243; top_margin=&#8221;25px&#8221;][\/vc_column][\/vc_row][vc_row content_width=&#8221;grid&#8221;][vc_column][edgtf_cause_list order=&#8221;ASC&#8221; number=&#8221;&#8221; columns=&#8221;3&#8243; category=&#8221;education&#8221;][\/vc_column][\/vc_row][vc_row content_width=&#8221;grid&#8221; css=&#8221;.vc_custom_1492087133860{padding-top: 110px !important;}&#8221;][vc_column width=&#8221;1\/2&#8243; css=&#8221;.vc_custom_1490792015890{padding-left: 10% !important;}&#8221; offset=&#8221;vc_col-lg-3&#8243;][edgtf_elements_holder][edgtf_elements_holder_item target=&#8221;_self&#8221; item_padding_480=&#8221;0px 5% 0px 0%&#8221;][edgtf_pie_chart type_of_central_text=&#8221;percent&#8221; percent=&#8221;90&#8243; title=&#8221;Raised So Far&#8221; title_color=&#8221;#888888&#8243;][\/edgtf_elements_holder_item][\/edgtf_elements_holder][vc_empty_space height=&#8221;80px&#8221;][\/vc_column][vc_column width=&#8221;1\/2&#8243; css=&#8221;.vc_custom_1490792022007{padding-right: 10% !important;}&#8221; offset=&#8221;vc_col-lg-3&#8243;][edgtf_elements_holder][edgtf_elements_holder_item target=&#8221;_self&#8221; item_padding_480=&#8221;0px 0% 0px 8%&#8221;][edgtf_pie_chart type_of_central_text=&#8221;percent&#8221; percent=&#8221;78&#8243; title=&#8221;We [&hellip;]\" \/>\n<meta property=\"og:url\" content=\"https:\/\/www.gesmujer.org\/sitio\/fundraising-home-2\/\" \/>\n<meta property=\"og:site_name\" content=\"GESMujer &quot;Rosario Castellanos&quot;\" \/>\n<meta property=\"article:publisher\" content=\"https:\/\/www.facebook.com\/gesmujer.rosario.castellanos.ac\" \/>\n<meta property=\"og:image\" content=\"https:\/\/www.gesmujer.org\/sitio\/wp-content\/uploads\/2023\/07\/tecnologia.png\" \/>\n\t<meta property=\"og:image:width\" content=\"1624\" \/>\n\t<meta property=\"og:image:height\" content=\"1242\" \/>\n\t<meta property=\"og:image:type\" content=\"image\/png\" \/>\n<meta name=\"twitter:card\" content=\"summary_large_image\" \/>\n<meta name=\"twitter:site\" content=\"@GES_Mujer\" \/>\n<meta name=\"twitter:label1\" content=\"Tiempo de lectura\" \/>\n\t<meta name=\"twitter:data1\" content=\"5 minutos\" \/>\n<script type=\"application\/ld+json\" class=\"yoast-schema-graph\">{\"@context\":\"https:\\\/\\\/schema.org\",\"@graph\":[{\"@type\":\"WebPage\",\"@id\":\"https:\\\/\\\/www.gesmujer.org\\\/sitio\\\/fundraising-home-2\\\/\",\"url\":\"https:\\\/\\\/www.gesmujer.org\\\/sitio\\\/fundraising-home-2\\\/\",\"name\":\"Fundraising Home - GESMujer &quot;Rosario Castellanos&quot;\",\"isPartOf\":{\"@id\":\"https:\\\/\\\/www.gesmujer.org\\\/sitio\\\/#website\"},\"datePublished\":\"2017-03-28T07:10:02+00:00\",\"breadcrumb\":{\"@id\":\"https:\\\/\\\/www.gesmujer.org\\\/sitio\\\/fundraising-home-2\\\/#breadcrumb\"},\"inLanguage\":\"es\",\"potentialAction\":[{\"@type\":\"ReadAction\",\"target\":[\"https:\\\/\\\/www.gesmujer.org\\\/sitio\\\/fundraising-home-2\\\/\"]}]},{\"@type\":\"BreadcrumbList\",\"@id\":\"https:\\\/\\\/www.gesmujer.org\\\/sitio\\\/fundraising-home-2\\\/#breadcrumb\",\"itemListElement\":[{\"@type\":\"ListItem\",\"position\":1,\"name\":\"Home\",\"item\":\"https:\\\/\\\/www.gesmujer.org\\\/sitio\\\/\"},{\"@type\":\"ListItem\",\"position\":2,\"name\":\"Fundraising Home\"}]},{\"@type\":\"WebSite\",\"@id\":\"https:\\\/\\\/www.gesmujer.org\\\/sitio\\\/#website\",\"url\":\"https:\\\/\\\/www.gesmujer.org\\\/sitio\\\/\",\"name\":\"GESMujer \\\"Rosario Castellanos\\\"\",\"description\":\"M\u00e1s de 45 a\u00f1os ha llevado a cabo acciones para erradicar la violencia de g\u00e9nero y construir entornos donde las mujeres encuentren su resiliencia, incrementen su agencia y autonom\u00eda que les permita lograr su empoderamiento a trav\u00e9s de cinco l\u00edneas de acci\u00f3n.\",\"publisher\":{\"@id\":\"https:\\\/\\\/www.gesmujer.org\\\/sitio\\\/#organization\"},\"alternateName\":\"GESMujer\",\"potentialAction\":[{\"@type\":\"SearchAction\",\"target\":{\"@type\":\"EntryPoint\",\"urlTemplate\":\"https:\\\/\\\/www.gesmujer.org\\\/sitio\\\/?s={search_term_string}\"},\"query-input\":{\"@type\":\"PropertyValueSpecification\",\"valueRequired\":true,\"valueName\":\"search_term_string\"}}],\"inLanguage\":\"es\"},{\"@type\":\"Organization\",\"@id\":\"https:\\\/\\\/www.gesmujer.org\\\/sitio\\\/#organization\",\"name\":\"Grupo de estudios sobre la mujer Rosario Castellanos ac\",\"alternateName\":\"GESMujer\",\"url\":\"https:\\\/\\\/www.gesmujer.org\\\/sitio\\\/\",\"logo\":{\"@type\":\"ImageObject\",\"inLanguage\":\"es\",\"@id\":\"https:\\\/\\\/www.gesmujer.org\\\/sitio\\\/#\\\/schema\\\/logo\\\/image\\\/\",\"url\":\"https:\\\/\\\/www.gesmujer.org\\\/sitio\\\/wp-content\\\/uploads\\\/2026\\\/03\\\/Logo-GESMujer-300.png\",\"contentUrl\":\"https:\\\/\\\/www.gesmujer.org\\\/sitio\\\/wp-content\\\/uploads\\\/2026\\\/03\\\/Logo-GESMujer-300.png\",\"width\":300,\"height\":141,\"caption\":\"Grupo de estudios sobre la mujer Rosario Castellanos ac\"},\"image\":{\"@id\":\"https:\\\/\\\/www.gesmujer.org\\\/sitio\\\/#\\\/schema\\\/logo\\\/image\\\/\"},\"sameAs\":[\"https:\\\/\\\/www.facebook.com\\\/gesmujer.rosario.castellanos.ac\",\"https:\\\/\\\/x.com\\\/GES_Mujer\",\"https:\\\/\\\/www.instagram.com\\\/ges_mujer\\\/?hl=es\",\"https:\\\/\\\/www.youtube.com\\\/c\\\/GESMujerRosarioCastellanos\\\/videos\",\"https:\\\/\\\/soundcloud.com\\\/gesmujerac\",\"https:\\\/\\\/www.tiktok.com\\\/@gesmujer\"]}]}<\/script>\n<!-- \/ Yoast SEO plugin. -->","yoast_head_json":{"title":"Fundraising Home - GESMujer &quot;Rosario Castellanos&quot;","robots":{"index":"index","follow":"follow","max-snippet":"max-snippet:-1","max-image-preview":"max-image-preview:large","max-video-preview":"max-video-preview:-1"},"canonical":"https:\/\/www.gesmujer.org\/sitio\/fundraising-home-2\/","og_locale":"es_MX","og_type":"article","og_title":"Fundraising Home - GESMujer &quot;Rosario Castellanos&quot;","og_description":"[vc_row content_width=&#8221;grid&#8221;][vc_column][rev_slider_vc alias=&#8221;home-2&#8243;][\/vc_column][\/vc_row][vc_row css=&#8221;.vc_custom_1491562463358{padding-top: 80px !important;padding-bottom: 70px !important;}&#8221;][vc_column][vc_column_text] Latest causes [\/vc_column_text][edgtf_separator position=&#8221;center&#8221; color=&#8221;#ffb422&#8243; width=&#8221;55px&#8221; thickness=&#8221;3&#8243; top_margin=&#8221;25px&#8221;][\/vc_column][\/vc_row][vc_row content_width=&#8221;grid&#8221;][vc_column][edgtf_cause_list order=&#8221;ASC&#8221; number=&#8221;&#8221; columns=&#8221;3&#8243; category=&#8221;education&#8221;][\/vc_column][\/vc_row][vc_row content_width=&#8221;grid&#8221; css=&#8221;.vc_custom_1492087133860{padding-top: 110px !important;}&#8221;][vc_column width=&#8221;1\/2&#8243; css=&#8221;.vc_custom_1490792015890{padding-left: 10% !important;}&#8221; offset=&#8221;vc_col-lg-3&#8243;][edgtf_elements_holder][edgtf_elements_holder_item target=&#8221;_self&#8221; item_padding_480=&#8221;0px 5% 0px 0%&#8221;][edgtf_pie_chart type_of_central_text=&#8221;percent&#8221; percent=&#8221;90&#8243; title=&#8221;Raised So Far&#8221; title_color=&#8221;#888888&#8243;][\/edgtf_elements_holder_item][\/edgtf_elements_holder][vc_empty_space height=&#8221;80px&#8221;][\/vc_column][vc_column width=&#8221;1\/2&#8243; css=&#8221;.vc_custom_1490792022007{padding-right: 10% !important;}&#8221; offset=&#8221;vc_col-lg-3&#8243;][edgtf_elements_holder][edgtf_elements_holder_item target=&#8221;_self&#8221; item_padding_480=&#8221;0px 0% 0px 8%&#8221;][edgtf_pie_chart type_of_central_text=&#8221;percent&#8221; percent=&#8221;78&#8243; title=&#8221;We [&hellip;]","og_url":"https:\/\/www.gesmujer.org\/sitio\/fundraising-home-2\/","og_site_name":"GESMujer &quot;Rosario Castellanos&quot;","article_publisher":"https:\/\/www.facebook.com\/gesmujer.rosario.castellanos.ac","og_image":[{"width":1624,"height":1242,"url":"https:\/\/www.gesmujer.org\/sitio\/wp-content\/uploads\/2023\/07\/tecnologia.png","type":"image\/png"}],"twitter_card":"summary_large_image","twitter_site":"@GES_Mujer","twitter_misc":{"Tiempo de lectura":"5 minutos"},"schema":{"@context":"https:\/\/schema.org","@graph":[{"@type":"WebPage","@id":"https:\/\/www.gesmujer.org\/sitio\/fundraising-home-2\/","url":"https:\/\/www.gesmujer.org\/sitio\/fundraising-home-2\/","name":"Fundraising Home - GESMujer &quot;Rosario Castellanos&quot;","isPartOf":{"@id":"https:\/\/www.gesmujer.org\/sitio\/#website"},"datePublished":"2017-03-28T07:10:02+00:00","breadcrumb":{"@id":"https:\/\/www.gesmujer.org\/sitio\/fundraising-home-2\/#breadcrumb"},"inLanguage":"es","potentialAction":[{"@type":"ReadAction","target":["https:\/\/www.gesmujer.org\/sitio\/fundraising-home-2\/"]}]},{"@type":"BreadcrumbList","@id":"https:\/\/www.gesmujer.org\/sitio\/fundraising-home-2\/#breadcrumb","itemListElement":[{"@type":"ListItem","position":1,"name":"Home","item":"https:\/\/www.gesmujer.org\/sitio\/"},{"@type":"ListItem","position":2,"name":"Fundraising Home"}]},{"@type":"WebSite","@id":"https:\/\/www.gesmujer.org\/sitio\/#website","url":"https:\/\/www.gesmujer.org\/sitio\/","name":"GESMujer \"Rosario Castellanos\"","description":"M\u00e1s de 45 a\u00f1os ha llevado a cabo acciones para erradicar la violencia de g\u00e9nero y construir entornos donde las mujeres encuentren su resiliencia, incrementen su agencia y autonom\u00eda que les permita lograr su empoderamiento a trav\u00e9s de cinco l\u00edneas de acci\u00f3n.","publisher":{"@id":"https:\/\/www.gesmujer.org\/sitio\/#organization"},"alternateName":"GESMujer","potentialAction":[{"@type":"SearchAction","target":{"@type":"EntryPoint","urlTemplate":"https:\/\/www.gesmujer.org\/sitio\/?s={search_term_string}"},"query-input":{"@type":"PropertyValueSpecification","valueRequired":true,"valueName":"search_term_string"}}],"inLanguage":"es"},{"@type":"Organization","@id":"https:\/\/www.gesmujer.org\/sitio\/#organization","name":"Grupo de estudios sobre la mujer Rosario Castellanos ac","alternateName":"GESMujer","url":"https:\/\/www.gesmujer.org\/sitio\/","logo":{"@type":"ImageObject","inLanguage":"es","@id":"https:\/\/www.gesmujer.org\/sitio\/#\/schema\/logo\/image\/","url":"https:\/\/www.gesmujer.org\/sitio\/wp-content\/uploads\/2026\/03\/Logo-GESMujer-300.png","contentUrl":"https:\/\/www.gesmujer.org\/sitio\/wp-content\/uploads\/2026\/03\/Logo-GESMujer-300.png","width":300,"height":141,"caption":"Grupo de estudios sobre la mujer Rosario Castellanos ac"},"image":{"@id":"https:\/\/www.gesmujer.org\/sitio\/#\/schema\/logo\/image\/"},"sameAs":["https:\/\/www.facebook.com\/gesmujer.rosario.castellanos.ac","https:\/\/x.com\/GES_Mujer","https:\/\/www.instagram.com\/ges_mujer\/?hl=es","https:\/\/www.youtube.com\/c\/GESMujerRosarioCastellanos\/videos","https:\/\/soundcloud.com\/gesmujerac","https:\/\/www.tiktok.com\/@gesmujer"]}]}},"campaignId":"","_links":{"self":[{"href":"https:\/\/www.gesmujer.org\/sitio\/wp-json\/wp\/v2\/pages\/13079","targetHints":{"allow":["GET"]}}],"collection":[{"href":"https:\/\/www.gesmujer.org\/sitio\/wp-json\/wp\/v2\/pages"}],"about":[{"href":"https:\/\/www.gesmujer.org\/sitio\/wp-json\/wp\/v2\/types\/page"}],"author":[{"embeddable":true,"href":"https:\/\/www.gesmujer.org\/sitio\/wp-json\/wp\/v2\/users\/4"}],"replies":[{"embeddable":true,"href":"https:\/\/www.gesmujer.org\/sitio\/wp-json\/wp\/v2\/comments?post=13079"}],"version-history":[{"count":0,"href":"https:\/\/www.gesmujer.org\/sitio\/wp-json\/wp\/v2\/pages\/13079\/revisions"}],"wp:attachment":[{"href":"https:\/\/www.gesmujer.org\/sitio\/wp-json\/wp\/v2\/media?parent=13079"}],"curies":[{"name":"wp","href":"https:\/\/api.w.org\/{rel}","templated":true}]}}