{"id":1364,"date":"2015-12-09T19:20:13","date_gmt":"2015-12-10T01:20:13","guid":{"rendered":"http:\/\/www.gesmujer.org\/sitio\/?page_id=1364"},"modified":"2018-09-18T16:45:25","modified_gmt":"2018-09-18T22:45:25","slug":"lineas-de-accion","status":"publish","type":"page","link":"https:\/\/www.gesmujer.org\/sitio\/lineas-de-accion\/","title":{"rendered":"L\u00cdNEAS DE ACCI\u00d3N"},"content":{"rendered":"<blockquote><p>Contribuimos al bienestar de las mujeres oaxaque\u00f1as para alcanzar una sociedad igualitaria, equitativa y justa.<\/p><\/blockquote>\n<h1 style=\"text-align: center;\"><a href=\"http:\/\/www.gesmujer.org\/web\/casa-de-la-mujer\/\">CASA DE LA MUJER<\/a><\/h1>\n<h3 style=\"text-align: center;\"><em>Un espacio de an\u00e1lisis y reflexi\u00f3n<\/em><\/h3>\n<p>La abrimos en el a\u00f1o de 1991 con el objetivo de brindar asesor\u00edas psicol\u00f3gicas y legales de manera individual, concentrar informaci\u00f3n especializada en temas de mujeres en el centro de documentaci\u00f3n y constituirse en un espacio de reflexi\u00f3n y an\u00e1lisis a trav\u00e9s de pl\u00e1ticas y talleres.<\/p>\n<h1 style=\"text-align: center;\"><a href=\"http:\/\/www.gesmujer.org\/web\/category\/investigacion-accion\/\">INVESTIGACI\u00d3N ACCI\u00d3N<\/a><\/h1>\n<h3 style=\"text-align: center;\"><em>Respuesta a diversas problem\u00e1ticas<\/em><\/h3>\n<p>Hemos desarrollado diversos proyectos, tratando de dar respuesta a las principales problem\u00e1ticas de las ni\u00f1as, j\u00f3venes y mujeres del estado teniendo como base la equidad de g\u00e9nero, el respeto a la diversidad intercultural, a los derechos humanos y al medio ambiente. Estos proyectos se llevan a cabo en comunidades rurales e ind\u00edgenas del estado.<\/p>\n<h1 style=\"text-align: center;\"><a href=\"http:\/\/www.gesmujer.org\/web\/centro-de-capacitacion-y-liderazgo\/\">CENTRO DE CAPACITACI\u00d3N EN LIDEREZGO Y GESTI\u00d3N COMUNITARIA<\/a><\/h1>\n<h3 style=\"text-align: center;\">Diplomados y Seminarios<\/h3>\n<p>A partir del a\u00f1o 2009 ofrecemos diplomados, seminarios y talleres de sensibilizaci\u00f3n y capacitaci\u00f3n dirigidos a j\u00f3venes mujeres ind\u00edgenas y afro mexicanas en temas como: g\u00e9nero, salud y derechos sexuales y reproductivos, prevenci\u00f3n de la violencia de g\u00e9nero y habilidades para desarrollar y fortalecer el liderazgo. Los proyectos se desarrollan a nivel comunitario, con la colaboraci\u00f3n de instituciones p\u00fablicas y privadas as\u00ed como organizaciones de la sociedad civil dentro y fuera del estado de Oaxaca<\/p>\n<h1 style=\"text-align: center;\"><a href=\"http:\/\/www.gesmujer.org\/web\/gesmujer-joven-2\/\">GESMUJER J\u00d3VEN<\/a><\/h1>\n<h3 style=\"text-align: center;\">Un espacio para la poblaci\u00f3n j\u00f3ven<\/h3>\n<p>Desarrollamos proyectos y actividades por mujeres y dirigidas a poblaci\u00f3n juvenil. Los temas prioritarios son: b\u00fasqueda de la equidad y la igualdad de g\u00e9nero, salud y derechos sexuales y reproductivos y la prevenci\u00f3n de la violencia en el noviazgo.<\/p>\n","protected":false},"excerpt":{"rendered":"<p>Contribuimos al bienestar de las mujeres oaxaque\u00f1as para alcanzar una sociedad igualitaria, equitativa y justa. CASA DE LA MUJER Un espacio de an\u00e1lisis y reflexi\u00f3n La abrimos en el a\u00f1o de 1991 con el objetivo de brindar asesor\u00edas psicol\u00f3gicas y legales de manera individual, concentrar informaci\u00f3n especializada en temas de mujeres en el centro de [&hellip;]<\/p>\n","protected":false},"author":4,"featured_media":0,"parent":0,"menu_order":0,"comment_status":"closed","ping_status":"closed","template":"","meta":{"give_campaign_id":0,"footnotes":""},"class_list":["post-1364","page","type-page","status-publish","hentry"],"yoast_head":"<!-- This site is optimized with the Yoast SEO plugin v27.4 - https:\/\/yoast.com\/product\/yoast-seo-wordpress\/ -->\n<title>L\u00cdNEAS DE ACCI\u00d3N - GESMujer &quot;Rosario Castellanos&quot;<\/title>\n<meta name=\"robots\" content=\"index, follow, max-snippet:-1, max-image-preview:large, max-video-preview:-1\" \/>\n<link rel=\"canonical\" href=\"https:\/\/www.gesmujer.org\/sitio\/lineas-de-accion\/\" \/>\n<meta property=\"og:locale\" content=\"es_MX\" \/>\n<meta property=\"og:type\" content=\"article\" \/>\n<meta property=\"og:title\" content=\"L\u00cdNEAS DE ACCI\u00d3N - GESMujer &quot;Rosario Castellanos&quot;\" \/>\n<meta property=\"og:description\" content=\"Contribuimos al bienestar de las mujeres oaxaque\u00f1as para alcanzar una sociedad igualitaria, equitativa y justa. CASA DE LA MUJER Un espacio de an\u00e1lisis y reflexi\u00f3n La abrimos en el a\u00f1o de 1991 con el objetivo de brindar asesor\u00edas psicol\u00f3gicas y legales de manera individual, concentrar informaci\u00f3n especializada en temas de mujeres en el centro de [&hellip;]\" \/>\n<meta property=\"og:url\" content=\"https:\/\/www.gesmujer.org\/sitio\/lineas-de-accion\/\" \/>\n<meta property=\"og:site_name\" content=\"GESMujer &quot;Rosario Castellanos&quot;\" \/>\n<meta property=\"article:publisher\" content=\"https:\/\/www.facebook.com\/gesmujer.rosario.castellanos.ac\" \/>\n<meta property=\"article:modified_time\" content=\"2018-09-18T22:45:25+00:00\" \/>\n<meta property=\"og:image\" content=\"https:\/\/www.gesmujer.org\/sitio\/wp-content\/uploads\/2023\/07\/tecnologia.png\" \/>\n\t<meta property=\"og:image:width\" content=\"1624\" \/>\n\t<meta property=\"og:image:height\" content=\"1242\" \/>\n\t<meta property=\"og:image:type\" content=\"image\/png\" \/>\n<meta name=\"twitter:card\" content=\"summary_large_image\" \/>\n<meta name=\"twitter:site\" content=\"@GES_Mujer\" \/>\n<meta name=\"twitter:label1\" content=\"Tiempo de lectura\" \/>\n\t<meta name=\"twitter:data1\" content=\"2 minutos\" \/>\n<script type=\"application\/ld+json\" class=\"yoast-schema-graph\">{\"@context\":\"https:\\\/\\\/schema.org\",\"@graph\":[{\"@type\":\"WebPage\",\"@id\":\"https:\\\/\\\/www.gesmujer.org\\\/sitio\\\/lineas-de-accion\\\/\",\"url\":\"https:\\\/\\\/www.gesmujer.org\\\/sitio\\\/lineas-de-accion\\\/\",\"name\":\"L\u00cdNEAS DE ACCI\u00d3N - GESMujer &quot;Rosario Castellanos&quot;\",\"isPartOf\":{\"@id\":\"https:\\\/\\\/www.gesmujer.org\\\/sitio\\\/#website\"},\"datePublished\":\"2015-12-10T01:20:13+00:00\",\"dateModified\":\"2018-09-18T22:45:25+00:00\",\"breadcrumb\":{\"@id\":\"https:\\\/\\\/www.gesmujer.org\\\/sitio\\\/lineas-de-accion\\\/#breadcrumb\"},\"inLanguage\":\"es\",\"potentialAction\":[{\"@type\":\"ReadAction\",\"target\":[\"https:\\\/\\\/www.gesmujer.org\\\/sitio\\\/lineas-de-accion\\\/\"]}]},{\"@type\":\"BreadcrumbList\",\"@id\":\"https:\\\/\\\/www.gesmujer.org\\\/sitio\\\/lineas-de-accion\\\/#breadcrumb\",\"itemListElement\":[{\"@type\":\"ListItem\",\"position\":1,\"name\":\"Home\",\"item\":\"https:\\\/\\\/www.gesmujer.org\\\/sitio\\\/\"},{\"@type\":\"ListItem\",\"position\":2,\"name\":\"L\u00cdNEAS DE ACCI\u00d3N\"}]},{\"@type\":\"WebSite\",\"@id\":\"https:\\\/\\\/www.gesmujer.org\\\/sitio\\\/#website\",\"url\":\"https:\\\/\\\/www.gesmujer.org\\\/sitio\\\/\",\"name\":\"GESMujer \\\"Rosario Castellanos\\\"\",\"description\":\"M\u00e1s de 45 a\u00f1os ha llevado a cabo acciones para erradicar la violencia de g\u00e9nero y construir entornos donde las mujeres encuentren su resiliencia, incrementen su agencia y autonom\u00eda que les permita lograr su empoderamiento a trav\u00e9s de cinco l\u00edneas de acci\u00f3n.\",\"publisher\":{\"@id\":\"https:\\\/\\\/www.gesmujer.org\\\/sitio\\\/#organization\"},\"alternateName\":\"GESMujer\",\"potentialAction\":[{\"@type\":\"SearchAction\",\"target\":{\"@type\":\"EntryPoint\",\"urlTemplate\":\"https:\\\/\\\/www.gesmujer.org\\\/sitio\\\/?s={search_term_string}\"},\"query-input\":{\"@type\":\"PropertyValueSpecification\",\"valueRequired\":true,\"valueName\":\"search_term_string\"}}],\"inLanguage\":\"es\"},{\"@type\":\"Organization\",\"@id\":\"https:\\\/\\\/www.gesmujer.org\\\/sitio\\\/#organization\",\"name\":\"Grupo de estudios sobre la mujer Rosario Castellanos ac\",\"alternateName\":\"GESMujer\",\"url\":\"https:\\\/\\\/www.gesmujer.org\\\/sitio\\\/\",\"logo\":{\"@type\":\"ImageObject\",\"inLanguage\":\"es\",\"@id\":\"https:\\\/\\\/www.gesmujer.org\\\/sitio\\\/#\\\/schema\\\/logo\\\/image\\\/\",\"url\":\"https:\\\/\\\/www.gesmujer.org\\\/sitio\\\/wp-content\\\/uploads\\\/2026\\\/03\\\/Logo-GESMujer-300.png\",\"contentUrl\":\"https:\\\/\\\/www.gesmujer.org\\\/sitio\\\/wp-content\\\/uploads\\\/2026\\\/03\\\/Logo-GESMujer-300.png\",\"width\":300,\"height\":141,\"caption\":\"Grupo de estudios sobre la mujer Rosario Castellanos ac\"},\"image\":{\"@id\":\"https:\\\/\\\/www.gesmujer.org\\\/sitio\\\/#\\\/schema\\\/logo\\\/image\\\/\"},\"sameAs\":[\"https:\\\/\\\/www.facebook.com\\\/gesmujer.rosario.castellanos.ac\",\"https:\\\/\\\/x.com\\\/GES_Mujer\",\"https:\\\/\\\/www.instagram.com\\\/ges_mujer\\\/?hl=es\",\"https:\\\/\\\/www.youtube.com\\\/c\\\/GESMujerRosarioCastellanos\\\/videos\",\"https:\\\/\\\/soundcloud.com\\\/gesmujerac\",\"https:\\\/\\\/www.tiktok.com\\\/@gesmujer\"]}]}<\/script>\n<!-- \/ Yoast SEO plugin. -->","yoast_head_json":{"title":"L\u00cdNEAS DE ACCI\u00d3N - GESMujer &quot;Rosario Castellanos&quot;","robots":{"index":"index","follow":"follow","max-snippet":"max-snippet:-1","max-image-preview":"max-image-preview:large","max-video-preview":"max-video-preview:-1"},"canonical":"https:\/\/www.gesmujer.org\/sitio\/lineas-de-accion\/","og_locale":"es_MX","og_type":"article","og_title":"L\u00cdNEAS DE ACCI\u00d3N - GESMujer &quot;Rosario Castellanos&quot;","og_description":"Contribuimos al bienestar de las mujeres oaxaque\u00f1as para alcanzar una sociedad igualitaria, equitativa y justa. CASA DE LA MUJER Un espacio de an\u00e1lisis y reflexi\u00f3n La abrimos en el a\u00f1o de 1991 con el objetivo de brindar asesor\u00edas psicol\u00f3gicas y legales de manera individual, concentrar informaci\u00f3n especializada en temas de mujeres en el centro de [&hellip;]","og_url":"https:\/\/www.gesmujer.org\/sitio\/lineas-de-accion\/","og_site_name":"GESMujer &quot;Rosario Castellanos&quot;","article_publisher":"https:\/\/www.facebook.com\/gesmujer.rosario.castellanos.ac","article_modified_time":"2018-09-18T22:45:25+00:00","og_image":[{"width":1624,"height":1242,"url":"https:\/\/www.gesmujer.org\/sitio\/wp-content\/uploads\/2023\/07\/tecnologia.png","type":"image\/png"}],"twitter_card":"summary_large_image","twitter_site":"@GES_Mujer","twitter_misc":{"Tiempo de lectura":"2 minutos"},"schema":{"@context":"https:\/\/schema.org","@graph":[{"@type":"WebPage","@id":"https:\/\/www.gesmujer.org\/sitio\/lineas-de-accion\/","url":"https:\/\/www.gesmujer.org\/sitio\/lineas-de-accion\/","name":"L\u00cdNEAS DE ACCI\u00d3N - GESMujer &quot;Rosario Castellanos&quot;","isPartOf":{"@id":"https:\/\/www.gesmujer.org\/sitio\/#website"},"datePublished":"2015-12-10T01:20:13+00:00","dateModified":"2018-09-18T22:45:25+00:00","breadcrumb":{"@id":"https:\/\/www.gesmujer.org\/sitio\/lineas-de-accion\/#breadcrumb"},"inLanguage":"es","potentialAction":[{"@type":"ReadAction","target":["https:\/\/www.gesmujer.org\/sitio\/lineas-de-accion\/"]}]},{"@type":"BreadcrumbList","@id":"https:\/\/www.gesmujer.org\/sitio\/lineas-de-accion\/#breadcrumb","itemListElement":[{"@type":"ListItem","position":1,"name":"Home","item":"https:\/\/www.gesmujer.org\/sitio\/"},{"@type":"ListItem","position":2,"name":"L\u00cdNEAS DE ACCI\u00d3N"}]},{"@type":"WebSite","@id":"https:\/\/www.gesmujer.org\/sitio\/#website","url":"https:\/\/www.gesmujer.org\/sitio\/","name":"GESMujer \"Rosario Castellanos\"","description":"M\u00e1s de 45 a\u00f1os ha llevado a cabo acciones para erradicar la violencia de g\u00e9nero y construir entornos donde las mujeres encuentren su resiliencia, incrementen su agencia y autonom\u00eda que les permita lograr su empoderamiento a trav\u00e9s de cinco l\u00edneas de acci\u00f3n.","publisher":{"@id":"https:\/\/www.gesmujer.org\/sitio\/#organization"},"alternateName":"GESMujer","potentialAction":[{"@type":"SearchAction","target":{"@type":"EntryPoint","urlTemplate":"https:\/\/www.gesmujer.org\/sitio\/?s={search_term_string}"},"query-input":{"@type":"PropertyValueSpecification","valueRequired":true,"valueName":"search_term_string"}}],"inLanguage":"es"},{"@type":"Organization","@id":"https:\/\/www.gesmujer.org\/sitio\/#organization","name":"Grupo de estudios sobre la mujer Rosario Castellanos ac","alternateName":"GESMujer","url":"https:\/\/www.gesmujer.org\/sitio\/","logo":{"@type":"ImageObject","inLanguage":"es","@id":"https:\/\/www.gesmujer.org\/sitio\/#\/schema\/logo\/image\/","url":"https:\/\/www.gesmujer.org\/sitio\/wp-content\/uploads\/2026\/03\/Logo-GESMujer-300.png","contentUrl":"https:\/\/www.gesmujer.org\/sitio\/wp-content\/uploads\/2026\/03\/Logo-GESMujer-300.png","width":300,"height":141,"caption":"Grupo de estudios sobre la mujer Rosario Castellanos ac"},"image":{"@id":"https:\/\/www.gesmujer.org\/sitio\/#\/schema\/logo\/image\/"},"sameAs":["https:\/\/www.facebook.com\/gesmujer.rosario.castellanos.ac","https:\/\/x.com\/GES_Mujer","https:\/\/www.instagram.com\/ges_mujer\/?hl=es","https:\/\/www.youtube.com\/c\/GESMujerRosarioCastellanos\/videos","https:\/\/soundcloud.com\/gesmujerac","https:\/\/www.tiktok.com\/@gesmujer"]}]}},"campaignId":"","_links":{"self":[{"href":"https:\/\/www.gesmujer.org\/sitio\/wp-json\/wp\/v2\/pages\/1364","targetHints":{"allow":["GET"]}}],"collection":[{"href":"https:\/\/www.gesmujer.org\/sitio\/wp-json\/wp\/v2\/pages"}],"about":[{"href":"https:\/\/www.gesmujer.org\/sitio\/wp-json\/wp\/v2\/types\/page"}],"author":[{"embeddable":true,"href":"https:\/\/www.gesmujer.org\/sitio\/wp-json\/wp\/v2\/users\/4"}],"replies":[{"embeddable":true,"href":"https:\/\/www.gesmujer.org\/sitio\/wp-json\/wp\/v2\/comments?post=1364"}],"version-history":[{"count":5,"href":"https:\/\/www.gesmujer.org\/sitio\/wp-json\/wp\/v2\/pages\/1364\/revisions"}],"predecessor-version":[{"id":2905,"href":"https:\/\/www.gesmujer.org\/sitio\/wp-json\/wp\/v2\/pages\/1364\/revisions\/2905"}],"wp:attachment":[{"href":"https:\/\/www.gesmujer.org\/sitio\/wp-json\/wp\/v2\/media?parent=1364"}],"curies":[{"name":"wp","href":"https:\/\/api.w.org\/{rel}","templated":true}]}}