{"id":13701,"date":"2017-03-29T13:16:24","date_gmt":"2017-03-29T13:16:24","guid":{"rendered":"https:\/\/goodwish.qodeinteractive.com\/?page_id=13701"},"modified":"2017-03-29T13:16:24","modified_gmt":"2017-03-29T13:16:24","slug":"ecology-home-2","status":"publish","type":"page","link":"https:\/\/www.gesmujer.org\/sitio\/ecology-home-2\/","title":{"rendered":"Ecology Home"},"content":{"rendered":"[vc_row css=&#8221;.vc_custom_1492689220516{background-color: #f6f4ee !important;}&#8221;][vc_column][rev_slider_vc alias=&#8221;home-4&#8243;][\/vc_column][\/vc_row][vc_row content_width=&#8221;grid&#8221; css=&#8221;.vc_custom_1492519673900{padding-top: 110px !important;padding-bottom: 110px !important;background-image: url(https:\/\/goodwish.qodeinteractive.com\/wp-content\/uploads\/2017\/03\/h4-background-img-1.jpg?id=15846) !important;background-position: 0 0 !important;background-repeat: no-repeat !important;}&#8221;][vc_column][edgtf_elements_holder number_of_columns=&#8221;two-columns&#8221;][edgtf_elements_holder_item item_padding=&#8221;0px 34% 0px 3%&#8221; target=&#8221;_self&#8221; item_padding_1280_1600=&#8221;0px 30% 0px 3%&#8221; item_padding_1024_1280=&#8221;0px 30% 0px 3%&#8221; item_padding_768_1024=&#8221;0px 6% 0px 0%&#8221; item_padding_600_768=&#8221;0px 0% 11px 0%&#8221; item_padding_480=&#8221;0px 0% 0px 0%&#8221;][edgtf_cause_list number=&#8221;1&#8243; columns=&#8221;1&#8243; category=&#8221;rainforest&#8221; item_background_color=&#8221;#ffffff&#8221;][\/edgtf_elements_holder_item][edgtf_elements_holder_item item_padding=&#8221;0px 14% 0px 0%&#8221; target=&#8221;_self&#8221; item_padding_1280_1600=&#8221;0px 12% 0px 0%&#8221; item_padding_1024_1280=&#8221;0px 12% 0px 0%&#8221; item_padding_768_1024=&#8221;0px 0% 0px 1%&#8221; item_padding_600_768=&#8221;40px 3% 0px 0%&#8221; item_padding_480=&#8221;40px 5% 0px 0%&#8221;][vc_column_text]\n<h2>Importance of Rainforest<\/h2>\n[\/vc_column_text][edgtf_separator position=&#8221;left&#8221; color=&#8221;#ffb422&#8243; width=&#8221;55px&#8221; thickness=&#8221;3&#8243; top_margin=&#8221;25px&#8221; bottom_margin=&#8221;25px&#8221;][vc_column_text]Alienum phaedrum torquatos nec eu, vis detraxit periculis ex, nihil expetendis in mei. Mei an pericula euripidis, hinc partem ei est. Eos ei nisl graecis, vix aperiri consequat an. Eius lorem tincidunt vix at, vel pertinax sensibus id, error epicurei mea et. Mea facilisis urbanitas moderatius id.[\/vc_column_text][vc_row_inner content_aligment=&#8221;center&#8221; css=&#8221;.vc_custom_1492519952843{padding-top: 100px !important;}&#8221;][vc_column_inner width=&#8221;1\/2&#8243;][edgtf_pie_chart type_of_central_text=&#8221;percent&#8221; percent=&#8221;90&#8243; title=&#8221;Raised So Far&#8221; inactive_color=&#8221;#ffffff&#8221;][\/vc_column_inner][vc_column_inner width=&#8221;1\/2&#8243;][edgtf_pie_chart type_of_central_text=&#8221;percent&#8221; percent=&#8221;78&#8243; title=&#8221;We Know Why&#8221; inactive_color=&#8221;#ffffff&#8221;][\/vc_column_inner][\/vc_row_inner][\/edgtf_elements_holder_item][\/edgtf_elements_holder][\/vc_column][\/vc_row][vc_row row_type=&#8221;parallax&#8221; content_width=&#8221;grid&#8221; full_screen_section_height=&#8221;no&#8221; section_height=&#8221;740px&#8221; parallax_background_image=&#8221;13747&#8243; css=&#8221;.vc_custom_1492692854364{padding-top: 171px !important;padding-bottom: 180px !important;}&#8221;][vc_column width=&#8221;1\/2&#8243; offset=&#8221;vc_col-lg-3&#8243;][edgtf_counter type=&#8221;zero&#8221; position=&#8221;center&#8221; digit=&#8221;1259&#8243; digit_color=&#8221;#ffffff&#8221; title=&#8221;Donations&#8221; title_color=&#8221;#ffffff&#8221;][\/vc_column][vc_column width=&#8221;1\/2&#8243; offset=&#8221;vc_col-lg-3&#8243;][edgtf_counter type=&#8221;zero&#8221; position=&#8221;center&#8221; digit=&#8221;730&#8243; digit_color=&#8221;#ffffff&#8221; title=&#8221;Volunteers&#8221; title_color=&#8221;#ffffff&#8221;][\/vc_column][vc_column width=&#8221;1\/2&#8243; offset=&#8221;vc_col-lg-3&#8243;][edgtf_counter type=&#8221;zero&#8221; position=&#8221;center&#8221; digit=&#8221;827&#8243; digit_color=&#8221;#ffffff&#8221; title=&#8221;Projects&#8221; title_color=&#8221;#ffffff&#8221;][\/vc_column][vc_column width=&#8221;1\/2&#8243; offset=&#8221;vc_col-lg-3&#8243;][edgtf_counter type=&#8221;zero&#8221; position=&#8221;center&#8221; digit=&#8221;460&#8243; digit_color=&#8221;#ffffff&#8221; title=&#8221;Missions&#8221; title_color=&#8221;#ffffff&#8221;][\/vc_column][\/vc_row][vc_row content_width=&#8221;grid&#8221; css=&#8221;.vc_custom_1491467118205{padding-top: 110px !important;padding-bottom: 101px !important;background-image: url(https:\/\/goodwish.qodeinteractive.com\/wp-content\/uploads\/2017\/03\/h4-background-img-3.jpg?id=14517) !important;background-position: 0 0 !important;background-repeat: no-repeat !important;}&#8221;][vc_column offset=&#8221;vc_col-md-6&#8243;][edgtf_elements_holder][edgtf_elements_holder_item item_padding=&#8221;82px 12% 0px 0%&#8221; target=&#8221;_self&#8221; item_padding_1280_1600=&#8221;81px 10% 0px 0% &#8221; item_padding_768_1024=&#8221;23px 4% 0px 0%&#8221; item_padding_480=&#8221;0px 4% 40px 0%&#8221;][vc_column_text]\n<h2>Latest Event<\/h2>\n[\/vc_column_text][edgtf_separator position=&#8221;left&#8221; color=&#8221;#ffb422&#8243; width=&#8221;55px&#8221; thickness=&#8221;3&#8243; top_margin=&#8221;25px&#8221; bottom_margin=&#8221;25px&#8221;][vc_column_text]Alienum phaedrum torquatos nec eu, vis detraxit periculis ex, nihil expetendis in mei. Mei an pericula euripidis, hinc partem ei est. Eos ei nisl graecis, vix aperiri consequat an. Eius lorem tincidunt vix at, vel pertinax sensibus id, error epicurei mea et. Mea facilisis urbanitas moderatius id.[\/vc_column_text][vc_empty_space][edgtf_progress_bar title=&#8221;Highly Threatened&#8221; percent=&#8221;80&#8243; inactive_color=&#8221;#ffffff&#8221; title_color=&#8221;#212121&#8243; number_color=&#8221;#212121&#8243;][edgtf_progress_bar title=&#8221;Creative Solutions&#8221; percent=&#8221;75&#8243; inactive_color=&#8221;#ffffff&#8221; title_color=&#8221;#212121&#8243; number_color=&#8221;#212121&#8243;][\/edgtf_elements_holder_item][\/edgtf_elements_holder][\/vc_column][vc_column offset=&#8221;vc_col-md-6&#8243;][edgtf_elements_holder][edgtf_elements_holder_item item_padding=&#8221;0px 3% 0px 32%&#8221; target=&#8221;_self&#8221; item_padding_1280_1600=&#8221;0px 3% 0px 20%&#8221; item_padding_1024_1280=&#8221;0px 3% 0px 20%&#8221; item_padding_768_1024=&#8221;0px 3% 0px 11%&#8221; item_padding_600_768=&#8221;100px 0% 0px 0%&#8221; item_padding_480=&#8221;0px 3% 0px 0%&#8221;][edgtf_event_list image_size=&#8221;original&#8221; number=&#8221;1&#8243; columns=&#8221;1&#8243; item_background_color=&#8221;#ffffff&#8221; category=&#8221;rainforest&#8221;][\/edgtf_elements_holder_item][\/edgtf_elements_holder][\/vc_column][\/vc_row][vc_row row_type=&#8221;parallax&#8221; content_width=&#8221;grid&#8221; full_screen_section_height=&#8221;no&#8221; parallax_background_image=&#8221;13795&#8243; css=&#8221;.vc_custom_1492519245420{padding-top: 145px !important;padding-bottom: 145px !important;}&#8221;][vc_column offset=&#8221;vc_col-lg-6&#8243;][edgtf_video_button video_link=&#8221;https:\/\/vimeo.com\/108264858 &#8221; button_size=&#8221;87&#8243; preview_image=&#8221;13799&#8243; button_color=&#8221;#ffffff&#8221;][\/vc_column][vc_column offset=&#8221;vc_col-lg-6&#8243;][edgtf_elements_holder][edgtf_elements_holder_item item_padding=&#8221;42px 0% 0px 12%&#8221; target=&#8221;_self&#8221; item_padding_1280_1600=&#8221;13px 0% 0px 10%&#8221; item_padding_768_1024=&#8221;40px 3% 0px 3% &#8221; item_padding_480=&#8221;40px 0% 0px 0%&#8221;][vc_column_text]\n<h2><span style=\"color: #ffffff;\">Become a\u00a0Volunteer<\/span><\/h2>\n[\/vc_column_text][edgtf_separator position=&#8221;left&#8221; color=&#8221;#ffb422&#8243; width=&#8221;55px&#8221; thickness=&#8221;3&#8243; top_margin=&#8221;25px&#8221; bottom_margin=&#8221;25px&#8221;][vc_column_text]<span style=\"color: #ffffff;\">Alienum phaedrum torquatos nec eu, vis detraxit periculis ex, nihil expetendis in mei. Mei an pericula euripidis, hinc partem ei est. Eos ei nisl graecis, vix aperiri consequat an. Eius lorem tincidunt vix at, vel pertinax sensibus id, error epicurei mea et. Mea facilisis urbanitas moderatius id.<\/span>[\/vc_column_text][\/edgtf_elements_holder_item][\/edgtf_elements_holder][edgtf_elements_holder][edgtf_elements_holder_item item_padding=&#8221;25px 0% 0px 9%&#8221; target=&#8221;_self&#8221; item_padding_1280_1600=&#8221;25px 0% 0px 6%&#8221; item_padding_768_1024=&#8221;25px 0% 0px 0%&#8221; item_padding_480=&#8221;25px 0% 0px 0%&#8221;]<p class=\"wpcf7-contact-form-not-found\"><strong>Error:<\/strong> No se encontr\u00f3 ning\u00fan formulario de contacto.<\/p>[\/edgtf_elements_holder_item][\/edgtf_elements_holder][\/vc_column][\/vc_row]\n","protected":false},"excerpt":{"rendered":"<p>[vc_row css=&#8221;.vc_custom_1492689220516{background-color: #f6f4ee !important;}&#8221;][vc_column][rev_slider_vc alias=&#8221;home-4&#8243;][\/vc_column][\/vc_row][vc_row content_width=&#8221;grid&#8221; css=&#8221;.vc_custom_1492519673900{padding-top: 110px !important;padding-bottom: 110px !important;background-image: url(https:\/\/goodwish.qodeinteractive.com\/wp-content\/uploads\/2017\/03\/h4-background-img-1.jpg?id=15846) !important;background-position: 0 0 !important;background-repeat: no-repeat !important;}&#8221;][vc_column][edgtf_elements_holder number_of_columns=&#8221;two-columns&#8221;][edgtf_elements_holder_item item_padding=&#8221;0px 34% 0px 3%&#8221; target=&#8221;_self&#8221; item_padding_1280_1600=&#8221;0px 30% 0px 3%&#8221; item_padding_1024_1280=&#8221;0px 30% 0px 3%&#8221; item_padding_768_1024=&#8221;0px 6% 0px 0%&#8221; item_padding_600_768=&#8221;0px 0% 11px 0%&#8221; item_padding_480=&#8221;0px 0% 0px 0%&#8221;][edgtf_cause_list number=&#8221;1&#8243; columns=&#8221;1&#8243; category=&#8221;rainforest&#8221; item_background_color=&#8221;#ffffff&#8221;][\/edgtf_elements_holder_item][edgtf_elements_holder_item item_padding=&#8221;0px 14% 0px 0%&#8221; target=&#8221;_self&#8221; item_padding_1280_1600=&#8221;0px 12% [&hellip;]<\/p>\n","protected":false},"author":4,"featured_media":0,"parent":0,"menu_order":0,"comment_status":"closed","ping_status":"closed","template":"full-width.php","meta":{"give_campaign_id":0,"footnotes":""},"class_list":["post-13701","page","type-page","status-publish","hentry"],"yoast_head":"<!-- This site is optimized with the Yoast SEO plugin v27.4 - https:\/\/yoast.com\/product\/yoast-seo-wordpress\/ -->\n<title>Ecology Home - GESMujer &quot;Rosario Castellanos&quot;<\/title>\n<meta name=\"robots\" content=\"index, follow, max-snippet:-1, max-image-preview:large, max-video-preview:-1\" \/>\n<link rel=\"canonical\" href=\"https:\/\/www.gesmujer.org\/sitio\/ecology-home-2\/\" \/>\n<meta property=\"og:locale\" content=\"es_MX\" \/>\n<meta property=\"og:type\" content=\"article\" \/>\n<meta property=\"og:title\" content=\"Ecology Home - GESMujer &quot;Rosario Castellanos&quot;\" \/>\n<meta property=\"og:description\" content=\"[vc_row css=&#8221;.vc_custom_1492689220516{background-color: #f6f4ee !important;}&#8221;][vc_column][rev_slider_vc alias=&#8221;home-4&#8243;][\/vc_column][\/vc_row][vc_row content_width=&#8221;grid&#8221; css=&#8221;.vc_custom_1492519673900{padding-top: 110px !important;padding-bottom: 110px !important;background-image: url(https:\/\/goodwish.qodeinteractive.com\/wp-content\/uploads\/2017\/03\/h4-background-img-1.jpg?id=15846) !important;background-position: 0 0 !important;background-repeat: no-repeat !important;}&#8221;][vc_column][edgtf_elements_holder number_of_columns=&#8221;two-columns&#8221;][edgtf_elements_holder_item item_padding=&#8221;0px 34% 0px 3%&#8221; target=&#8221;_self&#8221; item_padding_1280_1600=&#8221;0px 30% 0px 3%&#8221; item_padding_1024_1280=&#8221;0px 30% 0px 3%&#8221; item_padding_768_1024=&#8221;0px 6% 0px 0%&#8221; item_padding_600_768=&#8221;0px 0% 11px 0%&#8221; item_padding_480=&#8221;0px 0% 0px 0%&#8221;][edgtf_cause_list number=&#8221;1&#8243; columns=&#8221;1&#8243; category=&#8221;rainforest&#8221; item_background_color=&#8221;#ffffff&#8221;][\/edgtf_elements_holder_item][edgtf_elements_holder_item item_padding=&#8221;0px 14% 0px 0%&#8221; target=&#8221;_self&#8221; item_padding_1280_1600=&#8221;0px 12% [&hellip;]\" \/>\n<meta property=\"og:url\" content=\"https:\/\/www.gesmujer.org\/sitio\/ecology-home-2\/\" \/>\n<meta property=\"og:site_name\" content=\"GESMujer &quot;Rosario Castellanos&quot;\" \/>\n<meta property=\"article:publisher\" content=\"https:\/\/www.facebook.com\/gesmujer.rosario.castellanos.ac\" \/>\n<meta property=\"og:image\" content=\"https:\/\/www.gesmujer.org\/sitio\/wp-content\/uploads\/2023\/07\/tecnologia.png\" \/>\n\t<meta property=\"og:image:width\" content=\"1624\" \/>\n\t<meta property=\"og:image:height\" content=\"1242\" \/>\n\t<meta property=\"og:image:type\" content=\"image\/png\" \/>\n<meta name=\"twitter:card\" content=\"summary_large_image\" \/>\n<meta name=\"twitter:site\" content=\"@GES_Mujer\" \/>\n<meta name=\"twitter:label1\" content=\"Tiempo de lectura\" \/>\n\t<meta name=\"twitter:data1\" content=\"4 minutos\" \/>\n<script type=\"application\/ld+json\" class=\"yoast-schema-graph\">{\"@context\":\"https:\\\/\\\/schema.org\",\"@graph\":[{\"@type\":\"WebPage\",\"@id\":\"https:\\\/\\\/www.gesmujer.org\\\/sitio\\\/ecology-home-2\\\/\",\"url\":\"https:\\\/\\\/www.gesmujer.org\\\/sitio\\\/ecology-home-2\\\/\",\"name\":\"Ecology Home - GESMujer &quot;Rosario Castellanos&quot;\",\"isPartOf\":{\"@id\":\"https:\\\/\\\/www.gesmujer.org\\\/sitio\\\/#website\"},\"datePublished\":\"2017-03-29T13:16:24+00:00\",\"breadcrumb\":{\"@id\":\"https:\\\/\\\/www.gesmujer.org\\\/sitio\\\/ecology-home-2\\\/#breadcrumb\"},\"inLanguage\":\"es\",\"potentialAction\":[{\"@type\":\"ReadAction\",\"target\":[\"https:\\\/\\\/www.gesmujer.org\\\/sitio\\\/ecology-home-2\\\/\"]}]},{\"@type\":\"BreadcrumbList\",\"@id\":\"https:\\\/\\\/www.gesmujer.org\\\/sitio\\\/ecology-home-2\\\/#breadcrumb\",\"itemListElement\":[{\"@type\":\"ListItem\",\"position\":1,\"name\":\"Home\",\"item\":\"https:\\\/\\\/www.gesmujer.org\\\/sitio\\\/\"},{\"@type\":\"ListItem\",\"position\":2,\"name\":\"Ecology Home\"}]},{\"@type\":\"WebSite\",\"@id\":\"https:\\\/\\\/www.gesmujer.org\\\/sitio\\\/#website\",\"url\":\"https:\\\/\\\/www.gesmujer.org\\\/sitio\\\/\",\"name\":\"GESMujer \\\"Rosario Castellanos\\\"\",\"description\":\"M\u00e1s de 45 a\u00f1os ha llevado a cabo acciones para erradicar la violencia de g\u00e9nero y construir entornos donde las mujeres encuentren su resiliencia, incrementen su agencia y autonom\u00eda que les permita lograr su empoderamiento a trav\u00e9s de cinco l\u00edneas de acci\u00f3n.\",\"publisher\":{\"@id\":\"https:\\\/\\\/www.gesmujer.org\\\/sitio\\\/#organization\"},\"alternateName\":\"GESMujer\",\"potentialAction\":[{\"@type\":\"SearchAction\",\"target\":{\"@type\":\"EntryPoint\",\"urlTemplate\":\"https:\\\/\\\/www.gesmujer.org\\\/sitio\\\/?s={search_term_string}\"},\"query-input\":{\"@type\":\"PropertyValueSpecification\",\"valueRequired\":true,\"valueName\":\"search_term_string\"}}],\"inLanguage\":\"es\"},{\"@type\":\"Organization\",\"@id\":\"https:\\\/\\\/www.gesmujer.org\\\/sitio\\\/#organization\",\"name\":\"Grupo de estudios sobre la mujer Rosario Castellanos ac\",\"alternateName\":\"GESMujer\",\"url\":\"https:\\\/\\\/www.gesmujer.org\\\/sitio\\\/\",\"logo\":{\"@type\":\"ImageObject\",\"inLanguage\":\"es\",\"@id\":\"https:\\\/\\\/www.gesmujer.org\\\/sitio\\\/#\\\/schema\\\/logo\\\/image\\\/\",\"url\":\"https:\\\/\\\/www.gesmujer.org\\\/sitio\\\/wp-content\\\/uploads\\\/2026\\\/03\\\/Logo-GESMujer-300.png\",\"contentUrl\":\"https:\\\/\\\/www.gesmujer.org\\\/sitio\\\/wp-content\\\/uploads\\\/2026\\\/03\\\/Logo-GESMujer-300.png\",\"width\":300,\"height\":141,\"caption\":\"Grupo de estudios sobre la mujer Rosario Castellanos ac\"},\"image\":{\"@id\":\"https:\\\/\\\/www.gesmujer.org\\\/sitio\\\/#\\\/schema\\\/logo\\\/image\\\/\"},\"sameAs\":[\"https:\\\/\\\/www.facebook.com\\\/gesmujer.rosario.castellanos.ac\",\"https:\\\/\\\/x.com\\\/GES_Mujer\",\"https:\\\/\\\/www.instagram.com\\\/ges_mujer\\\/?hl=es\",\"https:\\\/\\\/www.youtube.com\\\/c\\\/GESMujerRosarioCastellanos\\\/videos\",\"https:\\\/\\\/soundcloud.com\\\/gesmujerac\",\"https:\\\/\\\/www.tiktok.com\\\/@gesmujer\"]}]}<\/script>\n<!-- \/ Yoast SEO plugin. -->","yoast_head_json":{"title":"Ecology Home - GESMujer &quot;Rosario Castellanos&quot;","robots":{"index":"index","follow":"follow","max-snippet":"max-snippet:-1","max-image-preview":"max-image-preview:large","max-video-preview":"max-video-preview:-1"},"canonical":"https:\/\/www.gesmujer.org\/sitio\/ecology-home-2\/","og_locale":"es_MX","og_type":"article","og_title":"Ecology Home - GESMujer &quot;Rosario Castellanos&quot;","og_description":"[vc_row css=&#8221;.vc_custom_1492689220516{background-color: #f6f4ee !important;}&#8221;][vc_column][rev_slider_vc alias=&#8221;home-4&#8243;][\/vc_column][\/vc_row][vc_row content_width=&#8221;grid&#8221; css=&#8221;.vc_custom_1492519673900{padding-top: 110px !important;padding-bottom: 110px !important;background-image: url(https:\/\/goodwish.qodeinteractive.com\/wp-content\/uploads\/2017\/03\/h4-background-img-1.jpg?id=15846) !important;background-position: 0 0 !important;background-repeat: no-repeat !important;}&#8221;][vc_column][edgtf_elements_holder number_of_columns=&#8221;two-columns&#8221;][edgtf_elements_holder_item item_padding=&#8221;0px 34% 0px 3%&#8221; target=&#8221;_self&#8221; item_padding_1280_1600=&#8221;0px 30% 0px 3%&#8221; item_padding_1024_1280=&#8221;0px 30% 0px 3%&#8221; item_padding_768_1024=&#8221;0px 6% 0px 0%&#8221; item_padding_600_768=&#8221;0px 0% 11px 0%&#8221; item_padding_480=&#8221;0px 0% 0px 0%&#8221;][edgtf_cause_list number=&#8221;1&#8243; columns=&#8221;1&#8243; category=&#8221;rainforest&#8221; item_background_color=&#8221;#ffffff&#8221;][\/edgtf_elements_holder_item][edgtf_elements_holder_item item_padding=&#8221;0px 14% 0px 0%&#8221; target=&#8221;_self&#8221; item_padding_1280_1600=&#8221;0px 12% [&hellip;]","og_url":"https:\/\/www.gesmujer.org\/sitio\/ecology-home-2\/","og_site_name":"GESMujer &quot;Rosario Castellanos&quot;","article_publisher":"https:\/\/www.facebook.com\/gesmujer.rosario.castellanos.ac","og_image":[{"width":1624,"height":1242,"url":"https:\/\/www.gesmujer.org\/sitio\/wp-content\/uploads\/2023\/07\/tecnologia.png","type":"image\/png"}],"twitter_card":"summary_large_image","twitter_site":"@GES_Mujer","twitter_misc":{"Tiempo de lectura":"4 minutos"},"schema":{"@context":"https:\/\/schema.org","@graph":[{"@type":"WebPage","@id":"https:\/\/www.gesmujer.org\/sitio\/ecology-home-2\/","url":"https:\/\/www.gesmujer.org\/sitio\/ecology-home-2\/","name":"Ecology Home - GESMujer &quot;Rosario Castellanos&quot;","isPartOf":{"@id":"https:\/\/www.gesmujer.org\/sitio\/#website"},"datePublished":"2017-03-29T13:16:24+00:00","breadcrumb":{"@id":"https:\/\/www.gesmujer.org\/sitio\/ecology-home-2\/#breadcrumb"},"inLanguage":"es","potentialAction":[{"@type":"ReadAction","target":["https:\/\/www.gesmujer.org\/sitio\/ecology-home-2\/"]}]},{"@type":"BreadcrumbList","@id":"https:\/\/www.gesmujer.org\/sitio\/ecology-home-2\/#breadcrumb","itemListElement":[{"@type":"ListItem","position":1,"name":"Home","item":"https:\/\/www.gesmujer.org\/sitio\/"},{"@type":"ListItem","position":2,"name":"Ecology Home"}]},{"@type":"WebSite","@id":"https:\/\/www.gesmujer.org\/sitio\/#website","url":"https:\/\/www.gesmujer.org\/sitio\/","name":"GESMujer \"Rosario Castellanos\"","description":"M\u00e1s de 45 a\u00f1os ha llevado a cabo acciones para erradicar la violencia de g\u00e9nero y construir entornos donde las mujeres encuentren su resiliencia, incrementen su agencia y autonom\u00eda que les permita lograr su empoderamiento a trav\u00e9s de cinco l\u00edneas de acci\u00f3n.","publisher":{"@id":"https:\/\/www.gesmujer.org\/sitio\/#organization"},"alternateName":"GESMujer","potentialAction":[{"@type":"SearchAction","target":{"@type":"EntryPoint","urlTemplate":"https:\/\/www.gesmujer.org\/sitio\/?s={search_term_string}"},"query-input":{"@type":"PropertyValueSpecification","valueRequired":true,"valueName":"search_term_string"}}],"inLanguage":"es"},{"@type":"Organization","@id":"https:\/\/www.gesmujer.org\/sitio\/#organization","name":"Grupo de estudios sobre la mujer Rosario Castellanos ac","alternateName":"GESMujer","url":"https:\/\/www.gesmujer.org\/sitio\/","logo":{"@type":"ImageObject","inLanguage":"es","@id":"https:\/\/www.gesmujer.org\/sitio\/#\/schema\/logo\/image\/","url":"https:\/\/www.gesmujer.org\/sitio\/wp-content\/uploads\/2026\/03\/Logo-GESMujer-300.png","contentUrl":"https:\/\/www.gesmujer.org\/sitio\/wp-content\/uploads\/2026\/03\/Logo-GESMujer-300.png","width":300,"height":141,"caption":"Grupo de estudios sobre la mujer Rosario Castellanos ac"},"image":{"@id":"https:\/\/www.gesmujer.org\/sitio\/#\/schema\/logo\/image\/"},"sameAs":["https:\/\/www.facebook.com\/gesmujer.rosario.castellanos.ac","https:\/\/x.com\/GES_Mujer","https:\/\/www.instagram.com\/ges_mujer\/?hl=es","https:\/\/www.youtube.com\/c\/GESMujerRosarioCastellanos\/videos","https:\/\/soundcloud.com\/gesmujerac","https:\/\/www.tiktok.com\/@gesmujer"]}]}},"campaignId":"","_links":{"self":[{"href":"https:\/\/www.gesmujer.org\/sitio\/wp-json\/wp\/v2\/pages\/13701","targetHints":{"allow":["GET"]}}],"collection":[{"href":"https:\/\/www.gesmujer.org\/sitio\/wp-json\/wp\/v2\/pages"}],"about":[{"href":"https:\/\/www.gesmujer.org\/sitio\/wp-json\/wp\/v2\/types\/page"}],"author":[{"embeddable":true,"href":"https:\/\/www.gesmujer.org\/sitio\/wp-json\/wp\/v2\/users\/4"}],"replies":[{"embeddable":true,"href":"https:\/\/www.gesmujer.org\/sitio\/wp-json\/wp\/v2\/comments?post=13701"}],"version-history":[{"count":0,"href":"https:\/\/www.gesmujer.org\/sitio\/wp-json\/wp\/v2\/pages\/13701\/revisions"}],"wp:attachment":[{"href":"https:\/\/www.gesmujer.org\/sitio\/wp-json\/wp\/v2\/media?parent=13701"}],"curies":[{"name":"wp","href":"https:\/\/api.w.org\/{rel}","templated":true}]}}