{"id":14017,"date":"2017-03-30T13:46:11","date_gmt":"2017-03-30T13:46:11","guid":{"rendered":"https:\/\/goodwish.qodeinteractive.com\/?page_id=14017"},"modified":"2017-03-30T13:46:11","modified_gmt":"2017-03-30T13:46:11","slug":"become-a-volunteer-2","status":"publish","type":"page","link":"https:\/\/www.gesmujer.org\/sitio\/become-a-volunteer-2\/","title":{"rendered":"Become A Volunteer"},"content":{"rendered":"[vc_row content_width=&#8221;grid&#8221; css=&#8221;.vc_custom_1491393816282{background-image: url(https:\/\/goodwish.qodeinteractive.com\/wp-content\/uploads\/2017\/03\/image-volunteer-1.jpg?id=14018) !important;background-position: center !important;background-repeat: no-repeat !important;background-size: cover !important;}&#8221;][vc_column][edgtf_elements_holder number_of_columns=&#8221;two-columns&#8221;][edgtf_elements_holder_item item_padding=&#8221;4% 16% 0% 16%&#8221; horizontal_aligment=&#8221;center&#8221; target=&#8221;_self&#8221; item_padding_1280_1600=&#8221;7% 11% 0% 11%&#8221; item_padding_1024_1280=&#8221;7% 11% 0% 11%&#8221; item_padding_768_1024=&#8221;6% 4% 0% 4%&#8221; item_padding_600_768=&#8221;6% 4% 0% 4%&#8221; item_padding_480_600=&#8221;13% 1% 2% 1&#8243; item_padding_480=&#8221;13% 1% 2% 1&#8243;][vc_column_text]\n<h2>Register in:<\/h2>\n[\/vc_column_text][vc_empty_space height=&#8221;35px&#8221;][vc_column_text]Alienum phaedrum torquatos nec eu, vis detraxit periculis ex, nihil expetendis in mei. Mei an pericula euripidis, hinc partem ei est\u00a0phaedrum torquatos nec eu, vis detraxit periculis\u00a0nihil expetendis in mei.[\/vc_column_text][vc_empty_space height=&#8221;35px&#8221;][\/edgtf_elements_holder_item][\/edgtf_elements_holder][edgtf_elements_holder number_of_columns=&#8221;two-columns&#8221; switch_to_one_column=&#8221;1024&#8243;][edgtf_elements_holder_item item_padding=&#8221;6% 15% 10% 14%&#8221; target=&#8221;_self&#8221; item_padding_1280_1600=&#8221;6% 10% 10% 3%&#8221; item_padding_1024_1280=&#8221;7% 13% 10% 6%&#8221; item_padding_768_1024=&#8221;4% 9% 1% 9%&#8221; item_padding_600_768=&#8221;3% 4% 3% 6%&#8221; item_padding_480_600=&#8221;3% 2% 2% 4%&#8221; item_padding_480=&#8221;3% 2% 2% 4%&#8221;][vc_column_text]\n<h3>Requirements<\/h3>\n[\/vc_column_text][vc_empty_space height=&#8221;35px&#8221;][vc_column_text]Alienum phaedrum torquatos nec eu, vis detraxit periculis ex, nihil expetendis in mei. Mei an pericula euripidis, hinc partem ei est. Eos ei nisl graecis, vix aperiri consequat anlorem tincidunt vix at, vel pertinax sensibus iderror epicurei mea et. Mea facilisis urbanitas moderatius id. Vis ei rationibus definiebas, eu qui purto zril[\/vc_column_text][vc_empty_space height=&#8221;35px&#8221;][edgtf_icon_list_item icon_pack=&#8221;font_awesome&#8221; fa_icon=&#8221;fa-check&#8221; font_weight=&#8221;&#8221; title=&#8221;Eos ei nisl graecis, vix aperiri consequat. &#8220;][edgtf_icon_list_item icon_pack=&#8221;font_awesome&#8221; fa_icon=&#8221;fa-check&#8221; font_weight=&#8221;&#8221; title=&#8221;Alienum phaedrum torquatos. &#8220;][edgtf_icon_list_item icon_pack=&#8221;font_awesome&#8221; fa_icon=&#8221;fa-check&#8221; font_weight=&#8221;&#8221; title=&#8221;Eius lorem tincidunt vixat.&#8221;][edgtf_icon_list_item icon_pack=&#8221;font_awesome&#8221; fa_icon=&#8221;fa-check&#8221; font_weight=&#8221;&#8221; title=&#8221;Facilisis urbanitas moderatius.&#8221;][vc_empty_space height=&#8221;60px&#8221;][vc_column_text]\n<h3>Process<\/h3>\n[\/vc_column_text][vc_empty_space height=&#8221;35px&#8221;][vc_column_text]Alienum phaedrum torquatos nec eu, vis detraxit periculis ex, nihil expetendis in mei. Mei an pericula euripidis, hinc partem ei est. Eos ei nisl graecis, vix aperiri consequat anlorem tincidunt vix at, vel pertinax sensibus iderror epicurei mea et. Mea facilisis urbanitas moderatius id. Vis ei rationibus definiebas, eu qui purto zril laoreet. Ex error omnium interpretaris pro, alia illum ea vim.[\/vc_column_text][vc_empty_space height=&#8221;60px&#8221;][edgtf_title_with_number title=&#8221;+99 123 4567&#8243; title_color=&#8221;#fcbf48&#8243;][vc_empty_space height=&#8221;60px&#8221;][\/edgtf_elements_holder_item][edgtf_elements_holder_item item_padding=&#8221;0% 14% 12% 5%&#8221; target=&#8221;_self&#8221; item_padding_1280_1600=&#8221;0% 2% 12% 8%&#8221; item_padding_1024_1280=&#8221;0% 6% 0% 7%&#8221; item_padding_768_1024=&#8221;4% 8% 8% 8%&#8221; item_padding_600_768=&#8221;0% 7% 9% 7%&#8221; item_padding_480_600=&#8221;1% 3% 17% 3%&#8221; item_padding_480=&#8221;1% 3% 17% 3%&#8221;]<p class=\"wpcf7-contact-form-not-found\"><strong>Error:<\/strong> No se encontr\u00f3 ning\u00fan formulario de contacto.<\/p>[\/edgtf_elements_holder_item][\/edgtf_elements_holder][\/vc_column][\/vc_row]\n","protected":false},"excerpt":{"rendered":"<p>[vc_row content_width=&#8221;grid&#8221; css=&#8221;.vc_custom_1491393816282{background-image: url(https:\/\/goodwish.qodeinteractive.com\/wp-content\/uploads\/2017\/03\/image-volunteer-1.jpg?id=14018) !important;background-position: center !important;background-repeat: no-repeat !important;background-size: cover !important;}&#8221;][vc_column][edgtf_elements_holder number_of_columns=&#8221;two-columns&#8221;][edgtf_elements_holder_item item_padding=&#8221;4% 16% 0% 16%&#8221; horizontal_aligment=&#8221;center&#8221; target=&#8221;_self&#8221; item_padding_1280_1600=&#8221;7% 11% 0% 11%&#8221; item_padding_1024_1280=&#8221;7% 11% 0% 11%&#8221; item_padding_768_1024=&#8221;6% 4% 0% 4%&#8221; item_padding_600_768=&#8221;6% 4% 0% 4%&#8221; item_padding_480_600=&#8221;13% 1% 2% 1&#8243; item_padding_480=&#8221;13% 1% 2% 1&#8243;][vc_column_text] Register in: [\/vc_column_text][vc_empty_space height=&#8221;35px&#8221;][vc_column_text]Alienum phaedrum torquatos nec eu, vis detraxit periculis ex, nihil [&hellip;]<\/p>\n","protected":false},"author":4,"featured_media":0,"parent":0,"menu_order":0,"comment_status":"closed","ping_status":"closed","template":"","meta":{"give_campaign_id":0,"footnotes":""},"class_list":["post-14017","page","type-page","status-publish","hentry"],"yoast_head":"<!-- This site is optimized with the Yoast SEO plugin v27.4 - https:\/\/yoast.com\/product\/yoast-seo-wordpress\/ -->\n<title>Become A Volunteer - GESMujer &quot;Rosario Castellanos&quot;<\/title>\n<meta name=\"robots\" content=\"index, follow, max-snippet:-1, max-image-preview:large, max-video-preview:-1\" \/>\n<link rel=\"canonical\" href=\"https:\/\/www.gesmujer.org\/sitio\/become-a-volunteer-2\/\" \/>\n<meta property=\"og:locale\" content=\"es_MX\" \/>\n<meta property=\"og:type\" content=\"article\" \/>\n<meta property=\"og:title\" content=\"Become A Volunteer - GESMujer &quot;Rosario Castellanos&quot;\" \/>\n<meta property=\"og:description\" content=\"[vc_row content_width=&#8221;grid&#8221; css=&#8221;.vc_custom_1491393816282{background-image: url(https:\/\/goodwish.qodeinteractive.com\/wp-content\/uploads\/2017\/03\/image-volunteer-1.jpg?id=14018) !important;background-position: center !important;background-repeat: no-repeat !important;background-size: cover !important;}&#8221;][vc_column][edgtf_elements_holder number_of_columns=&#8221;two-columns&#8221;][edgtf_elements_holder_item item_padding=&#8221;4% 16% 0% 16%&#8221; horizontal_aligment=&#8221;center&#8221; target=&#8221;_self&#8221; item_padding_1280_1600=&#8221;7% 11% 0% 11%&#8221; item_padding_1024_1280=&#8221;7% 11% 0% 11%&#8221; item_padding_768_1024=&#8221;6% 4% 0% 4%&#8221; item_padding_600_768=&#8221;6% 4% 0% 4%&#8221; item_padding_480_600=&#8221;13% 1% 2% 1&#8243; item_padding_480=&#8221;13% 1% 2% 1&#8243;][vc_column_text] Register in: [\/vc_column_text][vc_empty_space height=&#8221;35px&#8221;][vc_column_text]Alienum phaedrum torquatos nec eu, vis detraxit periculis ex, nihil [&hellip;]\" \/>\n<meta property=\"og:url\" content=\"https:\/\/www.gesmujer.org\/sitio\/become-a-volunteer-2\/\" \/>\n<meta property=\"og:site_name\" content=\"GESMujer &quot;Rosario Castellanos&quot;\" \/>\n<meta property=\"article:publisher\" content=\"https:\/\/www.facebook.com\/gesmujer.rosario.castellanos.ac\" \/>\n<meta property=\"og:image\" content=\"https:\/\/www.gesmujer.org\/sitio\/wp-content\/uploads\/2023\/07\/tecnologia.png\" \/>\n\t<meta property=\"og:image:width\" content=\"1624\" \/>\n\t<meta property=\"og:image:height\" content=\"1242\" \/>\n\t<meta property=\"og:image:type\" content=\"image\/png\" \/>\n<meta name=\"twitter:card\" content=\"summary_large_image\" \/>\n<meta name=\"twitter:site\" content=\"@GES_Mujer\" \/>\n<meta name=\"twitter:label1\" content=\"Tiempo de lectura\" \/>\n\t<meta name=\"twitter:data1\" content=\"2 minutos\" \/>\n<script type=\"application\/ld+json\" class=\"yoast-schema-graph\">{\"@context\":\"https:\\\/\\\/schema.org\",\"@graph\":[{\"@type\":\"WebPage\",\"@id\":\"https:\\\/\\\/www.gesmujer.org\\\/sitio\\\/become-a-volunteer-2\\\/\",\"url\":\"https:\\\/\\\/www.gesmujer.org\\\/sitio\\\/become-a-volunteer-2\\\/\",\"name\":\"Become A Volunteer - GESMujer &quot;Rosario Castellanos&quot;\",\"isPartOf\":{\"@id\":\"https:\\\/\\\/www.gesmujer.org\\\/sitio\\\/#website\"},\"datePublished\":\"2017-03-30T13:46:11+00:00\",\"breadcrumb\":{\"@id\":\"https:\\\/\\\/www.gesmujer.org\\\/sitio\\\/become-a-volunteer-2\\\/#breadcrumb\"},\"inLanguage\":\"es\",\"potentialAction\":[{\"@type\":\"ReadAction\",\"target\":[\"https:\\\/\\\/www.gesmujer.org\\\/sitio\\\/become-a-volunteer-2\\\/\"]}]},{\"@type\":\"BreadcrumbList\",\"@id\":\"https:\\\/\\\/www.gesmujer.org\\\/sitio\\\/become-a-volunteer-2\\\/#breadcrumb\",\"itemListElement\":[{\"@type\":\"ListItem\",\"position\":1,\"name\":\"Home\",\"item\":\"https:\\\/\\\/www.gesmujer.org\\\/sitio\\\/\"},{\"@type\":\"ListItem\",\"position\":2,\"name\":\"Become A Volunteer\"}]},{\"@type\":\"WebSite\",\"@id\":\"https:\\\/\\\/www.gesmujer.org\\\/sitio\\\/#website\",\"url\":\"https:\\\/\\\/www.gesmujer.org\\\/sitio\\\/\",\"name\":\"GESMujer \\\"Rosario Castellanos\\\"\",\"description\":\"M\u00e1s de 45 a\u00f1os ha llevado a cabo acciones para erradicar la violencia de g\u00e9nero y construir entornos donde las mujeres encuentren su resiliencia, incrementen su agencia y autonom\u00eda que les permita lograr su empoderamiento a trav\u00e9s de cinco l\u00edneas de acci\u00f3n.\",\"publisher\":{\"@id\":\"https:\\\/\\\/www.gesmujer.org\\\/sitio\\\/#organization\"},\"alternateName\":\"GESMujer\",\"potentialAction\":[{\"@type\":\"SearchAction\",\"target\":{\"@type\":\"EntryPoint\",\"urlTemplate\":\"https:\\\/\\\/www.gesmujer.org\\\/sitio\\\/?s={search_term_string}\"},\"query-input\":{\"@type\":\"PropertyValueSpecification\",\"valueRequired\":true,\"valueName\":\"search_term_string\"}}],\"inLanguage\":\"es\"},{\"@type\":\"Organization\",\"@id\":\"https:\\\/\\\/www.gesmujer.org\\\/sitio\\\/#organization\",\"name\":\"Grupo de estudios sobre la mujer Rosario Castellanos ac\",\"alternateName\":\"GESMujer\",\"url\":\"https:\\\/\\\/www.gesmujer.org\\\/sitio\\\/\",\"logo\":{\"@type\":\"ImageObject\",\"inLanguage\":\"es\",\"@id\":\"https:\\\/\\\/www.gesmujer.org\\\/sitio\\\/#\\\/schema\\\/logo\\\/image\\\/\",\"url\":\"https:\\\/\\\/www.gesmujer.org\\\/sitio\\\/wp-content\\\/uploads\\\/2026\\\/03\\\/Logo-GESMujer-300.png\",\"contentUrl\":\"https:\\\/\\\/www.gesmujer.org\\\/sitio\\\/wp-content\\\/uploads\\\/2026\\\/03\\\/Logo-GESMujer-300.png\",\"width\":300,\"height\":141,\"caption\":\"Grupo de estudios sobre la mujer Rosario Castellanos ac\"},\"image\":{\"@id\":\"https:\\\/\\\/www.gesmujer.org\\\/sitio\\\/#\\\/schema\\\/logo\\\/image\\\/\"},\"sameAs\":[\"https:\\\/\\\/www.facebook.com\\\/gesmujer.rosario.castellanos.ac\",\"https:\\\/\\\/x.com\\\/GES_Mujer\",\"https:\\\/\\\/www.instagram.com\\\/ges_mujer\\\/?hl=es\",\"https:\\\/\\\/www.youtube.com\\\/c\\\/GESMujerRosarioCastellanos\\\/videos\",\"https:\\\/\\\/soundcloud.com\\\/gesmujerac\",\"https:\\\/\\\/www.tiktok.com\\\/@gesmujer\"]}]}<\/script>\n<!-- \/ Yoast SEO plugin. -->","yoast_head_json":{"title":"Become A Volunteer - GESMujer &quot;Rosario Castellanos&quot;","robots":{"index":"index","follow":"follow","max-snippet":"max-snippet:-1","max-image-preview":"max-image-preview:large","max-video-preview":"max-video-preview:-1"},"canonical":"https:\/\/www.gesmujer.org\/sitio\/become-a-volunteer-2\/","og_locale":"es_MX","og_type":"article","og_title":"Become A Volunteer - GESMujer &quot;Rosario Castellanos&quot;","og_description":"[vc_row content_width=&#8221;grid&#8221; css=&#8221;.vc_custom_1491393816282{background-image: url(https:\/\/goodwish.qodeinteractive.com\/wp-content\/uploads\/2017\/03\/image-volunteer-1.jpg?id=14018) !important;background-position: center !important;background-repeat: no-repeat !important;background-size: cover !important;}&#8221;][vc_column][edgtf_elements_holder number_of_columns=&#8221;two-columns&#8221;][edgtf_elements_holder_item item_padding=&#8221;4% 16% 0% 16%&#8221; horizontal_aligment=&#8221;center&#8221; target=&#8221;_self&#8221; item_padding_1280_1600=&#8221;7% 11% 0% 11%&#8221; item_padding_1024_1280=&#8221;7% 11% 0% 11%&#8221; item_padding_768_1024=&#8221;6% 4% 0% 4%&#8221; item_padding_600_768=&#8221;6% 4% 0% 4%&#8221; item_padding_480_600=&#8221;13% 1% 2% 1&#8243; item_padding_480=&#8221;13% 1% 2% 1&#8243;][vc_column_text] Register in: [\/vc_column_text][vc_empty_space height=&#8221;35px&#8221;][vc_column_text]Alienum phaedrum torquatos nec eu, vis detraxit periculis ex, nihil [&hellip;]","og_url":"https:\/\/www.gesmujer.org\/sitio\/become-a-volunteer-2\/","og_site_name":"GESMujer &quot;Rosario Castellanos&quot;","article_publisher":"https:\/\/www.facebook.com\/gesmujer.rosario.castellanos.ac","og_image":[{"width":1624,"height":1242,"url":"https:\/\/www.gesmujer.org\/sitio\/wp-content\/uploads\/2023\/07\/tecnologia.png","type":"image\/png"}],"twitter_card":"summary_large_image","twitter_site":"@GES_Mujer","twitter_misc":{"Tiempo de lectura":"2 minutos"},"schema":{"@context":"https:\/\/schema.org","@graph":[{"@type":"WebPage","@id":"https:\/\/www.gesmujer.org\/sitio\/become-a-volunteer-2\/","url":"https:\/\/www.gesmujer.org\/sitio\/become-a-volunteer-2\/","name":"Become A Volunteer - GESMujer &quot;Rosario Castellanos&quot;","isPartOf":{"@id":"https:\/\/www.gesmujer.org\/sitio\/#website"},"datePublished":"2017-03-30T13:46:11+00:00","breadcrumb":{"@id":"https:\/\/www.gesmujer.org\/sitio\/become-a-volunteer-2\/#breadcrumb"},"inLanguage":"es","potentialAction":[{"@type":"ReadAction","target":["https:\/\/www.gesmujer.org\/sitio\/become-a-volunteer-2\/"]}]},{"@type":"BreadcrumbList","@id":"https:\/\/www.gesmujer.org\/sitio\/become-a-volunteer-2\/#breadcrumb","itemListElement":[{"@type":"ListItem","position":1,"name":"Home","item":"https:\/\/www.gesmujer.org\/sitio\/"},{"@type":"ListItem","position":2,"name":"Become A Volunteer"}]},{"@type":"WebSite","@id":"https:\/\/www.gesmujer.org\/sitio\/#website","url":"https:\/\/www.gesmujer.org\/sitio\/","name":"GESMujer \"Rosario Castellanos\"","description":"M\u00e1s de 45 a\u00f1os ha llevado a cabo acciones para erradicar la violencia de g\u00e9nero y construir entornos donde las mujeres encuentren su resiliencia, incrementen su agencia y autonom\u00eda que les permita lograr su empoderamiento a trav\u00e9s de cinco l\u00edneas de acci\u00f3n.","publisher":{"@id":"https:\/\/www.gesmujer.org\/sitio\/#organization"},"alternateName":"GESMujer","potentialAction":[{"@type":"SearchAction","target":{"@type":"EntryPoint","urlTemplate":"https:\/\/www.gesmujer.org\/sitio\/?s={search_term_string}"},"query-input":{"@type":"PropertyValueSpecification","valueRequired":true,"valueName":"search_term_string"}}],"inLanguage":"es"},{"@type":"Organization","@id":"https:\/\/www.gesmujer.org\/sitio\/#organization","name":"Grupo de estudios sobre la mujer Rosario Castellanos ac","alternateName":"GESMujer","url":"https:\/\/www.gesmujer.org\/sitio\/","logo":{"@type":"ImageObject","inLanguage":"es","@id":"https:\/\/www.gesmujer.org\/sitio\/#\/schema\/logo\/image\/","url":"https:\/\/www.gesmujer.org\/sitio\/wp-content\/uploads\/2026\/03\/Logo-GESMujer-300.png","contentUrl":"https:\/\/www.gesmujer.org\/sitio\/wp-content\/uploads\/2026\/03\/Logo-GESMujer-300.png","width":300,"height":141,"caption":"Grupo de estudios sobre la mujer Rosario Castellanos ac"},"image":{"@id":"https:\/\/www.gesmujer.org\/sitio\/#\/schema\/logo\/image\/"},"sameAs":["https:\/\/www.facebook.com\/gesmujer.rosario.castellanos.ac","https:\/\/x.com\/GES_Mujer","https:\/\/www.instagram.com\/ges_mujer\/?hl=es","https:\/\/www.youtube.com\/c\/GESMujerRosarioCastellanos\/videos","https:\/\/soundcloud.com\/gesmujerac","https:\/\/www.tiktok.com\/@gesmujer"]}]}},"campaignId":"","_links":{"self":[{"href":"https:\/\/www.gesmujer.org\/sitio\/wp-json\/wp\/v2\/pages\/14017","targetHints":{"allow":["GET"]}}],"collection":[{"href":"https:\/\/www.gesmujer.org\/sitio\/wp-json\/wp\/v2\/pages"}],"about":[{"href":"https:\/\/www.gesmujer.org\/sitio\/wp-json\/wp\/v2\/types\/page"}],"author":[{"embeddable":true,"href":"https:\/\/www.gesmujer.org\/sitio\/wp-json\/wp\/v2\/users\/4"}],"replies":[{"embeddable":true,"href":"https:\/\/www.gesmujer.org\/sitio\/wp-json\/wp\/v2\/comments?post=14017"}],"version-history":[{"count":0,"href":"https:\/\/www.gesmujer.org\/sitio\/wp-json\/wp\/v2\/pages\/14017\/revisions"}],"wp:attachment":[{"href":"https:\/\/www.gesmujer.org\/sitio\/wp-json\/wp\/v2\/media?parent=14017"}],"curies":[{"name":"wp","href":"https:\/\/api.w.org\/{rel}","templated":true}]}}