{"id":2753,"date":"2018-02-04T09:06:36","date_gmt":"2018-02-04T15:06:36","guid":{"rendered":"http:\/\/www.gesmujer.org\/sitio\/?page_id=2753"},"modified":"2018-06-04T09:08:09","modified_gmt":"2018-06-04T15:08:09","slug":"demanda-organismo-civil-justicia-por-crimenes-de-mujeres","status":"publish","type":"page","link":"https:\/\/www.gesmujer.org\/sitio\/demanda-organismo-civil-justicia-por-crimenes-de-mujeres\/","title":{"rendered":"Demanda organismo civil justicia por cr\u00edmenes de mujeres"},"content":{"rendered":"<p><a href=\"http:\/\/www.gesmujer.org\/SITIO\/wp-content\/uploads\/\/2018\/06\/img.jpg\"><img fetchpriority=\"high\" decoding=\"async\" class=\"aligncenter size-full wp-image-2754\" src=\"http:\/\/www.gesmujer.org\/SITIO\/wp-content\/uploads\/\/2018\/06\/img.jpg\" alt=\"\" width=\"651\" height=\"400\" srcset=\"https:\/\/www.gesmujer.org\/sitio\/wp-content\/uploads\/2018\/06\/img.jpg 651w, https:\/\/www.gesmujer.org\/sitio\/wp-content\/uploads\/2018\/06\/img-600x369.jpg 600w, https:\/\/www.gesmujer.org\/sitio\/wp-content\/uploads\/2018\/06\/img-300x184.jpg 300w\" sizes=\"(max-width: 651px) 100vw, 651px\" \/><\/a><\/p>\n<p>El Grupo de Estudios sobre la Mujer &#8216;Rosario Castellanos&#8217; (GESMujer) conden\u00f3 el ataque armado y asesinato de tres personas, entre ellas dos mujeres, ocurrido hoy en Juchit\u00e1n, y exigi\u00f3 al gobierno de Oaxaca la aplicaci\u00f3n de justicia.<\/p>\n<p>La fot\u00f3grafa oaxaque\u00f1a Mar\u00eda del Sol Cruz Jarqu\u00edn, hija de la reconocida periodista Soledad Jarqu\u00edn Edgar, fue asesinada la madrugada de este s\u00e1bado durante la agresi\u00f3n a balazos de la candidata a segunda concejal del ayuntamiento de Juchit\u00e1n de Zaragoza, por el Partido Revolucionario Institucional (PRI), Pamela Ter\u00e1n Pineda, quien tambi\u00e9n muri\u00f3.<\/p>\n<p>El crimen, donde tambi\u00e9n fue asesinado el conductor de la candidata, ocurri\u00f3 cuando los tres hab\u00edan salido de un restaurante del centro de este municipio de la regi\u00f3n del Istmo de Tehuantepec.<\/p>\n<p>&#8220;Por la cercan\u00eda que el GESMujer ha tenido por muchos a\u00f1os con la periodista Soledad Jarqu\u00edn, consideramos que es un hecho aberrante y se convierte en un asesinato violento por el que exigimos que el gobierno del estado asuma su responsabilidad, en todos sus niveles&#8221;, declar\u00f3 la presidenta de la asociaci\u00f3n civil, Ximena Avellaneda.<\/p>\n<p>Explic\u00f3 adem\u00e1s que la joven fot\u00f3grafa trabajaba en el \u00e1rea de comunicaci\u00f3n de la Secretar\u00eda de Asuntos Ind\u00edgenas y desde esa oficina fue comisionada para cubrir las actividades proselitistas del candidato a la presidencia municipal de Juchit\u00e1n por la coalici\u00f3n de los Partidos Revolucionario Institucional, Verde Ecologista de M\u00e9xico y Nueva Alianza, Hageo Montero L\u00f3pez, motivo por el cual Mar\u00eda del Sol se encontraba con la aspirante a segunda concejal, cuando fueron baleadas.<\/p>\n<p>En tanto, Pamela Ter\u00e1n Pineda, fue candidata hace dos a\u00f1os a la presidencia municipal de Juchit\u00e1n y en la actual administraci\u00f3n se desempe\u00f1\u00f3 como regidora de Energ\u00eda, cargo del cual pidi\u00f3 licencia para integrarse a la planilla de Hageo Montero L\u00f3pez.<\/p>\n","protected":false},"excerpt":{"rendered":"<p>El Grupo de Estudios sobre la Mujer &#8216;Rosario Castellanos&#8217; (GESMujer) conden\u00f3 el ataque armado y asesinato de tres personas, entre ellas dos mujeres, ocurrido hoy en Juchit\u00e1n, y exigi\u00f3 al gobierno de Oaxaca la aplicaci\u00f3n de justicia. La fot\u00f3grafa oaxaque\u00f1a Mar\u00eda del Sol Cruz Jarqu\u00edn, hija de la reconocida periodista Soledad Jarqu\u00edn Edgar, fue asesinada [&hellip;]<\/p>\n","protected":false},"author":4,"featured_media":2754,"parent":0,"menu_order":0,"comment_status":"closed","ping_status":"closed","template":"","meta":{"give_campaign_id":0,"footnotes":""},"class_list":["post-2753","page","type-page","status-publish","has-post-thumbnail","hentry"],"yoast_head":"<!-- This site is optimized with the Yoast SEO plugin v27.4 - https:\/\/yoast.com\/product\/yoast-seo-wordpress\/ -->\n<title>Demanda organismo civil justicia por cr\u00edmenes de mujeres - GESMujer &quot;Rosario Castellanos&quot;<\/title>\n<meta name=\"robots\" content=\"index, follow, max-snippet:-1, max-image-preview:large, max-video-preview:-1\" \/>\n<link rel=\"canonical\" href=\"https:\/\/www.gesmujer.org\/sitio\/demanda-organismo-civil-justicia-por-crimenes-de-mujeres\/\" \/>\n<meta property=\"og:locale\" content=\"es_MX\" \/>\n<meta property=\"og:type\" content=\"article\" \/>\n<meta property=\"og:title\" content=\"Demanda organismo civil justicia por cr\u00edmenes de mujeres - GESMujer &quot;Rosario Castellanos&quot;\" \/>\n<meta property=\"og:description\" content=\"El Grupo de Estudios sobre la Mujer &#8216;Rosario Castellanos&#8217; (GESMujer) conden\u00f3 el ataque armado y asesinato de tres personas, entre ellas dos mujeres, ocurrido hoy en Juchit\u00e1n, y exigi\u00f3 al gobierno de Oaxaca la aplicaci\u00f3n de justicia. La fot\u00f3grafa oaxaque\u00f1a Mar\u00eda del Sol Cruz Jarqu\u00edn, hija de la reconocida periodista Soledad Jarqu\u00edn Edgar, fue asesinada [&hellip;]\" \/>\n<meta property=\"og:url\" content=\"https:\/\/www.gesmujer.org\/sitio\/demanda-organismo-civil-justicia-por-crimenes-de-mujeres\/\" \/>\n<meta property=\"og:site_name\" content=\"GESMujer &quot;Rosario Castellanos&quot;\" \/>\n<meta property=\"article:publisher\" content=\"https:\/\/www.facebook.com\/gesmujer.rosario.castellanos.ac\" \/>\n<meta property=\"article:modified_time\" content=\"2018-06-04T15:08:09+00:00\" \/>\n<meta property=\"og:image\" content=\"https:\/\/www.gesmujer.org\/sitio\/wp-content\/uploads\/2018\/06\/img.jpg\" \/>\n\t<meta property=\"og:image:width\" content=\"651\" \/>\n\t<meta property=\"og:image:height\" content=\"400\" \/>\n\t<meta property=\"og:image:type\" content=\"image\/jpeg\" \/>\n<meta name=\"twitter:card\" content=\"summary_large_image\" \/>\n<meta name=\"twitter:site\" content=\"@GES_Mujer\" \/>\n<meta name=\"twitter:label1\" content=\"Tiempo de lectura\" \/>\n\t<meta name=\"twitter:data1\" content=\"2 minutos\" \/>\n<script type=\"application\/ld+json\" class=\"yoast-schema-graph\">{\"@context\":\"https:\\\/\\\/schema.org\",\"@graph\":[{\"@type\":\"WebPage\",\"@id\":\"https:\\\/\\\/www.gesmujer.org\\\/sitio\\\/demanda-organismo-civil-justicia-por-crimenes-de-mujeres\\\/\",\"url\":\"https:\\\/\\\/www.gesmujer.org\\\/sitio\\\/demanda-organismo-civil-justicia-por-crimenes-de-mujeres\\\/\",\"name\":\"Demanda organismo civil justicia por cr\u00edmenes de mujeres - GESMujer &quot;Rosario Castellanos&quot;\",\"isPartOf\":{\"@id\":\"https:\\\/\\\/www.gesmujer.org\\\/sitio\\\/#website\"},\"primaryImageOfPage\":{\"@id\":\"https:\\\/\\\/www.gesmujer.org\\\/sitio\\\/demanda-organismo-civil-justicia-por-crimenes-de-mujeres\\\/#primaryimage\"},\"image\":{\"@id\":\"https:\\\/\\\/www.gesmujer.org\\\/sitio\\\/demanda-organismo-civil-justicia-por-crimenes-de-mujeres\\\/#primaryimage\"},\"thumbnailUrl\":\"https:\\\/\\\/www.gesmujer.org\\\/sitio\\\/wp-content\\\/uploads\\\/2018\\\/06\\\/img.jpg\",\"datePublished\":\"2018-02-04T15:06:36+00:00\",\"dateModified\":\"2018-06-04T15:08:09+00:00\",\"breadcrumb\":{\"@id\":\"https:\\\/\\\/www.gesmujer.org\\\/sitio\\\/demanda-organismo-civil-justicia-por-crimenes-de-mujeres\\\/#breadcrumb\"},\"inLanguage\":\"es\",\"potentialAction\":[{\"@type\":\"ReadAction\",\"target\":[\"https:\\\/\\\/www.gesmujer.org\\\/sitio\\\/demanda-organismo-civil-justicia-por-crimenes-de-mujeres\\\/\"]}]},{\"@type\":\"ImageObject\",\"inLanguage\":\"es\",\"@id\":\"https:\\\/\\\/www.gesmujer.org\\\/sitio\\\/demanda-organismo-civil-justicia-por-crimenes-de-mujeres\\\/#primaryimage\",\"url\":\"https:\\\/\\\/www.gesmujer.org\\\/sitio\\\/wp-content\\\/uploads\\\/2018\\\/06\\\/img.jpg\",\"contentUrl\":\"https:\\\/\\\/www.gesmujer.org\\\/sitio\\\/wp-content\\\/uploads\\\/2018\\\/06\\\/img.jpg\",\"width\":651,\"height\":400},{\"@type\":\"BreadcrumbList\",\"@id\":\"https:\\\/\\\/www.gesmujer.org\\\/sitio\\\/demanda-organismo-civil-justicia-por-crimenes-de-mujeres\\\/#breadcrumb\",\"itemListElement\":[{\"@type\":\"ListItem\",\"position\":1,\"name\":\"Home\",\"item\":\"https:\\\/\\\/www.gesmujer.org\\\/sitio\\\/\"},{\"@type\":\"ListItem\",\"position\":2,\"name\":\"Demanda organismo civil justicia por cr\u00edmenes de mujeres\"}]},{\"@type\":\"WebSite\",\"@id\":\"https:\\\/\\\/www.gesmujer.org\\\/sitio\\\/#website\",\"url\":\"https:\\\/\\\/www.gesmujer.org\\\/sitio\\\/\",\"name\":\"GESMujer \\\"Rosario Castellanos\\\"\",\"description\":\"M\u00e1s de 45 a\u00f1os ha llevado a cabo acciones para erradicar la violencia de g\u00e9nero y construir entornos donde las mujeres encuentren su resiliencia, incrementen su agencia y autonom\u00eda que les permita lograr su empoderamiento a trav\u00e9s de cinco l\u00edneas de acci\u00f3n.\",\"publisher\":{\"@id\":\"https:\\\/\\\/www.gesmujer.org\\\/sitio\\\/#organization\"},\"alternateName\":\"GESMujer\",\"potentialAction\":[{\"@type\":\"SearchAction\",\"target\":{\"@type\":\"EntryPoint\",\"urlTemplate\":\"https:\\\/\\\/www.gesmujer.org\\\/sitio\\\/?s={search_term_string}\"},\"query-input\":{\"@type\":\"PropertyValueSpecification\",\"valueRequired\":true,\"valueName\":\"search_term_string\"}}],\"inLanguage\":\"es\"},{\"@type\":\"Organization\",\"@id\":\"https:\\\/\\\/www.gesmujer.org\\\/sitio\\\/#organization\",\"name\":\"Grupo de estudios sobre la mujer Rosario Castellanos ac\",\"alternateName\":\"GESMujer\",\"url\":\"https:\\\/\\\/www.gesmujer.org\\\/sitio\\\/\",\"logo\":{\"@type\":\"ImageObject\",\"inLanguage\":\"es\",\"@id\":\"https:\\\/\\\/www.gesmujer.org\\\/sitio\\\/#\\\/schema\\\/logo\\\/image\\\/\",\"url\":\"https:\\\/\\\/www.gesmujer.org\\\/sitio\\\/wp-content\\\/uploads\\\/2026\\\/03\\\/Logo-GESMujer-300.png\",\"contentUrl\":\"https:\\\/\\\/www.gesmujer.org\\\/sitio\\\/wp-content\\\/uploads\\\/2026\\\/03\\\/Logo-GESMujer-300.png\",\"width\":300,\"height\":141,\"caption\":\"Grupo de estudios sobre la mujer Rosario Castellanos ac\"},\"image\":{\"@id\":\"https:\\\/\\\/www.gesmujer.org\\\/sitio\\\/#\\\/schema\\\/logo\\\/image\\\/\"},\"sameAs\":[\"https:\\\/\\\/www.facebook.com\\\/gesmujer.rosario.castellanos.ac\",\"https:\\\/\\\/x.com\\\/GES_Mujer\",\"https:\\\/\\\/www.instagram.com\\\/ges_mujer\\\/?hl=es\",\"https:\\\/\\\/www.youtube.com\\\/c\\\/GESMujerRosarioCastellanos\\\/videos\",\"https:\\\/\\\/soundcloud.com\\\/gesmujerac\",\"https:\\\/\\\/www.tiktok.com\\\/@gesmujer\"]}]}<\/script>\n<!-- \/ Yoast SEO plugin. -->","yoast_head_json":{"title":"Demanda organismo civil justicia por cr\u00edmenes de mujeres - GESMujer &quot;Rosario Castellanos&quot;","robots":{"index":"index","follow":"follow","max-snippet":"max-snippet:-1","max-image-preview":"max-image-preview:large","max-video-preview":"max-video-preview:-1"},"canonical":"https:\/\/www.gesmujer.org\/sitio\/demanda-organismo-civil-justicia-por-crimenes-de-mujeres\/","og_locale":"es_MX","og_type":"article","og_title":"Demanda organismo civil justicia por cr\u00edmenes de mujeres - GESMujer &quot;Rosario Castellanos&quot;","og_description":"El Grupo de Estudios sobre la Mujer &#8216;Rosario Castellanos&#8217; (GESMujer) conden\u00f3 el ataque armado y asesinato de tres personas, entre ellas dos mujeres, ocurrido hoy en Juchit\u00e1n, y exigi\u00f3 al gobierno de Oaxaca la aplicaci\u00f3n de justicia. La fot\u00f3grafa oaxaque\u00f1a Mar\u00eda del Sol Cruz Jarqu\u00edn, hija de la reconocida periodista Soledad Jarqu\u00edn Edgar, fue asesinada [&hellip;]","og_url":"https:\/\/www.gesmujer.org\/sitio\/demanda-organismo-civil-justicia-por-crimenes-de-mujeres\/","og_site_name":"GESMujer &quot;Rosario Castellanos&quot;","article_publisher":"https:\/\/www.facebook.com\/gesmujer.rosario.castellanos.ac","article_modified_time":"2018-06-04T15:08:09+00:00","og_image":[{"width":651,"height":400,"url":"https:\/\/www.gesmujer.org\/sitio\/wp-content\/uploads\/2018\/06\/img.jpg","type":"image\/jpeg"}],"twitter_card":"summary_large_image","twitter_site":"@GES_Mujer","twitter_misc":{"Tiempo de lectura":"2 minutos"},"schema":{"@context":"https:\/\/schema.org","@graph":[{"@type":"WebPage","@id":"https:\/\/www.gesmujer.org\/sitio\/demanda-organismo-civil-justicia-por-crimenes-de-mujeres\/","url":"https:\/\/www.gesmujer.org\/sitio\/demanda-organismo-civil-justicia-por-crimenes-de-mujeres\/","name":"Demanda organismo civil justicia por cr\u00edmenes de mujeres - GESMujer &quot;Rosario Castellanos&quot;","isPartOf":{"@id":"https:\/\/www.gesmujer.org\/sitio\/#website"},"primaryImageOfPage":{"@id":"https:\/\/www.gesmujer.org\/sitio\/demanda-organismo-civil-justicia-por-crimenes-de-mujeres\/#primaryimage"},"image":{"@id":"https:\/\/www.gesmujer.org\/sitio\/demanda-organismo-civil-justicia-por-crimenes-de-mujeres\/#primaryimage"},"thumbnailUrl":"https:\/\/www.gesmujer.org\/sitio\/wp-content\/uploads\/2018\/06\/img.jpg","datePublished":"2018-02-04T15:06:36+00:00","dateModified":"2018-06-04T15:08:09+00:00","breadcrumb":{"@id":"https:\/\/www.gesmujer.org\/sitio\/demanda-organismo-civil-justicia-por-crimenes-de-mujeres\/#breadcrumb"},"inLanguage":"es","potentialAction":[{"@type":"ReadAction","target":["https:\/\/www.gesmujer.org\/sitio\/demanda-organismo-civil-justicia-por-crimenes-de-mujeres\/"]}]},{"@type":"ImageObject","inLanguage":"es","@id":"https:\/\/www.gesmujer.org\/sitio\/demanda-organismo-civil-justicia-por-crimenes-de-mujeres\/#primaryimage","url":"https:\/\/www.gesmujer.org\/sitio\/wp-content\/uploads\/2018\/06\/img.jpg","contentUrl":"https:\/\/www.gesmujer.org\/sitio\/wp-content\/uploads\/2018\/06\/img.jpg","width":651,"height":400},{"@type":"BreadcrumbList","@id":"https:\/\/www.gesmujer.org\/sitio\/demanda-organismo-civil-justicia-por-crimenes-de-mujeres\/#breadcrumb","itemListElement":[{"@type":"ListItem","position":1,"name":"Home","item":"https:\/\/www.gesmujer.org\/sitio\/"},{"@type":"ListItem","position":2,"name":"Demanda organismo civil justicia por cr\u00edmenes de mujeres"}]},{"@type":"WebSite","@id":"https:\/\/www.gesmujer.org\/sitio\/#website","url":"https:\/\/www.gesmujer.org\/sitio\/","name":"GESMujer \"Rosario Castellanos\"","description":"M\u00e1s de 45 a\u00f1os ha llevado a cabo acciones para erradicar la violencia de g\u00e9nero y construir entornos donde las mujeres encuentren su resiliencia, incrementen su agencia y autonom\u00eda que les permita lograr su empoderamiento a trav\u00e9s de cinco l\u00edneas de acci\u00f3n.","publisher":{"@id":"https:\/\/www.gesmujer.org\/sitio\/#organization"},"alternateName":"GESMujer","potentialAction":[{"@type":"SearchAction","target":{"@type":"EntryPoint","urlTemplate":"https:\/\/www.gesmujer.org\/sitio\/?s={search_term_string}"},"query-input":{"@type":"PropertyValueSpecification","valueRequired":true,"valueName":"search_term_string"}}],"inLanguage":"es"},{"@type":"Organization","@id":"https:\/\/www.gesmujer.org\/sitio\/#organization","name":"Grupo de estudios sobre la mujer Rosario Castellanos ac","alternateName":"GESMujer","url":"https:\/\/www.gesmujer.org\/sitio\/","logo":{"@type":"ImageObject","inLanguage":"es","@id":"https:\/\/www.gesmujer.org\/sitio\/#\/schema\/logo\/image\/","url":"https:\/\/www.gesmujer.org\/sitio\/wp-content\/uploads\/2026\/03\/Logo-GESMujer-300.png","contentUrl":"https:\/\/www.gesmujer.org\/sitio\/wp-content\/uploads\/2026\/03\/Logo-GESMujer-300.png","width":300,"height":141,"caption":"Grupo de estudios sobre la mujer Rosario Castellanos ac"},"image":{"@id":"https:\/\/www.gesmujer.org\/sitio\/#\/schema\/logo\/image\/"},"sameAs":["https:\/\/www.facebook.com\/gesmujer.rosario.castellanos.ac","https:\/\/x.com\/GES_Mujer","https:\/\/www.instagram.com\/ges_mujer\/?hl=es","https:\/\/www.youtube.com\/c\/GESMujerRosarioCastellanos\/videos","https:\/\/soundcloud.com\/gesmujerac","https:\/\/www.tiktok.com\/@gesmujer"]}]}},"campaignId":"","_links":{"self":[{"href":"https:\/\/www.gesmujer.org\/sitio\/wp-json\/wp\/v2\/pages\/2753","targetHints":{"allow":["GET"]}}],"collection":[{"href":"https:\/\/www.gesmujer.org\/sitio\/wp-json\/wp\/v2\/pages"}],"about":[{"href":"https:\/\/www.gesmujer.org\/sitio\/wp-json\/wp\/v2\/types\/page"}],"author":[{"embeddable":true,"href":"https:\/\/www.gesmujer.org\/sitio\/wp-json\/wp\/v2\/users\/4"}],"replies":[{"embeddable":true,"href":"https:\/\/www.gesmujer.org\/sitio\/wp-json\/wp\/v2\/comments?post=2753"}],"version-history":[{"count":1,"href":"https:\/\/www.gesmujer.org\/sitio\/wp-json\/wp\/v2\/pages\/2753\/revisions"}],"predecessor-version":[{"id":2755,"href":"https:\/\/www.gesmujer.org\/sitio\/wp-json\/wp\/v2\/pages\/2753\/revisions\/2755"}],"wp:featuredmedia":[{"embeddable":true,"href":"https:\/\/www.gesmujer.org\/sitio\/wp-json\/wp\/v2\/media\/2754"}],"wp:attachment":[{"href":"https:\/\/www.gesmujer.org\/sitio\/wp-json\/wp\/v2\/media?parent=2753"}],"curies":[{"name":"wp","href":"https:\/\/api.w.org\/{rel}","templated":true}]}}