{"id":3365,"date":"2019-05-14T22:35:00","date_gmt":"2019-05-15T04:35:00","guid":{"rendered":"https:\/\/www.gesmujer.org\/web\/?page_id=3365"},"modified":"2021-07-15T15:19:23","modified_gmt":"2021-07-15T21:19:23","slug":"inicio","status":"publish","type":"page","link":"https:\/\/www.gesmujer.org\/sitio\/inicio\/","title":{"rendered":"Inicio"},"content":{"rendered":"\n<b>Somos  una organizaci\u00f3n feminista con m\u00e1s de 40 a\u00f1os de experiencia que enfoca sus esfuerzos en ni\u00f1as, j\u00f3venes y mujeres para que desarrollen poder sobre sus vidas y fortalezcan liderazgos desde una perspectiva de equidad de g\u00e9nero y una visi\u00f3n intercultural, que les permita participar activamente en la transformaci\u00f3n de cada una de sus comunidades y en la defensa de sus derechos a la igualdad, a decidir sobre su cuerpo, a una vida libre de violencias y a su inclusi\u00f3n en el desarrollo social. \n\n\n\n<div class=\"wp-block-columns has-4-columns is-layout-flex wp-container-core-columns-is-layout-9d6595d7 wp-block-columns-is-layout-flex\">\n<div class=\"wp-block-column is-layout-flow wp-block-column-is-layout-flow\"><\/div>\n\n\n\n<div class=\"wp-block-column is-layout-flow wp-block-column-is-layout-flow\"><\/div>\n\n\n\n<div class=\"wp-block-column is-layout-flow wp-block-column-is-layout-flow\"><\/div>\n\n\n\n<div class=\"wp-block-column is-layout-flow wp-block-column-is-layout-flow\"><\/div>\n<\/div>\n\n\n\n<hr class=\"wp-block-separator\"\/>\n\n\n\n<p>&nbsp;<\/p>\n\n\n\n<figure class=\"wp-block-image size-large\"><a href=\"https:\/\/www.gesmujer.org\/web\/wp-content\/uploads\/2020\/08\/Cartel-GESMujer-Jun_2020-scaled.jpg\"><img fetchpriority=\"high\" decoding=\"async\" width=\"1024\" height=\"342\" src=\"https:\/\/www.gesmujer.org\/web\/wp-content\/uploads\/2020\/08\/Portada-TW-GES062020-1-1024x342.jpg\" alt=\"\" class=\"wp-image-5747\" srcset=\"https:\/\/www.gesmujer.org\/sitio\/wp-content\/uploads\/2020\/08\/Portada-TW-GES062020-1-1024x342.jpg 1024w, https:\/\/www.gesmujer.org\/sitio\/wp-content\/uploads\/2020\/08\/Portada-TW-GES062020-1-scaled-1080x361.jpg 1080w, https:\/\/www.gesmujer.org\/sitio\/wp-content\/uploads\/2020\/08\/Portada-TW-GES062020-1-300x100.jpg 300w, https:\/\/www.gesmujer.org\/sitio\/wp-content\/uploads\/2020\/08\/Portada-TW-GES062020-1-768x256.jpg 768w, https:\/\/www.gesmujer.org\/sitio\/wp-content\/uploads\/2020\/08\/Portada-TW-GES062020-1-1536x513.jpg 1536w, https:\/\/www.gesmujer.org\/sitio\/wp-content\/uploads\/2020\/08\/Portada-TW-GES062020-1-2048x684.jpg 2048w, https:\/\/www.gesmujer.org\/sitio\/wp-content\/uploads\/2020\/08\/Portada-TW-GES062020-1-180x60.jpg 180w\" sizes=\"(max-width: 1024px) 100vw, 1024px\" \/><\/a><\/figure>\n\n\n\n<hr class=\"wp-block-separator\"\/>\n\n\n<ul class=\"wp-block-latest-posts__list wp-block-latest-posts\"><li><a class=\"wp-block-latest-posts__post-title\" href=\"https:\/\/www.gesmujer.org\/sitio\/palabras-que-construyen-igualdad\/\">Palabras que construyen igualdad<\/a><\/li>\n<li><a class=\"wp-block-latest-posts__post-title\" href=\"https:\/\/www.gesmujer.org\/sitio\/reflexion-y-el-aprendizaje-con-enfoque-de-genero\/\">Reflexi\u00f3n y aprendizaje con enfoque de g\u00e9nero<\/a><\/li>\n<li><a class=\"wp-block-latest-posts__post-title\" href=\"https:\/\/www.gesmujer.org\/sitio\/inicia-el-diplomado-genero-e-interculturalidad\/\">Inicia el Diplomado \u201cG\u00e9nero e Interculturalidad\u201d<\/a><\/li>\n<li><a class=\"wp-block-latest-posts__post-title\" href=\"https:\/\/www.gesmujer.org\/sitio\/cuidarme-no-es-egoismo\/\">Cuidarme no es ego\u00edsmo<\/a><\/li>\n<li><a class=\"wp-block-latest-posts__post-title\" href=\"https:\/\/www.gesmujer.org\/sitio\/a-7-anos-de-la-avg-en-oaxaca-761-mujeres-asesinadas\/\">A 7 a\u00f1os de la AVG en Oaxaca: 761 mujeres asesinadas<\/a><\/li>\n<\/ul>","protected":false},"excerpt":{"rendered":"<p>Somos una organizaci\u00f3n feminista con m\u00e1s de 40 a\u00f1os de experiencia que enfoca sus esfuerzos en ni\u00f1as, j\u00f3venes y mujeres para que desarrollen poder sobre sus vidas y fortalezcan liderazgos desde una perspectiva de equidad de g\u00e9nero y una visi\u00f3n intercultural, que les permita participar activamente en la transformaci\u00f3n de cada una de sus comunidades [&hellip;]<\/p>\n","protected":false},"author":4,"featured_media":0,"parent":0,"menu_order":0,"comment_status":"closed","ping_status":"closed","template":"","meta":{"give_campaign_id":0,"footnotes":""},"class_list":["post-3365","page","type-page","status-publish","hentry"],"yoast_head":"<!-- This site is optimized with the Yoast SEO plugin v27.2 - https:\/\/yoast.com\/product\/yoast-seo-wordpress\/ -->\n<title>Inicio - GESMujer &quot;Rosario Castellanos&quot;<\/title>\n<meta name=\"robots\" content=\"index, follow, max-snippet:-1, max-image-preview:large, max-video-preview:-1\" \/>\n<link rel=\"canonical\" href=\"https:\/\/www.gesmujer.org\/sitio\/inicio\/\" \/>\n<meta property=\"og:locale\" content=\"es_MX\" \/>\n<meta property=\"og:type\" content=\"article\" \/>\n<meta property=\"og:title\" content=\"Inicio - GESMujer &quot;Rosario Castellanos&quot;\" \/>\n<meta property=\"og:description\" content=\"Somos una organizaci\u00f3n feminista con m\u00e1s de 40 a\u00f1os de experiencia que enfoca sus esfuerzos en ni\u00f1as, j\u00f3venes y mujeres para que desarrollen poder sobre sus vidas y fortalezcan liderazgos desde una perspectiva de equidad de g\u00e9nero y una visi\u00f3n intercultural, que les permita participar activamente en la transformaci\u00f3n de cada una de sus comunidades [&hellip;]\" \/>\n<meta property=\"og:url\" content=\"https:\/\/www.gesmujer.org\/sitio\/inicio\/\" \/>\n<meta property=\"og:site_name\" content=\"GESMujer &quot;Rosario Castellanos&quot;\" \/>\n<meta property=\"article:publisher\" content=\"https:\/\/www.facebook.com\/gesmujer.rosario.castellanos.ac\" \/>\n<meta property=\"article:modified_time\" content=\"2021-07-15T21:19:23+00:00\" \/>\n<meta property=\"og:image\" content=\"https:\/\/www.gesmujer.org\/web\/wp-content\/uploads\/2020\/08\/Portada-TW-GES062020-1-1024x342.jpg\" \/>\n<meta name=\"twitter:card\" content=\"summary_large_image\" \/>\n<meta name=\"twitter:site\" content=\"@GES_Mujer\" \/>\n<script type=\"application\/ld+json\" class=\"yoast-schema-graph\">{\"@context\":\"https:\/\/schema.org\",\"@graph\":[{\"@type\":\"WebPage\",\"@id\":\"https:\/\/www.gesmujer.org\/sitio\/inicio\/\",\"url\":\"https:\/\/www.gesmujer.org\/sitio\/inicio\/\",\"name\":\"Inicio - GESMujer &quot;Rosario Castellanos&quot;\",\"isPartOf\":{\"@id\":\"https:\/\/www.gesmujer.org\/sitio\/#website\"},\"primaryImageOfPage\":{\"@id\":\"https:\/\/www.gesmujer.org\/sitio\/inicio\/#primaryimage\"},\"image\":{\"@id\":\"https:\/\/www.gesmujer.org\/sitio\/inicio\/#primaryimage\"},\"thumbnailUrl\":\"https:\/\/www.gesmujer.org\/web\/wp-content\/uploads\/2020\/08\/Portada-TW-GES062020-1-1024x342.jpg\",\"datePublished\":\"2019-05-15T04:35:00+00:00\",\"dateModified\":\"2021-07-15T21:19:23+00:00\",\"breadcrumb\":{\"@id\":\"https:\/\/www.gesmujer.org\/sitio\/inicio\/#breadcrumb\"},\"inLanguage\":\"es\",\"potentialAction\":[{\"@type\":\"ReadAction\",\"target\":[\"https:\/\/www.gesmujer.org\/sitio\/inicio\/\"]}]},{\"@type\":\"ImageObject\",\"inLanguage\":\"es\",\"@id\":\"https:\/\/www.gesmujer.org\/sitio\/inicio\/#primaryimage\",\"url\":\"https:\/\/www.gesmujer.org\/web\/wp-content\/uploads\/2020\/08\/Portada-TW-GES062020-1-1024x342.jpg\",\"contentUrl\":\"https:\/\/www.gesmujer.org\/web\/wp-content\/uploads\/2020\/08\/Portada-TW-GES062020-1-1024x342.jpg\"},{\"@type\":\"BreadcrumbList\",\"@id\":\"https:\/\/www.gesmujer.org\/sitio\/inicio\/#breadcrumb\",\"itemListElement\":[{\"@type\":\"ListItem\",\"position\":1,\"name\":\"Home\",\"item\":\"https:\/\/www.gesmujer.org\/sitio\/\"},{\"@type\":\"ListItem\",\"position\":2,\"name\":\"Inicio\"}]},{\"@type\":\"WebSite\",\"@id\":\"https:\/\/www.gesmujer.org\/sitio\/#website\",\"url\":\"https:\/\/www.gesmujer.org\/sitio\/\",\"name\":\"GESMujer \\\"Rosario Castellanos\\\"\",\"description\":\"M\u00e1s de 45 a\u00f1os ha llevado a cabo acciones para erradicar la violencia de g\u00e9nero y construir entornos donde las mujeres encuentren su resiliencia, incrementen su agencia y autonom\u00eda que les permita lograr su empoderamiento a trav\u00e9s de cinco l\u00edneas de acci\u00f3n.\",\"publisher\":{\"@id\":\"https:\/\/www.gesmujer.org\/sitio\/#organization\"},\"alternateName\":\"GESMujer\",\"potentialAction\":[{\"@type\":\"SearchAction\",\"target\":{\"@type\":\"EntryPoint\",\"urlTemplate\":\"https:\/\/www.gesmujer.org\/sitio\/?s={search_term_string}\"},\"query-input\":{\"@type\":\"PropertyValueSpecification\",\"valueRequired\":true,\"valueName\":\"search_term_string\"}}],\"inLanguage\":\"es\"},{\"@type\":\"Organization\",\"@id\":\"https:\/\/www.gesmujer.org\/sitio\/#organization\",\"name\":\"Grupo de estudios sobre la mujer Rosario Castellanos ac\",\"alternateName\":\"GESMujer\",\"url\":\"https:\/\/www.gesmujer.org\/sitio\/\",\"logo\":{\"@type\":\"ImageObject\",\"inLanguage\":\"es\",\"@id\":\"https:\/\/www.gesmujer.org\/sitio\/#\/schema\/logo\/image\/\",\"url\":\"https:\/\/www.gesmujer.org\/sitio\/wp-content\/uploads\/2026\/03\/Logo-GESMujer-300.png\",\"contentUrl\":\"https:\/\/www.gesmujer.org\/sitio\/wp-content\/uploads\/2026\/03\/Logo-GESMujer-300.png\",\"width\":300,\"height\":141,\"caption\":\"Grupo de estudios sobre la mujer Rosario Castellanos ac\"},\"image\":{\"@id\":\"https:\/\/www.gesmujer.org\/sitio\/#\/schema\/logo\/image\/\"},\"sameAs\":[\"https:\/\/www.facebook.com\/gesmujer.rosario.castellanos.ac\",\"https:\/\/x.com\/GES_Mujer\",\"https:\/\/www.instagram.com\/ges_mujer\/?hl=es\",\"https:\/\/www.youtube.com\/c\/GESMujerRosarioCastellanos\/videos\",\"https:\/\/soundcloud.com\/gesmujerac\",\"https:\/\/www.tiktok.com\/@gesmujer\"]}]}<\/script>\n<!-- \/ Yoast SEO plugin. -->","yoast_head_json":{"title":"Inicio - GESMujer &quot;Rosario Castellanos&quot;","robots":{"index":"index","follow":"follow","max-snippet":"max-snippet:-1","max-image-preview":"max-image-preview:large","max-video-preview":"max-video-preview:-1"},"canonical":"https:\/\/www.gesmujer.org\/sitio\/inicio\/","og_locale":"es_MX","og_type":"article","og_title":"Inicio - GESMujer &quot;Rosario Castellanos&quot;","og_description":"Somos una organizaci\u00f3n feminista con m\u00e1s de 40 a\u00f1os de experiencia que enfoca sus esfuerzos en ni\u00f1as, j\u00f3venes y mujeres para que desarrollen poder sobre sus vidas y fortalezcan liderazgos desde una perspectiva de equidad de g\u00e9nero y una visi\u00f3n intercultural, que les permita participar activamente en la transformaci\u00f3n de cada una de sus comunidades [&hellip;]","og_url":"https:\/\/www.gesmujer.org\/sitio\/inicio\/","og_site_name":"GESMujer &quot;Rosario Castellanos&quot;","article_publisher":"https:\/\/www.facebook.com\/gesmujer.rosario.castellanos.ac","article_modified_time":"2021-07-15T21:19:23+00:00","og_image":[{"url":"https:\/\/www.gesmujer.org\/web\/wp-content\/uploads\/2020\/08\/Portada-TW-GES062020-1-1024x342.jpg","type":"","width":"","height":""}],"twitter_card":"summary_large_image","twitter_site":"@GES_Mujer","schema":{"@context":"https:\/\/schema.org","@graph":[{"@type":"WebPage","@id":"https:\/\/www.gesmujer.org\/sitio\/inicio\/","url":"https:\/\/www.gesmujer.org\/sitio\/inicio\/","name":"Inicio - GESMujer &quot;Rosario Castellanos&quot;","isPartOf":{"@id":"https:\/\/www.gesmujer.org\/sitio\/#website"},"primaryImageOfPage":{"@id":"https:\/\/www.gesmujer.org\/sitio\/inicio\/#primaryimage"},"image":{"@id":"https:\/\/www.gesmujer.org\/sitio\/inicio\/#primaryimage"},"thumbnailUrl":"https:\/\/www.gesmujer.org\/web\/wp-content\/uploads\/2020\/08\/Portada-TW-GES062020-1-1024x342.jpg","datePublished":"2019-05-15T04:35:00+00:00","dateModified":"2021-07-15T21:19:23+00:00","breadcrumb":{"@id":"https:\/\/www.gesmujer.org\/sitio\/inicio\/#breadcrumb"},"inLanguage":"es","potentialAction":[{"@type":"ReadAction","target":["https:\/\/www.gesmujer.org\/sitio\/inicio\/"]}]},{"@type":"ImageObject","inLanguage":"es","@id":"https:\/\/www.gesmujer.org\/sitio\/inicio\/#primaryimage","url":"https:\/\/www.gesmujer.org\/web\/wp-content\/uploads\/2020\/08\/Portada-TW-GES062020-1-1024x342.jpg","contentUrl":"https:\/\/www.gesmujer.org\/web\/wp-content\/uploads\/2020\/08\/Portada-TW-GES062020-1-1024x342.jpg"},{"@type":"BreadcrumbList","@id":"https:\/\/www.gesmujer.org\/sitio\/inicio\/#breadcrumb","itemListElement":[{"@type":"ListItem","position":1,"name":"Home","item":"https:\/\/www.gesmujer.org\/sitio\/"},{"@type":"ListItem","position":2,"name":"Inicio"}]},{"@type":"WebSite","@id":"https:\/\/www.gesmujer.org\/sitio\/#website","url":"https:\/\/www.gesmujer.org\/sitio\/","name":"GESMujer \"Rosario Castellanos\"","description":"M\u00e1s de 45 a\u00f1os ha llevado a cabo acciones para erradicar la violencia de g\u00e9nero y construir entornos donde las mujeres encuentren su resiliencia, incrementen su agencia y autonom\u00eda que les permita lograr su empoderamiento a trav\u00e9s de cinco l\u00edneas de acci\u00f3n.","publisher":{"@id":"https:\/\/www.gesmujer.org\/sitio\/#organization"},"alternateName":"GESMujer","potentialAction":[{"@type":"SearchAction","target":{"@type":"EntryPoint","urlTemplate":"https:\/\/www.gesmujer.org\/sitio\/?s={search_term_string}"},"query-input":{"@type":"PropertyValueSpecification","valueRequired":true,"valueName":"search_term_string"}}],"inLanguage":"es"},{"@type":"Organization","@id":"https:\/\/www.gesmujer.org\/sitio\/#organization","name":"Grupo de estudios sobre la mujer Rosario Castellanos ac","alternateName":"GESMujer","url":"https:\/\/www.gesmujer.org\/sitio\/","logo":{"@type":"ImageObject","inLanguage":"es","@id":"https:\/\/www.gesmujer.org\/sitio\/#\/schema\/logo\/image\/","url":"https:\/\/www.gesmujer.org\/sitio\/wp-content\/uploads\/2026\/03\/Logo-GESMujer-300.png","contentUrl":"https:\/\/www.gesmujer.org\/sitio\/wp-content\/uploads\/2026\/03\/Logo-GESMujer-300.png","width":300,"height":141,"caption":"Grupo de estudios sobre la mujer Rosario Castellanos ac"},"image":{"@id":"https:\/\/www.gesmujer.org\/sitio\/#\/schema\/logo\/image\/"},"sameAs":["https:\/\/www.facebook.com\/gesmujer.rosario.castellanos.ac","https:\/\/x.com\/GES_Mujer","https:\/\/www.instagram.com\/ges_mujer\/?hl=es","https:\/\/www.youtube.com\/c\/GESMujerRosarioCastellanos\/videos","https:\/\/soundcloud.com\/gesmujerac","https:\/\/www.tiktok.com\/@gesmujer"]}]}},"campaignId":"","_links":{"self":[{"href":"https:\/\/www.gesmujer.org\/sitio\/wp-json\/wp\/v2\/pages\/3365","targetHints":{"allow":["GET"]}}],"collection":[{"href":"https:\/\/www.gesmujer.org\/sitio\/wp-json\/wp\/v2\/pages"}],"about":[{"href":"https:\/\/www.gesmujer.org\/sitio\/wp-json\/wp\/v2\/types\/page"}],"author":[{"embeddable":true,"href":"https:\/\/www.gesmujer.org\/sitio\/wp-json\/wp\/v2\/users\/4"}],"replies":[{"embeddable":true,"href":"https:\/\/www.gesmujer.org\/sitio\/wp-json\/wp\/v2\/comments?post=3365"}],"version-history":[{"count":35,"href":"https:\/\/www.gesmujer.org\/sitio\/wp-json\/wp\/v2\/pages\/3365\/revisions"}],"predecessor-version":[{"id":6816,"href":"https:\/\/www.gesmujer.org\/sitio\/wp-json\/wp\/v2\/pages\/3365\/revisions\/6816"}],"wp:attachment":[{"href":"https:\/\/www.gesmujer.org\/sitio\/wp-json\/wp\/v2\/media?parent=3365"}],"curies":[{"name":"wp","href":"https:\/\/api.w.org\/{rel}","templated":true}]}}