{"id":40,"date":"2014-01-24T20:59:10","date_gmt":"2014-01-24T20:59:10","guid":{"rendered":"http:\/\/www.gesmujer.org\/sitio\/?page_id=40"},"modified":"2020-03-26T14:09:16","modified_gmt":"2020-03-26T20:09:16","slug":"casa-de-la-mujer","status":"publish","type":"page","link":"https:\/\/www.gesmujer.org\/sitio\/casa-de-la-mujer\/","title":{"rendered":"CASA DE LA MUJER"},"content":{"rendered":"<h5>Profesionistas especializadas en los diferentes tipos de violencia, brindan asesor\u00eda psicol\u00f3gica y asesor\u00eda legal, para que las mujeres, conociendo sus derechos, tomen decisiones libres e informadas sobre sus vidas, con lo que contribuimos a la atenci\u00f3n de casos de violencia familiar y violencia de g\u00e9nero, as\u00ed como en el ejercicio de sus derechos a obtener pensiones alimenticias, guarda y custodia de sus hijas o hijos, adopci\u00f3n, divorcios voluntarios y necesarios entre otros.<\/h5>\n<table>\n<tbody>\n<tr>\n<td style=\"text-align: center;\" colspan=\"2\">\n<h1>ASESOR\u00cdA LEGAL<\/h1>\n<\/td>\n<\/tr>\n<tr>\n<td class=\"ttx\">Orientamos y atendemos problemas tanto de violencia de g\u00e9nero como de derecho familiar (como actas de registro civil, convenios y pensiones alimenticias, adopci\u00f3n y divorcios).<\/td>\n<td><a href=\"https:\/\/www.gesmujer.org\/web\/wp-content\/uploads\/2020\/03\/PSX_20190425_1524491-scaled.jpg\"><img fetchpriority=\"high\" decoding=\"async\" class=\"aligncenter size-large wp-image-5368\" src=\"https:\/\/www.gesmujer.org\/web\/wp-content\/uploads\/2020\/03\/PSX_20190425_1524491-1024x683.jpg\" alt=\"\" width=\"1020\" height=\"680\" srcset=\"https:\/\/www.gesmujer.org\/sitio\/wp-content\/uploads\/2020\/03\/PSX_20190425_1524491-1024x683.jpg 1024w, https:\/\/www.gesmujer.org\/sitio\/wp-content\/uploads\/2020\/03\/PSX_20190425_1524491-scaled-1080x720.jpg 1080w, https:\/\/www.gesmujer.org\/sitio\/wp-content\/uploads\/2020\/03\/PSX_20190425_1524491-300x200.jpg 300w, https:\/\/www.gesmujer.org\/sitio\/wp-content\/uploads\/2020\/03\/PSX_20190425_1524491-768x512.jpg 768w, https:\/\/www.gesmujer.org\/sitio\/wp-content\/uploads\/2020\/03\/PSX_20190425_1524491-1536x1024.jpg 1536w, https:\/\/www.gesmujer.org\/sitio\/wp-content\/uploads\/2020\/03\/PSX_20190425_1524491-2048x1365.jpg 2048w, https:\/\/www.gesmujer.org\/sitio\/wp-content\/uploads\/2020\/03\/PSX_20190425_1524491-450x300.jpg 450w, https:\/\/www.gesmujer.org\/sitio\/wp-content\/uploads\/2020\/03\/PSX_20190425_1524491-90x60.jpg 90w\" sizes=\"(max-width: 1020px) 100vw, 1020px\" \/><\/a><\/td>\n<\/tr>\n<tr>\n<td style=\"text-align: center;\" colspan=\"2\">\n<h1 style=\"text-align: center;\">ASESOR\u00cdA PSICOL\u00d3GICA<\/h1>\n<\/td>\n<\/tr>\n<tr>\n<td><a href=\"https:\/\/www.gesmujer.org\/web\/wp-content\/uploads\/2020\/03\/PSX_20190425_1532441-scaled.jpg\"><img decoding=\"async\" class=\"aligncenter size-large wp-image-5370\" src=\"https:\/\/www.gesmujer.org\/web\/wp-content\/uploads\/2020\/03\/PSX_20190425_1532441-1024x683.jpg\" alt=\"\" width=\"1020\" height=\"680\" srcset=\"https:\/\/www.gesmujer.org\/sitio\/wp-content\/uploads\/2020\/03\/PSX_20190425_1532441-1024x683.jpg 1024w, https:\/\/www.gesmujer.org\/sitio\/wp-content\/uploads\/2020\/03\/PSX_20190425_1532441-scaled-1080x720.jpg 1080w, https:\/\/www.gesmujer.org\/sitio\/wp-content\/uploads\/2020\/03\/PSX_20190425_1532441-300x200.jpg 300w, https:\/\/www.gesmujer.org\/sitio\/wp-content\/uploads\/2020\/03\/PSX_20190425_1532441-768x512.jpg 768w, https:\/\/www.gesmujer.org\/sitio\/wp-content\/uploads\/2020\/03\/PSX_20190425_1532441-1536x1024.jpg 1536w, https:\/\/www.gesmujer.org\/sitio\/wp-content\/uploads\/2020\/03\/PSX_20190425_1532441-2048x1365.jpg 2048w, https:\/\/www.gesmujer.org\/sitio\/wp-content\/uploads\/2020\/03\/PSX_20190425_1532441-450x300.jpg 450w, https:\/\/www.gesmujer.org\/sitio\/wp-content\/uploads\/2020\/03\/PSX_20190425_1532441-90x60.jpg 90w\" sizes=\"(max-width: 1020px) 100vw, 1020px\" \/><\/a><\/td>\n<td class=\"ttx\">Fortalecemos y favorecemos el desarrollo emocional de mujeres, ni\u00f1as y ni\u00f1os a trav\u00e9s de asesor\u00eda psicol\u00f3gica individual o en grupos.<br \/>\nLa mayor parte de los casos est\u00e1n relacionados con situaciones de violencia en sus diversas modalidades y tipos. La cuota de recuperaci\u00f3n de las consultas se hace de acuerdo a las posibilidades econ\u00f3micas.<\/td>\n<\/tr>\n<tr>\n<td style=\"text-align: center;\" colspan=\"2\">\n<h1 style=\"text-align: center;\">TALLERES Y PL\u00c1TICAS<\/h1>\n<\/td>\n<\/tr>\n<tr>\n<td class=\"ttx\">Brindamos talleres de sensibilizaci\u00f3n, capacitaci\u00f3n y ense\u00f1anza, como una alternativa para promover la equidad de g\u00e9nero, los derechos humanos, as\u00ed como la prevenci\u00f3n y cuidados de: La salud sexual y reproductiva, la violencia intrafamiliar, el abuso sexual infantil, tambi\u00e9n abrimos el espacio para la realizaci\u00f3n de actividades y talleres de organizaciones afines a nuestra misi\u00f3n.<\/td>\n<td><a href=\"https:\/\/www.gesmujer.org\/web\/wp-content\/uploads\/2020\/03\/thumbnail_PSX_20190515_1539141.jpg\"><img decoding=\"async\" class=\"aligncenter size-large wp-image-5373\" src=\"https:\/\/www.gesmujer.org\/web\/wp-content\/uploads\/2020\/03\/thumbnail_PSX_20190515_1539141-1024x381.jpg\" alt=\"\" width=\"1020\" height=\"380\" srcset=\"https:\/\/www.gesmujer.org\/sitio\/wp-content\/uploads\/2020\/03\/thumbnail_PSX_20190515_1539141-1024x381.jpg 1024w, https:\/\/www.gesmujer.org\/sitio\/wp-content\/uploads\/2020\/03\/thumbnail_PSX_20190515_1539141-1080x402.jpg 1080w, https:\/\/www.gesmujer.org\/sitio\/wp-content\/uploads\/2020\/03\/thumbnail_PSX_20190515_1539141-300x112.jpg 300w, https:\/\/www.gesmujer.org\/sitio\/wp-content\/uploads\/2020\/03\/thumbnail_PSX_20190515_1539141-768x286.jpg 768w, https:\/\/www.gesmujer.org\/sitio\/wp-content\/uploads\/2020\/03\/thumbnail_PSX_20190515_1539141-161x60.jpg 161w, https:\/\/www.gesmujer.org\/sitio\/wp-content\/uploads\/2020\/03\/thumbnail_PSX_20190515_1539141.jpg 1280w\" sizes=\"(max-width: 1020px) 100vw, 1020px\" \/><\/a><\/td>\n<\/tr>\n<tr>\n<td style=\"text-align: center;\" colspan=\"2\">\n<h1 style=\"text-align: center;\">CENTRO DE DOCUMENTACI\u00d3N<\/h1>\n<\/td>\n<\/tr>\n<tr>\n<td><a href=\"https:\/\/www.gesmujer.org\/web\/wp-content\/uploads\/2020\/03\/PSX_20190424_1556401-scaled.jpg\"><img loading=\"lazy\" decoding=\"async\" class=\"aligncenter size-large wp-image-5371\" src=\"https:\/\/www.gesmujer.org\/web\/wp-content\/uploads\/2020\/03\/PSX_20190424_1556401-1024x683.jpg\" alt=\"\" width=\"1020\" height=\"680\" srcset=\"https:\/\/www.gesmujer.org\/sitio\/wp-content\/uploads\/2020\/03\/PSX_20190424_1556401-1024x683.jpg 1024w, https:\/\/www.gesmujer.org\/sitio\/wp-content\/uploads\/2020\/03\/PSX_20190424_1556401-scaled-1080x720.jpg 1080w, https:\/\/www.gesmujer.org\/sitio\/wp-content\/uploads\/2020\/03\/PSX_20190424_1556401-300x200.jpg 300w, https:\/\/www.gesmujer.org\/sitio\/wp-content\/uploads\/2020\/03\/PSX_20190424_1556401-768x512.jpg 768w, https:\/\/www.gesmujer.org\/sitio\/wp-content\/uploads\/2020\/03\/PSX_20190424_1556401-1536x1024.jpg 1536w, https:\/\/www.gesmujer.org\/sitio\/wp-content\/uploads\/2020\/03\/PSX_20190424_1556401-2048x1365.jpg 2048w, https:\/\/www.gesmujer.org\/sitio\/wp-content\/uploads\/2020\/03\/PSX_20190424_1556401-450x300.jpg 450w, https:\/\/www.gesmujer.org\/sitio\/wp-content\/uploads\/2020\/03\/PSX_20190424_1556401-90x60.jpg 90w\" sizes=\"(max-width: 1020px) 100vw, 1020px\" \/><\/a><\/td>\n<td class=\"ttx\">Lo fundamos en 1991, como parte del Proyecto Casa de la Mujer ante la necesidad de dar a conocer y facilitar a la comunidad oaxaque\u00f1a informaci\u00f3n de los cambios, movimientos, participaci\u00f3n e historia de las mujeres dentro de nuestra sociedad.<\/td>\n<\/tr>\n<\/tbody>\n<\/table>\n","protected":false},"excerpt":{"rendered":"<p>Profesionistas especializadas en los diferentes tipos de violencia, brindan asesor\u00eda psicol\u00f3gica y asesor\u00eda legal, para que las mujeres, conociendo sus derechos, tomen decisiones libres e informadas sobre sus vidas, con lo que contribuimos a la atenci\u00f3n de casos de violencia familiar y violencia de g\u00e9nero, as\u00ed como en el ejercicio de sus derechos a obtener [&hellip;]<\/p>\n","protected":false},"author":4,"featured_media":0,"parent":0,"menu_order":0,"comment_status":"closed","ping_status":"closed","template":"","meta":{"give_campaign_id":0,"footnotes":""},"class_list":["post-40","page","type-page","status-publish","hentry"],"yoast_head":"<!-- This site is optimized with the Yoast SEO plugin v27.4 - https:\/\/yoast.com\/product\/yoast-seo-wordpress\/ -->\n<title>CASA DE LA MUJER - GESMujer &quot;Rosario Castellanos&quot;<\/title>\n<meta name=\"robots\" content=\"index, follow, max-snippet:-1, max-image-preview:large, max-video-preview:-1\" \/>\n<link rel=\"canonical\" href=\"https:\/\/www.gesmujer.org\/sitio\/casa-de-la-mujer\/\" \/>\n<meta property=\"og:locale\" content=\"es_MX\" \/>\n<meta property=\"og:type\" content=\"article\" \/>\n<meta property=\"og:title\" content=\"CASA DE LA MUJER - GESMujer &quot;Rosario Castellanos&quot;\" \/>\n<meta property=\"og:description\" content=\"Profesionistas especializadas en los diferentes tipos de violencia, brindan asesor\u00eda psicol\u00f3gica y asesor\u00eda legal, para que las mujeres, conociendo sus derechos, tomen decisiones libres e informadas sobre sus vidas, con lo que contribuimos a la atenci\u00f3n de casos de violencia familiar y violencia de g\u00e9nero, as\u00ed como en el ejercicio de sus derechos a obtener [&hellip;]\" \/>\n<meta property=\"og:url\" content=\"https:\/\/www.gesmujer.org\/sitio\/casa-de-la-mujer\/\" \/>\n<meta property=\"og:site_name\" content=\"GESMujer &quot;Rosario Castellanos&quot;\" \/>\n<meta property=\"article:publisher\" content=\"https:\/\/www.facebook.com\/gesmujer.rosario.castellanos.ac\" \/>\n<meta property=\"article:modified_time\" content=\"2020-03-26T20:09:16+00:00\" \/>\n<meta property=\"og:image\" content=\"https:\/\/www.gesmujer.org\/web\/wp-content\/uploads\/2020\/03\/PSX_20190425_1524491-1024x683.jpg\" \/>\n<meta name=\"twitter:card\" content=\"summary_large_image\" \/>\n<meta name=\"twitter:site\" content=\"@GES_Mujer\" \/>\n<meta name=\"twitter:label1\" content=\"Tiempo de lectura\" \/>\n\t<meta name=\"twitter:data1\" content=\"1 minuto\" \/>\n<script type=\"application\/ld+json\" class=\"yoast-schema-graph\">{\"@context\":\"https:\\\/\\\/schema.org\",\"@graph\":[{\"@type\":\"WebPage\",\"@id\":\"https:\\\/\\\/www.gesmujer.org\\\/sitio\\\/casa-de-la-mujer\\\/\",\"url\":\"https:\\\/\\\/www.gesmujer.org\\\/sitio\\\/casa-de-la-mujer\\\/\",\"name\":\"CASA DE LA MUJER - GESMujer &quot;Rosario Castellanos&quot;\",\"isPartOf\":{\"@id\":\"https:\\\/\\\/www.gesmujer.org\\\/sitio\\\/#website\"},\"primaryImageOfPage\":{\"@id\":\"https:\\\/\\\/www.gesmujer.org\\\/sitio\\\/casa-de-la-mujer\\\/#primaryimage\"},\"image\":{\"@id\":\"https:\\\/\\\/www.gesmujer.org\\\/sitio\\\/casa-de-la-mujer\\\/#primaryimage\"},\"thumbnailUrl\":\"https:\\\/\\\/www.gesmujer.org\\\/web\\\/wp-content\\\/uploads\\\/2020\\\/03\\\/PSX_20190425_1524491-1024x683.jpg\",\"datePublished\":\"2014-01-24T20:59:10+00:00\",\"dateModified\":\"2020-03-26T20:09:16+00:00\",\"breadcrumb\":{\"@id\":\"https:\\\/\\\/www.gesmujer.org\\\/sitio\\\/casa-de-la-mujer\\\/#breadcrumb\"},\"inLanguage\":\"es\",\"potentialAction\":[{\"@type\":\"ReadAction\",\"target\":[\"https:\\\/\\\/www.gesmujer.org\\\/sitio\\\/casa-de-la-mujer\\\/\"]}]},{\"@type\":\"ImageObject\",\"inLanguage\":\"es\",\"@id\":\"https:\\\/\\\/www.gesmujer.org\\\/sitio\\\/casa-de-la-mujer\\\/#primaryimage\",\"url\":\"https:\\\/\\\/www.gesmujer.org\\\/web\\\/wp-content\\\/uploads\\\/2020\\\/03\\\/PSX_20190425_1524491-1024x683.jpg\",\"contentUrl\":\"https:\\\/\\\/www.gesmujer.org\\\/web\\\/wp-content\\\/uploads\\\/2020\\\/03\\\/PSX_20190425_1524491-1024x683.jpg\"},{\"@type\":\"BreadcrumbList\",\"@id\":\"https:\\\/\\\/www.gesmujer.org\\\/sitio\\\/casa-de-la-mujer\\\/#breadcrumb\",\"itemListElement\":[{\"@type\":\"ListItem\",\"position\":1,\"name\":\"Home\",\"item\":\"https:\\\/\\\/www.gesmujer.org\\\/sitio\\\/\"},{\"@type\":\"ListItem\",\"position\":2,\"name\":\"CASA DE LA MUJER\"}]},{\"@type\":\"WebSite\",\"@id\":\"https:\\\/\\\/www.gesmujer.org\\\/sitio\\\/#website\",\"url\":\"https:\\\/\\\/www.gesmujer.org\\\/sitio\\\/\",\"name\":\"GESMujer \\\"Rosario Castellanos\\\"\",\"description\":\"M\u00e1s de 45 a\u00f1os ha llevado a cabo acciones para erradicar la violencia de g\u00e9nero y construir entornos donde las mujeres encuentren su resiliencia, incrementen su agencia y autonom\u00eda que les permita lograr su empoderamiento a trav\u00e9s de cinco l\u00edneas de acci\u00f3n.\",\"publisher\":{\"@id\":\"https:\\\/\\\/www.gesmujer.org\\\/sitio\\\/#organization\"},\"alternateName\":\"GESMujer\",\"potentialAction\":[{\"@type\":\"SearchAction\",\"target\":{\"@type\":\"EntryPoint\",\"urlTemplate\":\"https:\\\/\\\/www.gesmujer.org\\\/sitio\\\/?s={search_term_string}\"},\"query-input\":{\"@type\":\"PropertyValueSpecification\",\"valueRequired\":true,\"valueName\":\"search_term_string\"}}],\"inLanguage\":\"es\"},{\"@type\":\"Organization\",\"@id\":\"https:\\\/\\\/www.gesmujer.org\\\/sitio\\\/#organization\",\"name\":\"Grupo de estudios sobre la mujer Rosario Castellanos ac\",\"alternateName\":\"GESMujer\",\"url\":\"https:\\\/\\\/www.gesmujer.org\\\/sitio\\\/\",\"logo\":{\"@type\":\"ImageObject\",\"inLanguage\":\"es\",\"@id\":\"https:\\\/\\\/www.gesmujer.org\\\/sitio\\\/#\\\/schema\\\/logo\\\/image\\\/\",\"url\":\"https:\\\/\\\/www.gesmujer.org\\\/sitio\\\/wp-content\\\/uploads\\\/2026\\\/03\\\/Logo-GESMujer-300.png\",\"contentUrl\":\"https:\\\/\\\/www.gesmujer.org\\\/sitio\\\/wp-content\\\/uploads\\\/2026\\\/03\\\/Logo-GESMujer-300.png\",\"width\":300,\"height\":141,\"caption\":\"Grupo de estudios sobre la mujer Rosario Castellanos ac\"},\"image\":{\"@id\":\"https:\\\/\\\/www.gesmujer.org\\\/sitio\\\/#\\\/schema\\\/logo\\\/image\\\/\"},\"sameAs\":[\"https:\\\/\\\/www.facebook.com\\\/gesmujer.rosario.castellanos.ac\",\"https:\\\/\\\/x.com\\\/GES_Mujer\",\"https:\\\/\\\/www.instagram.com\\\/ges_mujer\\\/?hl=es\",\"https:\\\/\\\/www.youtube.com\\\/c\\\/GESMujerRosarioCastellanos\\\/videos\",\"https:\\\/\\\/soundcloud.com\\\/gesmujerac\",\"https:\\\/\\\/www.tiktok.com\\\/@gesmujer\"]}]}<\/script>\n<!-- \/ Yoast SEO plugin. -->","yoast_head_json":{"title":"CASA DE LA MUJER - GESMujer &quot;Rosario Castellanos&quot;","robots":{"index":"index","follow":"follow","max-snippet":"max-snippet:-1","max-image-preview":"max-image-preview:large","max-video-preview":"max-video-preview:-1"},"canonical":"https:\/\/www.gesmujer.org\/sitio\/casa-de-la-mujer\/","og_locale":"es_MX","og_type":"article","og_title":"CASA DE LA MUJER - GESMujer &quot;Rosario Castellanos&quot;","og_description":"Profesionistas especializadas en los diferentes tipos de violencia, brindan asesor\u00eda psicol\u00f3gica y asesor\u00eda legal, para que las mujeres, conociendo sus derechos, tomen decisiones libres e informadas sobre sus vidas, con lo que contribuimos a la atenci\u00f3n de casos de violencia familiar y violencia de g\u00e9nero, as\u00ed como en el ejercicio de sus derechos a obtener [&hellip;]","og_url":"https:\/\/www.gesmujer.org\/sitio\/casa-de-la-mujer\/","og_site_name":"GESMujer &quot;Rosario Castellanos&quot;","article_publisher":"https:\/\/www.facebook.com\/gesmujer.rosario.castellanos.ac","article_modified_time":"2020-03-26T20:09:16+00:00","og_image":[{"url":"https:\/\/www.gesmujer.org\/web\/wp-content\/uploads\/2020\/03\/PSX_20190425_1524491-1024x683.jpg","type":"","width":"","height":""}],"twitter_card":"summary_large_image","twitter_site":"@GES_Mujer","twitter_misc":{"Tiempo de lectura":"1 minuto"},"schema":{"@context":"https:\/\/schema.org","@graph":[{"@type":"WebPage","@id":"https:\/\/www.gesmujer.org\/sitio\/casa-de-la-mujer\/","url":"https:\/\/www.gesmujer.org\/sitio\/casa-de-la-mujer\/","name":"CASA DE LA MUJER - GESMujer &quot;Rosario Castellanos&quot;","isPartOf":{"@id":"https:\/\/www.gesmujer.org\/sitio\/#website"},"primaryImageOfPage":{"@id":"https:\/\/www.gesmujer.org\/sitio\/casa-de-la-mujer\/#primaryimage"},"image":{"@id":"https:\/\/www.gesmujer.org\/sitio\/casa-de-la-mujer\/#primaryimage"},"thumbnailUrl":"https:\/\/www.gesmujer.org\/web\/wp-content\/uploads\/2020\/03\/PSX_20190425_1524491-1024x683.jpg","datePublished":"2014-01-24T20:59:10+00:00","dateModified":"2020-03-26T20:09:16+00:00","breadcrumb":{"@id":"https:\/\/www.gesmujer.org\/sitio\/casa-de-la-mujer\/#breadcrumb"},"inLanguage":"es","potentialAction":[{"@type":"ReadAction","target":["https:\/\/www.gesmujer.org\/sitio\/casa-de-la-mujer\/"]}]},{"@type":"ImageObject","inLanguage":"es","@id":"https:\/\/www.gesmujer.org\/sitio\/casa-de-la-mujer\/#primaryimage","url":"https:\/\/www.gesmujer.org\/web\/wp-content\/uploads\/2020\/03\/PSX_20190425_1524491-1024x683.jpg","contentUrl":"https:\/\/www.gesmujer.org\/web\/wp-content\/uploads\/2020\/03\/PSX_20190425_1524491-1024x683.jpg"},{"@type":"BreadcrumbList","@id":"https:\/\/www.gesmujer.org\/sitio\/casa-de-la-mujer\/#breadcrumb","itemListElement":[{"@type":"ListItem","position":1,"name":"Home","item":"https:\/\/www.gesmujer.org\/sitio\/"},{"@type":"ListItem","position":2,"name":"CASA DE LA MUJER"}]},{"@type":"WebSite","@id":"https:\/\/www.gesmujer.org\/sitio\/#website","url":"https:\/\/www.gesmujer.org\/sitio\/","name":"GESMujer \"Rosario Castellanos\"","description":"M\u00e1s de 45 a\u00f1os ha llevado a cabo acciones para erradicar la violencia de g\u00e9nero y construir entornos donde las mujeres encuentren su resiliencia, incrementen su agencia y autonom\u00eda que les permita lograr su empoderamiento a trav\u00e9s de cinco l\u00edneas de acci\u00f3n.","publisher":{"@id":"https:\/\/www.gesmujer.org\/sitio\/#organization"},"alternateName":"GESMujer","potentialAction":[{"@type":"SearchAction","target":{"@type":"EntryPoint","urlTemplate":"https:\/\/www.gesmujer.org\/sitio\/?s={search_term_string}"},"query-input":{"@type":"PropertyValueSpecification","valueRequired":true,"valueName":"search_term_string"}}],"inLanguage":"es"},{"@type":"Organization","@id":"https:\/\/www.gesmujer.org\/sitio\/#organization","name":"Grupo de estudios sobre la mujer Rosario Castellanos ac","alternateName":"GESMujer","url":"https:\/\/www.gesmujer.org\/sitio\/","logo":{"@type":"ImageObject","inLanguage":"es","@id":"https:\/\/www.gesmujer.org\/sitio\/#\/schema\/logo\/image\/","url":"https:\/\/www.gesmujer.org\/sitio\/wp-content\/uploads\/2026\/03\/Logo-GESMujer-300.png","contentUrl":"https:\/\/www.gesmujer.org\/sitio\/wp-content\/uploads\/2026\/03\/Logo-GESMujer-300.png","width":300,"height":141,"caption":"Grupo de estudios sobre la mujer Rosario Castellanos ac"},"image":{"@id":"https:\/\/www.gesmujer.org\/sitio\/#\/schema\/logo\/image\/"},"sameAs":["https:\/\/www.facebook.com\/gesmujer.rosario.castellanos.ac","https:\/\/x.com\/GES_Mujer","https:\/\/www.instagram.com\/ges_mujer\/?hl=es","https:\/\/www.youtube.com\/c\/GESMujerRosarioCastellanos\/videos","https:\/\/soundcloud.com\/gesmujerac","https:\/\/www.tiktok.com\/@gesmujer"]}]}},"campaignId":"","_links":{"self":[{"href":"https:\/\/www.gesmujer.org\/sitio\/wp-json\/wp\/v2\/pages\/40","targetHints":{"allow":["GET"]}}],"collection":[{"href":"https:\/\/www.gesmujer.org\/sitio\/wp-json\/wp\/v2\/pages"}],"about":[{"href":"https:\/\/www.gesmujer.org\/sitio\/wp-json\/wp\/v2\/types\/page"}],"author":[{"embeddable":true,"href":"https:\/\/www.gesmujer.org\/sitio\/wp-json\/wp\/v2\/users\/4"}],"replies":[{"embeddable":true,"href":"https:\/\/www.gesmujer.org\/sitio\/wp-json\/wp\/v2\/comments?post=40"}],"version-history":[{"count":16,"href":"https:\/\/www.gesmujer.org\/sitio\/wp-json\/wp\/v2\/pages\/40\/revisions"}],"predecessor-version":[{"id":5374,"href":"https:\/\/www.gesmujer.org\/sitio\/wp-json\/wp\/v2\/pages\/40\/revisions\/5374"}],"wp:attachment":[{"href":"https:\/\/www.gesmujer.org\/sitio\/wp-json\/wp\/v2\/media?parent=40"}],"curies":[{"name":"wp","href":"https:\/\/api.w.org\/{rel}","templated":true}]}}